Report for HTML-TableExtract-2.10

Back
From: metabase:user:320bfe00-2aae-11df-837a-5e0a49663a4f
Subject: FAIL HTML-TableExtract-2.10 v5.15.0 GNU/Linux
Date: 2011-06-12T07:30:51Z

This distribution has been tested as part of the CPAN Testers
project, supporting the Perl programming language.  See
http://wiki.cpantesters.org/ for more information or email
questions to cpan-testers-discuss@perl.org


--
Dear Matt Sisk,

This is a computer-generated report for HTML-TableExtract-2.10
on perl 5.15.0, created by CPAN-Reporter-1.1902.

Thank you for uploading your work to CPAN.  However, there was a problem
testing your distribution.

If you think this report is invalid, please consult the CPAN Testers Wiki
for suggestions on how to avoid getting FAIL reports for missing library
or binary dependencies, unsupported operating systems, and so on:

http://wiki.cpantesters.org/wiki/CPANAuthorNotes

Sections of this report:

    * Tester comments
    * Program output
    * Prerequisites
    * Environment and other context

------------------------------
TESTER COMMENTS
------------------------------

Additional comments from tester:

none provided

------------------------------
PROGRAM OUTPUT
------------------------------

Output from '/usr/bin/make test':

make[1]: Entering directory `/home/sand/.cpan/build/HTML-TableExtract-2.10-lOqb49'
PERL_DL_NONLAZY=1 /home/sand/src/perl/repoperls/installed-perls/perl/v5.14.0-446-g285bb66/2b65/bin/perl "-MExtUtils::Command::MM" "-e" "test_harness(0, 'blib/lib', 'blib/arch')" t/*.t
t/00_basic.t ......... ok
t/01_pod.t ........... ok
t/02_pod_coverage.t .. ok
t/10_bulk.t .......... ok
t/11_count.t ......... ok
t/12_depth.t ......... ok
t/13_attrib.t ........ ok
t/14_headers.t ....... ok
t/15_depth_count.t ... ok
t/16_subtable.t ...... ok
Use of uninitialized value $got in string eq at (eval in cmp_ok) t/20_skew.t line 53.
Use of uninitialized value $expect in string eq at (eval in cmp_ok) t/20_skew.t line 53.
Use of uninitialized value $got in string eq at (eval in cmp_ok) t/20_skew.t line 53.
Use of uninitialized value $expect in string eq at (eval in cmp_ok) t/20_skew.t line 53.
t/20_skew.t .......... ok
t/21_skew_map.t ...... ok
t/22_header_row.t .... ok
Possible attempt to separate words with commas at t/30_tree.t line 57.

#   Failed test 'mass html comp'
#   at t/30_tree.t line 52.
#          got: '<html><head><title>gnarly table</title></head><body><table border="1"><tr><td colspan="4" rowspan="1">(0,0) [1,4]</td><td colspan="4" rowspan="2">(0,1) [2,4]</td></tr><tr><td colspan="1" rowspan="2">(1,0) [2,1]</td><td colspan="1" rowspan="1">(1,1) [1,1]</td><td colspan="2" rowspan="1">(1,2) [1,2]</td></tr><tr><td colspan="4" rowspan="2">(2,0) [2,4]</td><td colspan="2" rowspan="2">(2,1) [2,2]</td><td colspan="1" rowspan="1">(2,2) [1,1]</td></tr><tr><td colspan="1" rowspan="1">(3,0) [1,1]</td><td colspan="1" rowspan="1">(3,1) [1,1]</td></tr><tr><td colspan="2" rowspan="3">(4,0) [3,2]</td><td colspan="1" rowspan="1">(4,1) [1,1]</td><td colspan="1" rowspan="3">(4,2) [3,1]</td><td colspan="4" rowspan="4">(4,3) [4,4]</td></tr><tr><td colspan="1" rowspan="1">(5,0) [1,1]</td></tr><tr><td colspan="1" rowspan="1">(6,0) [1,1]</td></tr><tr><td colspan="4" rowspan="1">(7,0) [1,4]</td></tr></table></body></html>'
#     expected: '<html><head><title>gnarly table</title></head><body><table border=1><tr><td colspan=4 rowspan=1>(0,0) [1,4]</td><td colspan=4 rowspan=2>(0,1) [2,4]</td></tr><tr><td colspan=1 rowspan=2>(1,0) [2,1]</td><td colspan=1 rowspan=1>(1,1) [1,1]</td><td colspan=2 rowspan=1>(1,2) [1,2]</td></tr><tr><td colspan=4 rowspan=2>(2,0) [2,4]</td><td colspan=2 rowspan=2>(2,1) [2,2]</td><td colspan=1 rowspan=1>(2,2) [1,1]</td></tr><tr><td colspan=1 rowspan=1>(3,0) [1,1]</td><td colspan=1 rowspan=1>(3,1) [1,1]</td></tr><tr><td colspan=2 rowspan=3>(4,0) [3,2]</td><td colspan=1 rowspan=1>(4,1) [1,1]</td><td colspan=1 rowspan=3>(4,2) [3,1]</td><td colspan=4 rowspan=4>(4,3) [4,4]</td></tr><tr><td colspan=1 rowspan=1>(5,0) [1,1]</td></tr><tr><td colspan=1 rowspan=1>(6,0) [1,1]</td></tr><tr><td colspan=4 rowspan=1>(7,0) [1,4]</td></tr></table></body></html>'
# Looks like you failed 1 test of 126.
t/30_tree.t .......... 
Dubious, test returned 1 (wstat 256, 0x100)
Failed 1/126 subtests 

Test Summary Report
-------------------
t/30_tree.t        (Wstat: 256 Tests: 126 Failed: 1)
  Failed test:  65
  Non-zero exit status: 1
Files=14, Tests=2615,  3 wallclock secs ( 0.26 usr  0.04 sys +  1.51 cusr  0.10 csys =  1.91 CPU)
Result: FAIL
Failed 1/14 test programs. 1/2615 subtests failed.
make[1]: *** [test_dynamic] Error 1
make[1]: Leaving directory `/home/sand/.cpan/build/HTML-TableExtract-2.10-lOqb49'

------------------------------
PREREQUISITES
------------------------------

Prerequisite modules loaded:

requires:

    Module              Need Have   
    ------------------- ---- -------
    HTML::ElementTable  1.16 1.18   
    HTML::Parser        0    3.68   

build_requires:

    Module              Need Have   
    ------------------- ---- -------
    ExtUtils::MakeMaker 0    6.57_05


------------------------------
ENVIRONMENT AND OTHER CONTEXT
------------------------------

Environment variables:

    LANG = en_US.UTF-8
    LANGUAGE = en_US:en
    PATH = /usr/lib/ccache:/home/sand/bin:/usr/local/bin:/usr/bin:/bin:/usr/bin/X11:/usr/games:/usr/local/perl/bin:/usr/X11/bin:/sbin:/usr/sbin
    PERL5LIB = 
    PERL5OPT = 
    PERL5_CPANPLUS_IS_RUNNING = 10661
    PERL5_CPAN_IS_RUNNING = 10661
    SHELL = /usr/bin/zsh
    TERM = screen

Perl special variables (and OS-specific diagnostics, for MSWin32):

    $^X = /home/sand/src/perl/repoperls/installed-perls/perl/v5.14.0-446-g285bb66/2b65/bin/perl
    $UID/$EUID = 1001 / 1001
    $GID = 1001 1001
    $EGID = 1001 1001

Perl module toolchain versions installed:

    Module              Have    
    ------------------- --------
    CPAN                1.9600  
    Cwd                 3.36    
    ExtUtils::CBuilder  0.280204
    ExtUtils::Command   1.17    
    ExtUtils::Install   1.56    
    ExtUtils::MakeMaker 6.57_05 
    ExtUtils::Manifest  1.58    
    ExtUtils::ParseXS   2.2210  
    File::Spec          3.33    
    Module::Build       0.3800  
    Module::Signature   0.68    
    Test::Harness       3.23    
    Test::More          0.98    
    YAML                0.73    
    YAML::Syck          1.17    
    version             0.91    


--

Summary of my perl5 (revision 5 version 15 subversion 0) configuration:
  Commit id: 285bb66625cdbcfbe131a906530935c1a1dfbd93
  Platform:
    osname=linux, osvers=2.6.38-2-amd64, archname=x86_64-linux-ld
    uname='linux k81 2.6.38-2-amd64 #1 smp sun may 8 13:51:57 utc 2011 x86_64 gnulinux '
    config_args='-Dprefix=/home/src/perl/repoperls/installed-perls/perl/v5.14.0-446-g285bb66/2b65 -Dinstallusrbinperl=n -Uversiononly -Dusedevel -des -Ui_db -Uuseithreads -Duselongdouble -DDEBUGGING=-g'
    hint=recommended, useposix=true, d_sigaction=define
    useithreads=undef, usemultiplicity=undef
    useperlio=define, d_sfio=undef, uselargefiles=define, usesocks=undef
    use64bitint=define, use64bitall=define, uselongdouble=define
    usemymalloc=n, bincompat5005=undef
  Compiler:
    cc='cc', ccflags ='-fno-strict-aliasing -pipe -fstack-protector -I/usr/local/include -D_LARGEFILE_SOURCE -D_FILE_OFFSET_BITS=64',
    optimize='-O2 -g',
    cppflags='-fno-strict-aliasing -pipe -fstack-protector -I/usr/local/include'
    ccversion='', gccversion='4.6.1 20110526 (prerelease)', gccosandvers=''
    intsize=4, longsize=8, ptrsize=8, doublesize=8, byteorder=12345678
    d_longlong=define, longlongsize=8, d_longdbl=define, longdblsize=16
    ivtype='long', ivsize=8, nvtype='long double', nvsize=16, Off_t='off_t', lseeksize=8
    alignbytes=16, prototype=define
  Linker and Libraries:
    ld='cc', ldflags =' -fstack-protector -L/usr/local/lib'
    libpth=/usr/local/lib /lib/../lib /usr/lib/../lib /lib /usr/lib /usr/lib/x86_64-linux-gnu /lib64 /usr/lib64
    libs=-lnsl -ldb -ldl -lm -lcrypt -lutil -lc
    perllibs=-lnsl -ldl -lm -lcrypt -lutil -lc
    libc=/lib/libc-2.13.so, so=so, useshrplib=false, libperl=libperl.a
    gnulibc_version='2.13'
  Dynamic Linking:
    dlsrc=dl_dlopen.xs, dlext=so, d_dlsymun=undef, ccdlflags='-Wl,-E'
    cccdlflags='-fPIC', lddlflags='-shared -O2 -g -L/usr/local/lib -fstack-protector'


Characteristics of this binary (from libperl): 
  Compile-time options: PERL_DONT_CREATE_GVSV PERL_MALLOC_WRAP
                        PERL_PRESERVE_IVUV PERL_USE_DEVEL USE_64_BIT_ALL
                        USE_64_BIT_INT USE_LARGE_FILES USE_LOCALE
                        USE_LOCALE_COLLATE USE_LOCALE_CTYPE
                        USE_LOCALE_NUMERIC USE_LONG_DOUBLE USE_PERLIO
                        USE_PERL_ATOF
  Built under linux
  Compiled at Jun 10 2011 05:08:44
  %ENV:
    PERL5LIB=""
    PERL5OPT=""
    PERL5_CPANPLUS_IS_RUNNING="10661"
    PERL5_CPAN_IS_RUNNING="10661"
  @INC:
    /home/src/perl/repoperls/installed-perls/perl/v5.14.0-446-g285bb66/2b65/lib/site_perl/5.15.0/x86_64-linux-ld
    /home/src/perl/repoperls/installed-perls/perl/v5.14.0-446-g285bb66/2b65/lib/site_perl/5.15.0
    /home/src/perl/repoperls/installed-perls/perl/v5.14.0-446-g285bb66/2b65/lib/5.15.0/x86_64-linux-ld
    /home/src/perl/repoperls/installed-perls/perl/v5.14.0-446-g285bb66/2b65/lib/5.15.0
    .