Dist-Zilla-Plugin-ChangelogFromGit-CPAN-Changes v0.230680 Perl 5 v5.32.0 amd64-freebsd

Status
Fail
From
Slaven Rezić
Dist
Dist-Zilla-Plugin-ChangelogFromGit-CPAN-Changes v0.230680
Platform
Perl 5 v5.32.0 amd64-freebsd
Date
2023-11-28 06:53:57
ID
e6f1c312-8dba-11ee-bd81-1a456e8775ea
This distribution has been tested as part of the CPAN Testers
project, supporting the Perl programming language.  See
http://wiki.cpantesters.org/ for more information or email
questions to cpan-testers-discuss@perl.org


--
Dear Ioan Rogers,

This is a computer-generated report for Dist-Zilla-Plugin-ChangelogFromGit-CPAN-Changes-0.230680
on perl 5.32.0, created by CPAN-Reporter-1.2018.

Thank you for uploading your work to CPAN.  However, there was a problem
testing your distribution.

If you think this report is invalid, please consult the CPAN Testers Wiki
for suggestions on how to avoid getting FAIL reports for missing library
or binary dependencies, unsupported operating systems, and so on:

http://wiki.cpantesters.org/wiki/CPANAuthorNotes

Sections of this report:

    * Tester comments
    * Program output
    * Prerequisites
    * Environment and other context

------------------------------
TESTER COMMENTS
------------------------------

Additional comments from tester:

none provided

------------------------------
PROGRAM OUTPUT
------------------------------

Output from './Build test':

t/00-check-deps.t ...... ok
t/00-compile.t ......... ok
# 
# Versions for all modules listed in MYMETA.json (including optional ones):
# 
# === Configure Requires ===
# 
#     Module               Want  Have
#     ------------------- ----- -----
#     Module::Build::Tiny 0.034 0.046
# 
# === Test Requires ===
# 
#     Module                       Want     Have
#     --------------------------- ----- --------
#     Archive::Tar                  any     3.02
#     Dist::Zilla::File::InMemory   any    6.030
#     ExtUtils::MakeMaker           any     7.70
#     File::Spec                    any     3.78
#     File::chdir                   any   0.1010
#     IO::Handle                    any     1.51
#     IPC::Open3                    any     1.21
#     Path::Tiny                    any    0.144
#     Test::CPAN::Changes           any 0.500002
#     Test::CheckDeps             0.010    0.010
#     Test::DZil                    any    6.030
#     Test::More                   0.94 1.302196
#     Test::Roo                     any    1.004
#     Test::Roo::Role               any    1.004
#     Test::TempDir::Tiny           any    0.018
#     lib                           any     0.65
#     strict                        any     1.11
#     warnings                      any     1.47
# 
# === Test Recommends ===
# 
#     Module         Want     Have
#     ---------- -------- --------
#     CPAN::Meta 2.120900 2.150010
# 
# === Runtime Requires ===
# 
#     Module                              Want     Have
#     ------------------------------- -------- --------
#     CPAN::Changes                   0.400002 0.500002
#     CPAN::Changes::Release               any 0.500002
#     Class::Load                          any     0.25
#     DateTime                             any     1.63
#     Dist::Zilla                        6.005    6.030
#     Dist::Zilla::Role::AfterBuild        any    6.030
#     Dist::Zilla::Role::FileGatherer      any    6.030
#     Dist::Zilla::Role::Git::Repo         any    2.048
#     Encode                               any     3.19
#     Git::Wrapper                         any    0.048
#     Moose                                any   2.2206
#     Moose::Util::TypeConstraints         any   2.2206
#     perl                             v5.24.0 5.032000
# 
# === Runtime Recommends ===
# 
#     Module             Want Have
#     ------------------ ---- ----
#     Proc::InvokeEditor  any 1.13
# 
t/00-report-prereqs.t .. ok
        # Extracting /usr/home/cpansand/.cpan/build/2023112806/Dist-Zilla-Plugin-ChangelogFromGit-CPAN-Changes-0.230680-2/t/data/repos/test_repo.tar.gz to /usr/home/cpansand/.cpan/build/2023112806/Dist-Zilla-Plugin-ChangelogFromGit-CPAN-Changes-0.230680-2/tmp/t_changes_t/default_1

        #   Failed test '... has only one line...'
        #   at t/changes.t line 14.
        #          got: '2'
        #     expected: '1'
        # Looks like you failed 1 test of 3.

    #   Failed test 'not_releasing_dont_get_changes'
    #   at /usr/perl5.32.0p/lib/site_perl/5.32.0/Test/Roo.pm line 39.
        # Comparing /usr/home/cpansand/.cpan/build/2023112806/Dist-Zilla-Plugin-ChangelogFromGit-CPAN-Changes-0.230680-2/tmp/R8SdecaIoY/build/Changes to t/data/changes/v1_defaults

        #   Failed test 'Matched line'
        #   at t/lib/Test/DZP/Changes.pm line 92.
        #          got: ' - No changes found
        # '
        #     expected: ' - add line to file (Example Person)
        # '

        #   Failed test 'Matched line'
        #   at t/lib/Test/DZP/Changes.pm line 92.
Wide character in print at /usr/perl5.32.0p/lib/site_perl/5.32.0/Test2/Formatter/TAP.pm line 125.
        #          got: ' - add line to file (Example Person)
        # '
        #     expected: ' - [FIX] Something fixed by someone else (ꀀꀁꀓꀛꀝꀍꀎꀏꀗꀙ)
        # '

        #   Failed test 'Matched line'
        #   at t/lib/Test/DZP/Changes.pm line 92.
Wide character in print at /usr/perl5.32.0p/lib/site_perl/5.32.0/Test2/Formatter/TAP.pm line 125.
        #          got: ' - [FIX] Something fixed by someone else (ꀀꀁꀓꀛꀝꀍꀎꀏꀗꀙ)
        # '
        #     expected: ' - [ENH] Added important warning (Ioan Rogers)
        # '

        #   Failed test 'Matched line'
        #   at t/lib/Test/DZP/Changes.pm line 92.
        #          got: '
        # '
        #     expected: ' - [FIX] Typo (Ioan Rogers)
        # '

        #   Failed test 'Matched line'
        #   at t/lib/Test/DZP/Changes.pm line 92.
        #          got: '1.000 2014-03-02T03:39:30
        # '
        #     expected: ' - Initial commit (Ioan Rogers)
        # '

        #   Failed test 'Matched line'
        #   at t/lib/Test/DZP/Changes.pm line 92.
        #          got: ' - [ENH] Added important warning (Ioan Rogers)
        # '
        #     expected: '
        # '
        # Looks like you failed 6 tests of 17.

    #   Failed test 'v1_defaults'
    #   at /usr/perl5.32.0p/lib/site_perl/5.32.0/Test/Roo.pm line 39.
        # Comparing /usr/home/cpansand/.cpan/build/2023112806/Dist-Zilla-Plugin-ChangelogFromGit-CPAN-Changes-0.230680-2/tmp/m5cHcuVWE5/build/Changes to t/data/changes/v1_no_author

        #   Failed test 'Matched line'
        #   at t/lib/Test/DZP/Changes.pm line 92.
        #          got: ' - No changes found
        # '
        #     expected: ' - add line to file
        # '

        #   Failed test 'Matched line'
        #   at t/lib/Test/DZP/Changes.pm line 92.
        #          got: ' - add line to file
        # '
        #     expected: ' - [FIX] Something fixed by someone else
        # '

        #   Failed test 'Matched line'
        #   at t/lib/Test/DZP/Changes.pm line 92.
        #          got: ' - [FIX] Something fixed by someone else
        # '
        #     expected: ' - [ENH] Added important warning
        # '

        #   Failed test 'Matched line'
        #   at t/lib/Test/DZP/Changes.pm line 92.
        #          got: '
        # '
        #     expected: ' - [FIX] Typo
        # '

        #   Failed test 'Matched line'
        #   at t/lib/Test/DZP/Changes.pm line 92.
        #          got: '1.000 2014-03-02T03:39:30
        # '
        #     expected: ' - Initial commit
        # '
        # Looks like you failed 5 tests of 16.

    #   Failed test 'v1_no_author'
    #   at /usr/perl5.32.0p/lib/site_perl/5.32.0/Test/Roo.pm line 39.
        # Comparing /usr/home/cpansand/.cpan/build/2023112806/Dist-Zilla-Plugin-ChangelogFromGit-CPAN-Changes-0.230680-2/tmp/gj_gRhXGo9/build/Changes to t/data/changes/v1_email

        #   Failed test 'Matched line'
        #   at t/lib/Test/DZP/Changes.pm line 92.
        #          got: ' - No changes found
        # '
        #     expected: ' - add line to file (Example Person <person@example.com>)
        # '

        #   Failed test 'Matched line'
        #   at t/lib/Test/DZP/Changes.pm line 92.
Wide character in print at /usr/perl5.32.0p/lib/site_perl/5.32.0/Test2/Formatter/TAP.pm line 125.
        #          got: ' - add line to file (Example Person <person@example.com>)
        # '
        #     expected: ' - [FIX] Something fixed by someone else (ꀀꀁꀓꀛꀝꀍꀎꀏꀗꀙ <person@example.com>)
        # '

        #   Failed test 'Matched line'
        #   at t/lib/Test/DZP/Changes.pm line 92.
Wide character in print at /usr/perl5.32.0p/lib/site_perl/5.32.0/Test2/Formatter/TAP.pm line 125.
        #          got: ' - [FIX] Something fixed by someone else (ꀀꀁꀓꀛꀝꀍꀎꀏꀗꀙ <person@example.com>)
        # '
        #     expected: ' - [ENH] Added important warning (Ioan Rogers <ioanr@cpan.org>)
        # '

        #   Failed test 'Matched line'
        #   at t/lib/Test/DZP/Changes.pm line 92.
        #          got: '
        # '
        #     expected: ' - [FIX] Typo (Ioan Rogers <ioanr@cpan.org>)
        # '

        #   Failed test 'Matched line'
        #   at t/lib/Test/DZP/Changes.pm line 92.
        #          got: '1.000 2014-03-02T03:39:30
        # '
        #     expected: ' - Initial commit (Ioan Rogers <ioanr@cpan.org>)
        # '
        # Looks like you failed 5 tests of 16.

    #   Failed test 'v1_email'
    #   at /usr/perl5.32.0p/lib/site_perl/5.32.0/Test/Roo.pm line 39.
        # Comparing /usr/home/cpansand/.cpan/build/2023112806/Dist-Zilla-Plugin-ChangelogFromGit-CPAN-Changes-0.230680-2/tmp/KrPjh2rNzz/build/Changes to t/data/changes/v1_group_author

        #   Failed test 'Matched line'
        #   at t/lib/Test/DZP/Changes.pm line 92.
        #          got: ' - No changes found
        # '
        #     expected: ' [Example Person]
        # '

        #   Failed test 'Matched line'
        #   at t/lib/Test/DZP/Changes.pm line 92.
        #          got: '
        # '
        #     expected: ' - add line to file
        # '

        #   Failed test 'Matched line'
        #   at t/lib/Test/DZP/Changes.pm line 92.
        #          got: '1.001_1 2016-01-22T08:20:07
        # '
        #     expected: '
        # '

        #   Failed test 'Matched line'
        #   at t/lib/Test/DZP/Changes.pm line 88.
        #                   ' [Example Person]
        # '
        #     doesn't match '(?^:^\d+\.\d{3}(_\d+)? \d{4}-\d{2}-\d{2}T\d{2}:\d{2}:\d{2}Z?$)'

        #   Failed test 'Matched line'
        #   at t/lib/Test/DZP/Changes.pm line 92.
Wide character in print at /usr/perl5.32.0p/lib/site_perl/5.32.0/Test2/Formatter/TAP.pm line 125.
        #          got: ' - add line to file
        # '
        #     expected: ' [ꀀꀁꀓꀛꀝꀍꀎꀏꀗꀙ]
        # '

        #   Failed test 'Matched line'
        #   at t/lib/Test/DZP/Changes.pm line 92.
        #          got: '
        # '
        #     expected: ' - [FIX] Something fixed by someone else
        # '

        #   Failed test 'Matched line'
        #   at t/lib/Test/DZP/Changes.pm line 92.
        #          got: '1.001 2014-06-13T02:25:00
        # '
        #     expected: '
        # '

        #   Failed test 'Matched line'
        #   at t/lib/Test/DZP/Changes.pm line 88.
Wide character in print at /usr/perl5.32.0p/lib/site_perl/5.32.0/Test2/Formatter/TAP.pm line 125.
        #                   ' [ꀀꀁꀓꀛꀝꀍꀎꀏꀗꀙ]
        # '
        #     doesn't match '(?^:^\d+\.\d{3}(_\d+)? \d{4}-\d{2}-\d{2}T\d{2}:\d{2}:\d{2}Z?$)'

        #   Failed test 'Matched line'
        #   at t/lib/Test/DZP/Changes.pm line 92.
        #          got: ' - [FIX] Something fixed by someone else
        # '
        #     expected: ' [Ioan Rogers]
        # '

        #   Failed test 'Matched line'
        #   at t/lib/Test/DZP/Changes.pm line 92.
        #          got: '
        # '
        #     expected: ' - [ENH] Added important warning
        # '

        #   Failed test 'Matched line'
        #   at t/lib/Test/DZP/Changes.pm line 92.
        #          got: '1.000 2014-03-02T03:39:30
        # '
        #     expected: ' - [FIX] Typo
        # '

        #   Failed test 'Matched line'
        #   at t/lib/Test/DZP/Changes.pm line 92.
        #          got: ' [Ioan Rogers]
        # '
        #     expected: ' - Initial commit
        # '
        # Looks like you failed 12 tests of 19.

    #   Failed test 'v1_group_author'
    #   at /usr/perl5.32.0p/lib/site_perl/5.32.0/Test/Roo.pm line 39.
        # Comparing /usr/home/cpansand/.cpan/build/2023112806/Dist-Zilla-Plugin-ChangelogFromGit-CPAN-Changes-0.230680-2/tmp/7ZpJgnLINk/build/Changes to t/data/changes/v1_group_author_email

        #   Failed test 'Matched line'
        #   at t/lib/Test/DZP/Changes.pm line 92.
        #          got: ' - No changes found
        # '
        #     expected: ' [Example Person <person@example.com>]
        # '

        #   Failed test 'Matched line'
        #   at t/lib/Test/DZP/Changes.pm line 92.
        #          got: '
        # '
        #     expected: ' - add line to file
        # '

        #   Failed test 'Matched line'
        #   at t/lib/Test/DZP/Changes.pm line 92.
        #          got: '1.001_1 2016-01-22T08:20:07
        # '
        #     expected: '
        # '

        #   Failed test 'Matched line'
        #   at t/lib/Test/DZP/Changes.pm line 88.
        #                   ' [Example Person <person@example.com>]
        # '
        #     doesn't match '(?^:^\d+\.\d{3}(_\d+)? \d{4}-\d{2}-\d{2}T\d{2}:\d{2}:\d{2}Z?$)'

        #   Failed test 'Matched line'
        #   at t/lib/Test/DZP/Changes.pm line 92.
Wide character in print at /usr/perl5.32.0p/lib/site_perl/5.32.0/Test2/Formatter/TAP.pm line 125.
        #          got: ' - add line to file
        # '
        #     expected: ' [ꀀꀁꀓꀛꀝꀍꀎꀏꀗꀙ <person@example.com>]
        # '

        #   Failed test 'Matched line'
        #   at t/lib/Test/DZP/Changes.pm line 92.
        #          got: '
        # '
        #     expected: ' - [FIX] Something fixed by someone else
        # '

        #   Failed test 'Matched line'
        #   at t/lib/Test/DZP/Changes.pm line 92.
        #          got: '1.001 2014-06-13T02:25:00
        # '
        #     expected: '
        # '

        #   Failed test 'Matched line'
        #   at t/lib/Test/DZP/Changes.pm line 88.
Wide character in print at /usr/perl5.32.0p/lib/site_perl/5.32.0/Test2/Formatter/TAP.pm line 125.
        #                   ' [ꀀꀁꀓꀛꀝꀍꀎꀏꀗꀙ <person@example.com>]
        # '
        #     doesn't match '(?^:^\d+\.\d{3}(_\d+)? \d{4}-\d{2}-\d{2}T\d{2}:\d{2}:\d{2}Z?$)'

        #   Failed test 'Matched line'
        #   at t/lib/Test/DZP/Changes.pm line 92.
        #          got: ' - [FIX] Something fixed by someone else
        # '
        #     expected: ' [Ioan Rogers <ioanr@cpan.org>]
        # '

        #   Failed test 'Matched line'
        #   at t/lib/Test/DZP/Changes.pm line 92.
        #          got: '
        # '
        #     expected: ' - [ENH] Added important warning
        # '

        #   Failed test 'Matched line'
        #   at t/lib/Test/DZP/Changes.pm line 92.
        #          got: '1.000 2014-03-02T03:39:30
        # '
        #     expected: ' - [FIX] Typo
        # '

        #   Failed test 'Matched line'
        #   at t/lib/Test/DZP/Changes.pm line 92.
        #          got: ' [Ioan Rogers <ioanr@cpan.org>]
        # '
        #     expected: ' - Initial commit
        # '
        # Looks like you failed 12 tests of 19.

    #   Failed test 'v1_group_author_email'
    #   at /usr/perl5.32.0p/lib/site_perl/5.32.0/Test/Roo.pm line 39.
    # Looks like you failed 6 tests of 6.

#   Failed test 'testing with main'
#   at /usr/perl5.32.0p/lib/site_perl/5.32.0/Test/Roo/Class.pm line 89.
# Looks like you failed 1 test of 1.
t/changes.t ............ 
Dubious, test returned 1 (wstat 256, 0x100)
Failed 1/1 subtests 
        # Extracting /usr/home/cpansand/.cpan/build/2023112806/Dist-Zilla-Plugin-ChangelogFromGit-CPAN-Changes-0.230680-2/t/data/repos/first_release.tar.gz to /usr/home/cpansand/.cpan/build/2023112806/Dist-Zilla-Plugin-ChangelogFromGit-CPAN-Changes-0.230680-2/tmp/t_first_release_t/default_1
        # Comparing /usr/home/cpansand/.cpan/build/2023112806/Dist-Zilla-Plugin-ChangelogFromGit-CPAN-Changes-0.230680-2/tmp/BpVFneArbx/build/Changes to t/data/changes/first_release
t/first_release.t ...... ok

Test Summary Report
-------------------
t/changes.t          (Wstat: 256 (exited 1) Tests: 1 Failed: 1)
  Failed test:  1
  Non-zero exit status: 1
Files=5, Tests=36,  7 wallclock secs ( 0.04 usr  0.02 sys +  3.80 cusr  2.01 csys =  5.88 CPU)
Result: FAIL

------------------------------
PREREQUISITES
------------------------------

Prerequisite modules loaded:

requires:

    Module                          Need     Have    
    ------------------------------- -------- --------
    Class::Load                     0        0.25    
    CPAN::Changes                   0.400002 0.500002
    CPAN::Changes::Release          0        0.500002
    DateTime                        0        1.63    
    Dist::Zilla                     6.005    6.030   
    Dist::Zilla::Role::AfterBuild   0        6.030   
    Dist::Zilla::Role::FileGatherer 0        6.030   
    Dist::Zilla::Role::Git::Repo    0        2.048   
    Encode                          0        3.19    
    Git::Wrapper                    0        0.048   
    Moose                           0        2.2206  
    Moose::Util::TypeConstraints    0        2.2206  
    perl                            v5.24.0  5.032000

build_requires:

    Module                          Need     Have    
    ------------------------------- -------- --------
    Archive::Tar                    0        3.02    
    Dist::Zilla::File::InMemory     0        6.030   
    ExtUtils::MakeMaker             0        7.70    
    File::chdir                     0        0.1010  
    File::Spec                      0        3.78    
    IO::Handle                      0        1.51    
    IPC::Open3                      0        1.21    
    lib                             0        0.65    
    Path::Tiny                      0        0.144   
    strict                          0        1.11    
    Test::CheckDeps                 0.010    0.010   
    Test::CPAN::Changes             0        0.500002
    Test::DZil                      0        6.030   
    Test::More                      0.94     1.302196
    Test::Roo                       0        1.004   
    Test::Roo::Role                 0        1.004   
    Test::TempDir::Tiny             0        0.018   
    warnings                        0        1.47    


------------------------------
ENVIRONMENT AND OTHER CONTEXT
------------------------------

Environment variables:

    PATH = /usr/local/bin:/usr/bin:/bin:/usr/local/sbin:/usr/sbin:/sbin:/home/cpansand/bin/freebsd12.4:/home/cpansand/bin/sh:/home/cpansand/bin:/usr/games:/home/cpansand/devel:/usr/home/eserte/src/srezic-misc/scripts
    PERL5LIB = /home/cpansand/.cpan/build/2023112806/CPAN-Changes-0.500002-2/blib/arch:/home/cpansand/.cpan/build/2023112806/CPAN-Changes-0.500002-2/blib/lib
    PERL5OPT = 
    PERL5_CPANPLUS_IS_RUNNING = 29815
    PERL5_CPAN_IS_RUNNING = 29815
    PERL5_CPAN_IS_RUNNING_IN_RECURSION = 27643,29815
    PERLDOC = -MPod::Perldoc::ToTextOverstrike
    PERL_BATCH = yes
    PERL_CANARY_STABILITY_NOPROMPT = 1
    PERL_CPAN_REPORTER_CONFIG = /var/tmp/cpansmoker-1023/2023112806/cpanreporter_002_config.ini
    PERL_EXTUTILS_AUTOINSTALL = --defaultdeps
    PERL_USE_UNSAFE_INC = 1
    SHELL = /usr/local/bin/zsh
    TERM = screen
    TMPDIR = /var/tmp/cpansmoker-1023/2023112806

Perl special variables (and OS-specific diagnostics, for MSWin32):

    $^X = /usr/perl5.32.0p/bin/perl
    $UID/$EUID = 1023 / 1023
    $GID = 1023 1023
    $EGID = 1023 1023

Perl module toolchain versions installed:

    Module              Have    
    ------------------- --------
    CPAN                2.36    
    CPAN::Meta          2.150010
    Cwd                 3.78    
    ExtUtils::CBuilder  0.280236
    ExtUtils::Command   7.70    
    ExtUtils::Install   2.20    
    ExtUtils::MakeMaker 7.70    
    ExtUtils::Manifest  1.75    
    ExtUtils::ParseXS   3.51    
    File::Spec          3.78    
    JSON                4.10    
    JSON::PP            4.15    
    Module::Build       0.4234  
    Module::Signature   0.88    
    Parse::CPAN::Meta   2.150010
    Test::Harness       3.47    
    Test::More          1.302196
    YAML                1.30    
    YAML::Syck          1.34    
    version             0.9929  


--

Summary of my perl5 (revision 5 version 32 subversion 0) configuration:
   
  Platform:
    osname=freebsd
    osvers=12.1-stable
    archname=amd64-freebsd
    uname='freebsd cloud1.bbbike.org 12.1-stable freebsd 12.1-stable b7dfc76ba0b(stable12) generic amd64 '
    config_args='-ds -e -Dprefix=/usr/perl5.32.0p -Dcf_email=srezic@cpan.org -Doptimize=-O2 -pipe'
    hint=recommended
    useposix=true
    d_sigaction=define
    useithreads=undef
    usemultiplicity=undef
    use64bitint=define
    use64bitall=define
    uselongdouble=undef
    usemymalloc=n
    default_inc_excludes_dot=define
    bincompat5005=undef
  Compiler:
    cc='cc'
    ccflags ='-DHAS_FPSETMASK -DHAS_FLOATINGPOINT_H -fno-strict-aliasing -pipe -fstack-protector-strong -I/usr/local/include'
    optimize='-O2 -pipe'
    cppflags='-DHAS_FPSETMASK -DHAS_FLOATINGPOINT_H -fno-strict-aliasing -pipe -fstack-protector-strong -I/usr/local/include'
    ccversion=''
    gccversion='FreeBSD Clang 10.0.0 (git@github.com:llvm/llvm-project.git llvmorg-10.0.0-0-gd32170dbd5b)'
    gccosandvers=''
    intsize=4
    longsize=8
    ptrsize=8
    doublesize=8
    byteorder=12345678
    doublekind=3
    d_longlong=define
    longlongsize=8
    d_longdbl=define
    longdblsize=16
    longdblkind=3
    ivtype='long'
    ivsize=8
    nvtype='double'
    nvsize=8
    Off_t='off_t'
    lseeksize=8
    alignbytes=8
    prototype=define
  Linker and Libraries:
    ld='cc'
    ldflags ='-pthread -Wl,-E  -fstack-protector-strong -L/usr/local/lib'
    libpth=/usr/lib /usr/local/lib /usr/lib/clang/10.0.0/lib /usr/lib
    libs=-lpthread -lgdbm -ldl -lm -lcrypt -lutil -lc
    perllibs=-lpthread -ldl -lm -lcrypt -lutil -lc
    libc=
    so=so
    useshrplib=false
    libperl=libperl.a
    gnulibc_version=''
  Dynamic Linking:
    dlsrc=dl_dlopen.xs
    dlext=so
    d_dlsymun=undef
    ccdlflags=' '
    cccdlflags='-DPIC -fPIC'
    lddlflags='-shared  -L/usr/local/lib -fstack-protector-strong'


Characteristics of this binary (from libperl): 
  Compile-time options:
    HAS_TIMES
    PERLIO_LAYERS
    PERL_COPY_ON_WRITE
    PERL_DONT_CREATE_GVSV
    PERL_MALLOC_WRAP
    PERL_OP_PARENT
    PERL_PRESERVE_IVUV
    USE_64_BIT_ALL
    USE_64_BIT_INT
    USE_LARGE_FILES
    USE_LOCALE
    USE_LOCALE_COLLATE
    USE_LOCALE_CTYPE
    USE_LOCALE_NUMERIC
    USE_LOCALE_TIME
    USE_PERLIO
    USE_PERL_ATOF
  Built under freebsd
  Compiled at Jun 21 2020 07:16:14
  %ENV:
    PERL5LIB="/home/cpansand/.cpan/build/2023112806/CPAN-Changes-0.500002-2/blib/arch:/home/cpansand/.cpan/build/2023112806/CPAN-Changes-0.500002-2/blib/lib"
    PERL5OPT=""
    PERL5_CPANPLUS_IS_RUNNING="29815"
    PERL5_CPAN_IS_RUNNING="29815"
    PERL5_CPAN_IS_RUNNING_IN_RECURSION="27643,29815"
    PERLDOC="-MPod::Perldoc::ToTextOverstrike"
    PERL_BATCH="yes"
    PERL_CANARY_STABILITY_NOPROMPT="1"
    PERL_CPAN_REPORTER_CONFIG="/var/tmp/cpansmoker-1023/2023112806/cpanreporter_002_config.ini"
    PERL_EXTUTILS_AUTOINSTALL="--defaultdeps"
    PERL_USE_UNSAFE_INC="1"
  @INC:
    /home/cpansand/.cpan/build/2023112806/CPAN-Changes-0.500002-2/blib/arch
    /home/cpansand/.cpan/build/2023112806/CPAN-Changes-0.500002-2/blib/lib
    /usr/perl5.32.0p/lib/site_perl/5.32.0/amd64-freebsd
    /usr/perl5.32.0p/lib/site_perl/5.32.0
    /usr/perl5.32.0p/lib/5.32.0/amd64-freebsd
    /usr/perl5.32.0p/lib/5.32.0
    .