IO-File-CompressOnClose v0.11 Perl 5 v5.42.0 MSWin32-x64-multi-thread
- Status
- Fail
- From
- gregor herrmann
- Dist
-
IO-File-CompressOnClose v0.11
- Platform
- Perl 5 v5.42.0 MSWin32-x64-multi-thread
- Date
- 2025-10-11 20:15:16
- ID
- e7bea114-7010-1014-95ec-fc70d68a32c4
This distribution has been tested as part of the CPAN Testers
project, supporting the Perl programming language. See
http://wiki.cpantesters.org/ for more information or email
questions to cpan-testers-discuss@perl.org
--
Dear James FitzGibbon,
This is a computer-generated report for IO-File-CompressOnClose-0.11
on perl 5.42.0, created by CPAN-Reporter-1.2020.
Thank you for uploading your work to CPAN. However, there was a problem
testing your distribution.
If you think this report is invalid, please consult the CPAN Testers Wiki
for suggestions on how to avoid getting FAIL reports for missing library
or binary dependencies, unsupported operating systems, and so on:
http://wiki.cpantesters.org/wiki/CPANAuthorNotes
Sections of this report:
* Tester comments
* Program output
* Prerequisites
* Environment and other context
------------------------------
TESTER COMMENTS
------------------------------
Additional comments from tester:
this report is from an automated smoke testing program
and was not reviewed by a human for accuracy
------------------------------
PROGRAM OUTPUT
------------------------------
Output from 'C:\Strawberry\perl\bin\perl.exe ./Build test':
t\01_use.t .................... ok
# Failed test 'open/print/close a file'
# at t\02_basic.t line 32.
# died: IO::File::CompressOnClose::Zip is not a subclass of IO::File::CompressOnClose at t\02_basic.t line 31.
# Looks like you failed 1 test of 2.
t\02_basic.t ..................
Dubious, test returned 1 (wstat 256, 0x100)
Failed 1/2 subtests
t\03_pod.t .................... ok
t\04_accessors.t .............. ok
# Failed test 'close file opened for append'
# at t\05_modes.t line 61.
# died: IO::File::CompressOnClose::Zip is not a subclass of IO::File::CompressOnClose at t\05_modes.t line 60.
# Failed test 'file 'foo' does not exist'
# at t\05_modes.t line 62.
# Failed test 'file 'foo.archive' exists'
# at t\05_modes.t line 63.
# Failed test 'file 'foo.archive' has non-zero size'
# at t\05_modes.t line 64.
# Failed test 'close file opened for write'
# at t\05_modes.t line 77.
# died: IO::File::CompressOnClose::Zip is not a subclass of IO::File::CompressOnClose at t\05_modes.t line 76.
# Failed test 'file 'foo' does not exist'
# at t\05_modes.t line 78.
# Failed test 'file 'foo.archive2' exists'
# at t\05_modes.t line 79.
# Failed test 'file 'foo.archive2' has non-zero size'
# at t\05_modes.t line 80.
# Failed test 'close file opened for append'
# at t\05_modes.t line 108.
# died: IO::File::CompressOnClose::Zip is not a subclass of IO::File::CompressOnClose at t\05_modes.t line 107.
# Failed test 'file 'foo' does not exist'
# at t\05_modes.t line 109.
# Failed test 'file 'foo.archive' exists'
# at t\05_modes.t line 110.
# Failed test 'file 'foo.archive' has non-zero size'
# at t\05_modes.t line 111.
# Failed test 'close file opened for write'
# at t\05_modes.t line 124.
# died: IO::File::CompressOnClose::Zip is not a subclass of IO::File::CompressOnClose at t\05_modes.t line 123.
# Failed test 'file 'foo' does not exist'
# at t\05_modes.t line 125.
# Failed test 'file 'foo.archive2' exists'
# at t\05_modes.t line 126.
# Failed test 'file 'foo.archive2' has non-zero size'
# at t\05_modes.t line 127.
# Looks like you failed 16 tests of 46.
t\05_modes.t ..................
Dubious, test returned 16 (wstat 4096, 0x1000)
Failed 16/46 subtests
t\06_gzip.t ................... ok
t\07_zip.t .................... ok
t\08_coderef.t ................ ok
# Failed test 'close file opened for write'
# at t\09_delete_after_compress.t line 39.
# died: IO::File::CompressOnClose::Zip is not a subclass of IO::File::CompressOnClose at t\09_delete_after_compress.t line 38.
# Failed test 'file 'foo' does not exist'
# at t\09_delete_after_compress.t line 40.
# Failed test 'file 'foo.archive' exists'
# at t\09_delete_after_compress.t line 41.
# Failed test 'file 'foo.archive' has non-zero size'
# at t\09_delete_after_compress.t line 42.
# Failed test 'close file opened for write'
# at t\09_delete_after_compress.t line 59.
# died: IO::File::CompressOnClose::Zip is not a subclass of IO::File::CompressOnClose at t\09_delete_after_compress.t line 58.
# Failed test 'file 'foo.archive2' exists'
# at t\09_delete_after_compress.t line 61.
# Failed test 'file 'foo.archive2' has non-zero size'
# at t\09_delete_after_compress.t line 62.
# Looks like you failed 7 tests of 17.
t\09_delete_after_compress.t ..
Dubious, test returned 7 (wstat 1792, 0x700)
Failed 7/17 subtests
t\10_subclass.t ............... ok
t\11_esoteric.t ............... ok
Test Summary Report
-------------------
t\02_basic.t (Wstat: 256 (exited 1) Tests: 2 Failed: 1)
Failed test: 2
Non-zero exit status: 1
t\05_modes.t (Wstat: 4096 (exited 16) Tests: 46 Failed: 16)
Failed tests: 14-17, 21-24, 34-37, 41-44
Non-zero exit status: 16
t\09_delete_after_compress.t (Wstat: 1792 (exited 7) Tests: 17 Failed: 7)
Failed tests: 5-8, 14, 16-17
Non-zero exit status: 7
Files=11, Tests=146, 6 wallclock secs ( 0.13 usr + 0.06 sys = 0.19 CPU)
Result: FAIL
Failed 3/11 test programs. 24/146 subtests failed.
------------------------------
PREREQUISITES
------------------------------
Prerequisite modules loaded:
requires:
Module Need Have
--------------- ---- --------
Archive::Zip 0 1.68
build_requires:
Module Need Have
--------------- ---- --------
Archive::Zip 0 1.68
Compress::Zlib 0 2.213
IO::Zlib 0 1.15
Test::Exception 0 0.43
Test::More 0 1.302214
------------------------------
ENVIRONMENT AND OTHER CONTEXT
------------------------------
Environment variables:
AUTOMATED_TESTING = 1
COMSPEC = C:\Windows\system32\cmd.exe
NONINTERACTIVE_TESTING = 1
NUMBER_OF_PROCESSORS = 2
PATH = C:\WINDOWS\system32;C:\Program Files\Git\cmd;C:\strawberry\c\bin;C:\strawberry\perl\site\bin;C:\strawberry\perl\bin
PERL5LIB =
PERL5OPT =
PERL5_CPANPLUS_IS_RUNNING = 5920
PERL5_CPAN_IS_RUNNING = 5920
PERL5_CPAN_IS_RUNNING_IN_RECURSION = 2748,5920
PERL_CR_SMOKER_CURRENT = IO-File-CompressOnClose-0.11
PERL_EXTUTILS_AUTOINSTALL = --defaultdeps
PERL_MM_USE_DEFAULT = 1
PERL_USE_UNSAFE_INC = 1
PROCESSOR_IDENTIFIER = Intel64 Family 6 Model 15 Stepping 11, GenuineIntel
TEMP = C:\Users\smoker\AppData\Local\Temp
Perl special variables (and OS-specific diagnostics, for MSWin32):
$^X = C:\Strawberry\perl\bin\perl.exe
$UID/$EUID = 0 / 0
$GID = 0
$EGID = 0
Win32::GetOSName = Win10
Win32::GetOSVersion = , 10, 0, 19045, 2, 0, 0, 256, 1
Win32::FsType = NTFS
Win32::IsAdminUser = 0
Perl module toolchain versions installed:
Module Have
------------------- --------
CPAN 2.38
CPAN::Meta 2.150010
Cwd 3.94
ExtUtils::CBuilder 0.280242
ExtUtils::Command 7.76
ExtUtils::Install 2.22
ExtUtils::MakeMaker 7.76
ExtUtils::Manifest 1.75
ExtUtils::ParseXS 3.60
File::Spec 3.94
JSON 4.10
JSON::PP 4.16
Module::Build 0.4234
Module::Signature n/a
Parse::CPAN::Meta 2.150010
Test2 1.302214
Test::Harness 3.52
Test::More 1.302214
YAML 1.31
YAML::Syck 1.34
version 0.9933
--
Summary of my perl5 (revision 5 version 42 subversion 0) configuration:
Platform:
osname=MSWin32
osvers=10.0.26100.4652
archname=MSWin32-x64-multi-thread
uname='Win32 strawberry-perl 5.42.0.1 # 05:37:25 Fri August 01 2025 x64'
config_args='undef'
hint=recommended
useposix=true
d_sigaction=undef
useithreads=define
usemultiplicity=define
use64bitint=define
use64bitall=undef
uselongdouble=undef
usemymalloc=n
default_inc_excludes_dot=define
Compiler:
cc='gcc'
ccflags ='-std=c99 -DWIN32 -DWIN64 -DPERL_TEXTMODE_SCRIPTS -DMULTIPLICITY -DPERL_IMPLICIT_SYS -DUSE_PERLIO -D__USE_MINGW_ANSI_STDIO -fwrapv -fno-strict-aliasing -mms-bitfields'
optimize='-O2'
cppflags='-DWIN32'
ccversion=''
gccversion='13.2.0'
gccosandvers=''
intsize=4
longsize=4
ptrsize=8
doublesize=8
byteorder=12345678
doublekind=3
d_longlong=define
longlongsize=8
d_longdbl=define
longdblsize=16
longdblkind=3
ivtype='long long'
ivsize=8
nvtype='double'
nvsize=8
Off_t='long long'
lseeksize=8
alignbytes=8
prototype=define
Linker and Libraries:
ld='g++'
ldflags ='-s -L"C:\STRAWB~1\perl\lib\CORE" -L"C:\STRAWB~1\c\lib" -L"C:\STRAWB~1\c\x86_64-w64-mingw32\lib" -L"C:\STRAWB~1\c\lib\gcc\x86_64-w64-mingw32\13.2.0"'
libpth=C:\STRAWB~1\c\lib C:\STRAWB~1\c\x86_64-w64-mingw32\lib C:\STRAWB~1\c\lib\gcc\x86_64-w64-mingw32\13.2.0 C:\STRAWB~1\c\x86_64-w64-mingw32\lib C:\STRAWB~1\c\lib\gcc\x86_64-w64-mingw32\13.2.0
libs= -lmoldname -lkernel32 -luser32 -lgdi32 -lwinspool -lcomdlg32 -ladvapi32 -lshell32 -lole32 -loleaut32 -lnetapi32 -luuid -lws2_32 -lmpr -lwinmm -lversion -lodbc32 -lodbccp32 -lcomctl32
perllibs= -lmoldname -lkernel32 -luser32 -lgdi32 -lwinspool -lcomdlg32 -ladvapi32 -lshell32 -lole32 -loleaut32 -lnetapi32 -luuid -lws2_32 -lmpr -lwinmm -lversion -lodbc32 -lodbccp32 -lcomctl32
libc=-lucrt
so=dll
useshrplib=true
libperl=libperl542.a
gnulibc_version=''
Dynamic Linking:
dlsrc=dl_win32.xs
dlext=xs.dll
d_dlsymun=undef
ccdlflags=' '
cccdlflags=' '
lddlflags='-shared -s -L"C:\STRAWB~1\perl\lib\CORE" -L"C:\STRAWB~1\c\lib" -L"C:\STRAWB~1\c\x86_64-w64-mingw32\lib" -L"C:\STRAWB~1\c\lib\gcc\x86_64-w64-mingw32\13.2.0"'
Characteristics of this binary (from libperl):
Compile-time options:
HAS_LONG_DOUBLE
HAS_TIMES
HAVE_INTERP_INTERN
MULTIPLICITY
PERLIO_LAYERS
PERL_COPY_ON_WRITE
PERL_DONT_CREATE_GVSV
PERL_HASH_FUNC_SIPHASH13
PERL_HASH_USE_SBOX32
PERL_IMPLICIT_SYS
PERL_MALLOC_WRAP
PERL_OP_PARENT
PERL_PRESERVE_IVUV
PERL_USE_SAFE_PUTENV
USE_64_BIT_INT
USE_ITHREADS
USE_LARGE_FILES
USE_LOCALE
USE_LOCALE_COLLATE
USE_LOCALE_CTYPE
USE_LOCALE_NUMERIC
USE_LOCALE_TIME
USE_PERLIO
USE_PERL_ATOF
USE_THREAD_SAFE_LOCALE
Built under MSWin32
Compiled at Aug 1 2025 15:42:55
%ENV:
PERL5_CPANPLUS_IS_RUNNING="5920"
PERL5_CPAN_IS_RUNNING="5920"
PERL5_CPAN_IS_RUNNING_IN_RECURSION="2748,5920"
PERL_CR_SMOKER_CURRENT="IO-File-CompressOnClose-0.11"
PERL_EXTUTILS_AUTOINSTALL="--defaultdeps"
PERL_MM_USE_DEFAULT="1"
PERL_USE_UNSAFE_INC="1"
@INC:
C:/Strawberry/perl/site/lib/MSWin32-x64-multi-thread
C:/Strawberry/perl/site/lib
C:/Strawberry/perl/vendor/lib
C:/Strawberry/perl/lib
.