Report for Digest-Haval256-1.0.5

Back
From: metabase:user:322078bc-2aae-11df-837a-5e0a49663a4f
Subject: FAIL Digest-Haval256-1.0.5 v5.12.0 FreeBSD
Date: 2011-05-11T15:04:01Z

This distribution has been tested as part of the CPAN Testers
project, supporting the Perl programming language.  See
http://wiki.cpantesters.org/ for more information or email
questions to cpan-testers-discuss@perl.org


--

Dear Julius C. Duque,

This is a computer-generated error report created automatically by
CPANPLUS, version 0.9104. Testers personal comments may appear
at the end of this report.


Thank you for uploading your work to CPAN.  However, it appears that
there were some problems testing your distribution.

TEST RESULTS:

Below is the error stack from stage 'make test':

[MSG] [Wed May 11 16:03:52 2011] cp Haval256.pm blib/lib/Digest/Haval256.pm
/usr/home/cpan/pit/thr/perl-5.12.0/bin/perl /usr/home/cpan/pit/thr/perl-5.12.0/lib/5.12.0/ExtUtils/xsubpp  -typemap /usr/home/cpan/pit/thr/perl-5.12.0/lib/5.12.0/ExtUtils/typemap -typemap typemap  Haval256.xs > Haval256.xsc && mv Haval256.xsc Haval256.c
cc -c  -I.  -DHAS_FPSETMASK -DHAS_FLOATINGPOINT_H -fno-strict-aliasing -pipe -fstack-protector -I/usr/local/include -O    -DVERSION=\"1.0.5\"  -DXS_VERSION=\"1.0.5\" -DPIC -fPIC "-I/usr/home/cpan/pit/thr/perl-5.12.0/lib/5.12.0/amd64-freebsd-thread-multi/CORE"   Haval256.c
In file included from Haval256.xs:4:
ppport.h:227:1: warning: "PERL_UNUSED_DECL" redefined
In file included from Haval256.xs:2:
/usr/home/cpan/pit/thr/perl-5.12.0/lib/5.12.0/amd64-freebsd-thread-multi/CORE/perl.h:308:1: warning: this is the location of the previous definition
Running Mkbootstrap for Digest::Haval256 ()
chmod 644 Haval256.bs
rm -f blib/arch/auto/Digest/Haval256/Haval256.so
cc  -shared  -L/usr/local/lib -fstack-protector Haval256.o  -o blib/arch/auto/Digest/Haval256/Haval256.so 	    	 
chmod 755 blib/arch/auto/Digest/Haval256/Haval256.so
cp Haval256.bs blib/arch/auto/Digest/Haval256/Haval256.bs
chmod 644 blib/arch/auto/Digest/Haval256/Haval256.bs
Manifying blib/man3/Digest::Haval256.3

[ERROR] [Wed May 11 16:03:54 2011] MAKE TEST failed: PERL_DL_NONLAZY=1 /usr/home/cpan/pit/thr/perl-5.12.0/bin/perl "-MExtUtils::Command::MM" "-e" "test_harness(0, 'blib/lib', 'blib/arch')" t/*.t

#   Failed test at t/01.t line 13.
#          got: 'c9c7d8afa159fd9e965cb83ff5ee6f58aeda352c0eff005548153a61551c38ee'
#     expected: '2181d9783ea2663d71534a6d45ba2290a47ee7c0f9997de8e2818d5d9022a437'
# Looks like you failed 1 test of 2.
t/01.t ....... 
Dubious, test returned 1 (wstat 256, 0x100)
Failed 1/2 subtests 

#   Failed test at t/02.t line 13.
#          got: 'b45cb6e62f2b1320e4f8f1b0b273d45add47c321fd23999dcf403ac37636d963'
#     expected: '6bbd2eb4b2980ac0ad37a67e3be69df386ad5dd277b93b003bd1f8ed80fa863d'
# Looks like you failed 1 test of 2.
t/02.t ....... 
Dubious, test returned 1 (wstat 256, 0x100)
Failed 1/2 subtests 

t/03.t ....... 
Dubious, test returned 1 (wstat 256, 0x100)
Failed 1/2 subtests 
#   Failed test at t/03.t line 13.
#          got: 'de8fd5ee72a5e4265af0a756f4e1a1f65c9b2b2f47cf17ecf0d1b88679a3e22f'
#     expected: '6979f4b388f7ddfb56fbcaf4c6edd1c0fb2a08fa5d42f8a223d3d5f817dfdcab'
# Looks like you failed 1 test of 2.

t/04.t ....... 
Dubious, test returned 1 (wstat 256, 0x100)
Failed 1/2 subtests 
#   Failed test at t/04.t line 13.
#          got: '153d2c81cd3c24249ab7cd476934287af845af37f53f51f5c7e2be99ba28443f'
#     expected: '18e46a6392d01127f4eebfc2c1f5a20245a5aa7ee709394c6ab017bacd22fb5c'
# Looks like you failed 1 test of 2.

t/05.t ....... 
Dubious, test returned 1 (wstat 256, 0x100)
Failed 1/2 subtests 
#   Failed test at t/05.t line 13.
#          got: '357e2032774abbf5f04d5f1dec665112ea03b23e6e00425d0df75ea155813126'
#     expected: 'c6e5c3bee5ecd0e6c242d653ada5f68c4fc2fbf47c983c6e5dd5034c1c09baf6'
# Looks like you failed 1 test of 2.

t/06.t ....... 
Dubious, test returned 1 (wstat 256, 0x100)
Failed 1/2 subtests 
#   Failed test at t/06.t line 13.
#          got: 'be417bb4dd5cfb76c7126f4f8eeb1553a449039307b1a3cd451dbfdc0fbbe330'
#     expected: '1a06a3b5a93ecc3ccaabfff600aec773d7b903da3d0972d8601fa2f4ed3ca60d'
# Looks like you failed 1 test of 2.

t/07.t ....... 
Dubious, test returned 1 (wstat 256, 0x100)
Failed 1/2 subtests 
#   Failed test at t/07.t line 15.
#          got: 'c9c7d8afa159fd9e965cb83ff5ee6f58aeda352c0eff005548153a61551c38ee'
#     expected: '2181d9783ea2663d71534a6d45ba2290a47ee7c0f9997de8e2818d5d9022a437'
# Looks like you failed 1 test of 2.

t/08.t ....... 
Dubious, test returned 1 (wstat 256, 0x100)
Failed 1/2 subtests 
#   Failed test at t/08.t line 15.
#          got: 'b45cb6e62f2b1320e4f8f1b0b273d45add47c321fd23999dcf403ac37636d963'
#     expected: '6bbd2eb4b2980ac0ad37a67e3be69df386ad5dd277b93b003bd1f8ed80fa863d'
# Looks like you failed 1 test of 2.

t/09.t ....... 
Dubious, test returned 1 (wstat 256, 0x100)
Failed 1/2 subtests 
#   Failed test at t/09.t line 15.
#          got: 'de8fd5ee72a5e4265af0a756f4e1a1f65c9b2b2f47cf17ecf0d1b88679a3e22f'
#     expected: '6979f4b388f7ddfb56fbcaf4c6edd1c0fb2a08fa5d42f8a223d3d5f817dfdcab'
# Looks like you failed 1 test of 2.

#   Failed test at t/10.t line 15.
#          got: '153d2c81cd3c24249ab7cd476934287af845af37f53f51f5c7e2be99ba28443f'
#     expected: '18e46a6392d01127f4eebfc2c1f5a20245a5aa7ee709394c6ab017bacd22fb5c'
# Looks like you failed 1 test of 2.
t/10.t ....... 
Dubious, test returned 1 (wstat 256, 0x100)
Failed 1/2 subtests 

#   Failed test at t/11.t line 15.
#          got: '357e2032774abbf5f04d5f1dec665112ea03b23e6e00425d0df75ea155813126'
#     expected: 'c6e5c3bee5ecd0e6c242d653ada5f68c4fc2fbf47c983c6e5dd5034c1c09baf6'
# Looks like you failed 1 test of 2.
t/11.t ....... 
Dubious, test returned 1 (wstat 256, 0x100)
Failed 1/2 subtests 

#   Failed test at t/12.t line 15.
#          got: 'be417bb4dd5cfb76c7126f4f8eeb1553a449039307b1a3cd451dbfdc0fbbe330'
#     expected: '1a06a3b5a93ecc3ccaabfff600aec773d7b903da3d0972d8601fa2f4ed3ca60d'
# Looks like you failed 1 test of 2.
t/12.t ....... 
Dubious, test returned 1 (wstat 256, 0x100)
Failed 1/2 subtests 
t/loading.t .. ok

Test Summary Report
-------------------
t/01.t     (Wstat: 256 Tests: 2 Failed: 1)
  Failed test:  2
  Non-zero exit status: 1
t/02.t     (Wstat: 256 Tests: 2 Failed: 1)
  Failed test:  2
  Non-zero exit status: 1
t/03.t     (Wstat: 256 Tests: 2 Failed: 1)
  Failed test:  2
  Non-zero exit status: 1
t/04.t     (Wstat: 256 Tests: 2 Failed: 1)
  Failed test:  2
  Non-zero exit status: 1
t/05.t     (Wstat: 256 Tests: 2 Failed: 1)
  Failed test:  2
  Non-zero exit status: 1
t/06.t     (Wstat: 256 Tests: 2 Failed: 1)
  Failed test:  2
  Non-zero exit status: 1
t/07.t     (Wstat: 256 Tests: 2 Failed: 1)
  Failed test:  2
  Non-zero exit status: 1
t/08.t     (Wstat: 256 Tests: 2 Failed: 1)
  Failed test:  2
  Non-zero exit status: 1
t/09.t     (Wstat: 256 Tests: 2 Failed: 1)
  Failed test:  2
  Non-zero exit status: 1
t/10.t     (Wstat: 256 Tests: 2 Failed: 1)
  Failed test:  2
  Non-zero exit status: 1
t/11.t     (Wstat: 256 Tests: 2 Failed: 1)
  Failed test:  2
  Non-zero exit status: 1
t/12.t     (Wstat: 256 Tests: 2 Failed: 1)
  Failed test:  2
  Non-zero exit status: 1
Files=13, Tests=25,  2 wallclock secs ( 0.09 usr  0.04 sys +  1.51 cusr  0.27 csys =  1.91 CPU)
Result: FAIL
Failed 12/13 test programs. 12/25 subtests failed.
*** Error code 255

Stop in /usr/home/cpan/pit/thr/conf/perl-5.12.0/.cpanplus/5.12.0/build/Digest-Haval256-1.0.5.

[MSG] [Wed May 11 16:03:54 2011] DEFAULT 'proceed_on_test_failure' HANDLER RETURNING 'sub return value'

PREREQUISITES:

Here is a list of prerequisites you specified and versions we
managed to load:

	  Module Name                        Have     Want
	  MIME::Base64                       3.08        0

Perl module toolchain versions installed:
	Module Name                        Have
	CPANPLUS                         0.9104
	CPANPLUS::Dist::Build              0.56
	Cwd                                3.33
	ExtUtils::CBuilder             0.280202
	ExtUtils::Command                  1.16
	ExtUtils::Install                  1.55
	ExtUtils::MakeMaker                6.56
	ExtUtils::Manifest                 1.58
	ExtUtils::ParseXS                2.2206
	File::Spec                         3.33
	Module::Build                    0.3800
	Test::Harness                      3.23
	Test::More                         0.98
	version                            0.88

******************************** NOTE ********************************
The comments above are created mechanically, possibly without manual
checking by the sender.  As there are many people performing automatic
tests on each upload to CPAN, it is likely that you will receive
identical messages about the same problem.

If you believe that the message is mistaken, please reply to the first
one with correction and/or additional informations, and do not take
it personally.  We appreciate your patience. :)
**********************************************************************

Additional comments:


This report was machine-generated by CPANPLUS::Dist::YACSmoke 0.62.
Powered by minismokebox version 0.44

------------------------------
ENVIRONMENT AND OTHER CONTEXT
------------------------------

Environment variables:

    AUTOMATED_TESTING = 1
    PATH = /sbin:/bin:/usr/sbin:/usr/bin:/usr/games:/usr/local/sbin:/usr/local/bin:/home/cpan/bin
    PERL5LIB = :/usr/home/cpan/pit/thr/conf/perl-5.12.0/.cpanplus/5.12.0/build/Digest-Haval256-1.0.5/blib/lib:/usr/home/cpan/pit/thr/conf/perl-5.12.0/.cpanplus/5.12.0/build/Digest-Haval256-1.0.5/blib/arch
    PERL5_CPANPLUS_IS_RUNNING = 1936
    PERL5_CPANPLUS_IS_VERSION = 0.9104
    PERL5_MINISMOKEBOX = 0.44
    PERL5_YACSMOKE_BASE = /usr/home/cpan/pit/thr/conf/perl-5.12.0
    PERL_EXTUTILS_AUTOINSTALL = --defaultdeps
    PERL_MM_USE_DEFAULT = 1
    SHELL = /usr/local/bin/bash
    TERM = screen

Perl special variables (and OS-specific diagnostics, for MSWin32):

    Perl: $^X = /usr/home/cpan/pit/thr/perl-5.12.0/bin/perl
    UID:  $<  = 1002
    EUID: $>  = 1002
    GID:  $(  = 1002 1002
    EGID: $)  = 1002 1002


-------------------------------


--

Summary of my perl5 (revision 5 version 12 subversion 0) configuration:
   
  Platform:
    osname=freebsd, osvers=9.0-current-201101, archname=amd64-freebsd-thread-multi
    uname='freebsd flooble.bingosnet.co.uk 9.0-current-201101 freebsd 9.0-current-201101 #0: mon jan 3 22:15:39 utc 2011 root@farrell.cse.buffalo.edu:usrobjusrsrcsysgeneric amd64 '
    config_args='-des -Dprefix=/usr/home/cpan/pit/thr/perl-5.12.0 -Dusethreads'
    hint=recommended, useposix=true, d_sigaction=define
    useithreads=define, usemultiplicity=define
    useperlio=define, d_sfio=undef, uselargefiles=define, usesocks=undef
    use64bitint=define, use64bitall=define, uselongdouble=undef
    usemymalloc=n, bincompat5005=undef
  Compiler:
    cc='cc', ccflags ='-DHAS_FPSETMASK -DHAS_FLOATINGPOINT_H -fno-strict-aliasing -pipe -fstack-protector -I/usr/local/include',
    optimize='-O',
    cppflags='-DHAS_FPSETMASK -DHAS_FLOATINGPOINT_H -fno-strict-aliasing -pipe -fstack-protector -I/usr/local/include'
    ccversion='', gccversion='4.2.1 20070719  [FreeBSD]', gccosandvers=''
    intsize=4, longsize=8, ptrsize=8, doublesize=8, byteorder=12345678
    d_longlong=define, longlongsize=8, d_longdbl=define, longdblsize=16
    ivtype='long', ivsize=8, nvtype='double', nvsize=8, Off_t='off_t', lseeksize=8
    alignbytes=8, prototype=define
  Linker and Libraries:
    ld='cc', ldflags ='-pthread -Wl,-E  -fstack-protector -L/usr/local/lib'
    libpth=/usr/lib /usr/local/lib
    libs=-lgdbm -lm -lcrypt
    perllibs=-lm -lcrypt
    libc=, so=so, useshrplib=false, libperl=libperl.a
    gnulibc_version=''
  Dynamic Linking:
    dlsrc=dl_dlopen.xs, dlext=so, d_dlsymun=undef, ccdlflags=' '
    cccdlflags='-DPIC -fPIC', lddlflags='-shared  -L/usr/local/lib -fstack-protector'


Characteristics of this binary (from libperl): 
  Compile-time options: MULTIPLICITY PERL_DONT_CREATE_GVSV
                        PERL_IMPLICIT_CONTEXT PERL_MALLOC_WRAP USE_64_BIT_ALL
                        USE_64_BIT_INT USE_ITHREADS USE_LARGE_FILES
                        USE_PERLIO USE_PERL_ATOF USE_REENTRANT_API
  Built under freebsd
  Compiled at Apr 29 2011 05:20:04
  %ENV:
    PERL5LIB=":/usr/home/cpan/pit/thr/conf/perl-5.12.0/.cpanplus/5.12.0/build/Digest-Haval256-1.0.5/blib/lib:/usr/home/cpan/pit/thr/conf/perl-5.12.0/.cpanplus/5.12.0/build/Digest-Haval256-1.0.5/blib/arch"
    PERL5_CPANPLUS_IS_RUNNING="1936"
    PERL5_CPANPLUS_IS_VERSION="0.9104"
    PERL5_MINISMOKEBOX="0.44"
    PERL5_YACSMOKE_BASE="/usr/home/cpan/pit/thr/conf/perl-5.12.0"
    PERL_EXTUTILS_AUTOINSTALL="--defaultdeps"
    PERL_MM_USE_DEFAULT="1"
  @INC:
    /usr/home/cpan/pit/thr/conf/perl-5.12.0/.cpanplus/5.12.0/build/Digest-Haval256-1.0.5/blib/lib
    /usr/home/cpan/pit/thr/conf/perl-5.12.0/.cpanplus/5.12.0/build/Digest-Haval256-1.0.5/blib/arch
    /usr/home/cpan/pit/thr/perl-5.12.0/lib/site_perl/5.12.0/amd64-freebsd-thread-multi
    /usr/home/cpan/pit/thr/perl-5.12.0/lib/site_perl/5.12.0
    /usr/home/cpan/pit/thr/perl-5.12.0/lib/5.12.0/amd64-freebsd-thread-multi
    /usr/home/cpan/pit/thr/perl-5.12.0/lib/5.12.0
    .