HTML-T5 v0.014 Perl 5 v5.41.10 amd64-midnightbsd-thread-multi
- Status
- Fail
- From
- Carlos Guevara
- Dist
-
HTML-T5 v0.014
- Platform
- Perl 5 v5.41.10 amd64-midnightbsd-thread-multi
- Date
- 2025-03-17 12:25:26
- ID
- e84a7d76-032a-11f0-b401-c2fbe0d3ecd4
This distribution has been tested as part of the CPAN Testers
project, supporting the Perl programming language. See
http://wiki.cpantesters.org/ for more information or email
questions to cpan-testers-discuss@perl.org
--
Dear Shlomi Fish,
This is a computer-generated report for HTML-T5-0.014
on perl 5.41.10, created by CPAN-Reporter-1.2020.
Thank you for uploading your work to CPAN. However, there was a problem
testing your distribution.
If you think this report is invalid, please consult the CPAN Testers Wiki
for suggestions on how to avoid getting FAIL reports for missing library
or binary dependencies, unsupported operating systems, and so on:
http://wiki.cpantesters.org/wiki/CPANAuthorNotes
Sections of this report:
* Tester comments
* Program output
* Prerequisites
* Environment and other context
------------------------------
TESTER COMMENTS
------------------------------
Additional comments from tester:
this report is from an automated smoke testing program
and was not reviewed by a human for accuracy
------------------------------
PROGRAM OUTPUT
------------------------------
Output from '/usr/bin/make test':
"/usr/home/cpan/bin/perl/bin/perl5.41.10" -MExtUtils::Command::MM -e 'cp_nonempty' -- T5.bs blib/arch/auto/HTML/T5/T5.bs 644
PERL_DL_NONLAZY=1 "/usr/home/cpan/bin/perl/bin/perl5.41.10" "-MExtUtils::Command::MM" "-MTest::Harness" "-e" "undef *Test::Harness::Switches; test_harness(0, 'blib/lib', 'blib/arch')" t/*.t
Can't load '/usr/home/cpan/.cpan/build/HTML-T5-0.014-0/blib/arch/auto/HTML/T5/T5.so' for module HTML::T5: Shared object "libtidy.so.58" not found, required by "T5.so" at /home/cpan/bin/perl/lib/5.41.10/amd64-midnightbsd-thread-multi/DynaLoader.pm line 206.
at t/00-load.t line 18.
Compilation failed in require at t/00-load.t line 18.
BEGIN failed--compilation aborted at t/00-load.t line 18.
# Looks like your test exited with 2 before it could output anything.
t/00-load.t ................
Dubious, test returned 2 (wstat 512, 0x200)
Failed 2/2 subtests
Can't load '/usr/home/cpan/.cpan/build/HTML-T5-0.014-0/blib/arch/auto/HTML/T5/T5.so' for module HTML::T5: Shared object "libtidy.so.58" not found, required by "T5.so" at /home/cpan/bin/perl/lib/5.41.10/amd64-midnightbsd-thread-multi/DynaLoader.pm line 206.
at t/cfg-for-parse.t line 16.
Compilation failed in require at t/cfg-for-parse.t line 16.
BEGIN failed--compilation aborted at t/cfg-for-parse.t line 16.
# Looks like your test exited with 2 before it could output anything.
t/cfg-for-parse.t ..........
Dubious, test returned 2 (wstat 512, 0x200)
Failed 3/3 subtests
Can't load '/usr/home/cpan/.cpan/build/HTML-T5-0.014-0/blib/arch/auto/HTML/T5/T5.so' for module HTML::T5: Shared object "libtidy.so.58" not found, required by "T5.so" at /home/cpan/bin/perl/lib/5.41.10/amd64-midnightbsd-thread-multi/DynaLoader.pm line 206.
at t/clean-crash.t line 23.
Compilation failed in require at t/clean-crash.t line 23.
BEGIN failed--compilation aborted at t/clean-crash.t line 23.
# Looks like your test exited with 2 before it could output anything.
t/clean-crash.t ............
Dubious, test returned 2 (wstat 512, 0x200)
Failed 2/2 subtests
Can't load '/usr/home/cpan/.cpan/build/HTML-T5-0.014-0/blib/arch/auto/HTML/T5/T5.so' for module HTML::T5: Shared object "libtidy.so.58" not found, required by "T5.so" at /home/cpan/bin/perl/lib/5.41.10/amd64-midnightbsd-thread-multi/DynaLoader.pm line 206.
at t/clean.t line 19.
Compilation failed in require at t/clean.t line 19.
BEGIN failed--compilation aborted at t/clean.t line 19.
# Looks like your test exited with 2 before it could output anything.
t/clean.t ..................
Dubious, test returned 2 (wstat 512, 0x200)
Failed 3/3 subtests
t/drop-empty-elements.t .... skipped: failure in recent libtidy 5
Can't load '/usr/home/cpan/.cpan/build/HTML-T5-0.014-0/blib/arch/auto/HTML/T5/T5.so' for module HTML::T5: Shared object "libtidy.so.58" not found, required by "T5.so" at /home/cpan/bin/perl/lib/5.41.10/amd64-midnightbsd-thread-multi/DynaLoader.pm line 206.
at t/extra-quote.t line 21.
Compilation failed in require at t/extra-quote.t line 21.
BEGIN failed--compilation aborted at t/extra-quote.t line 21.
# Looks like your test exited with 2 before it could output anything.
t/extra-quote.t ............
Dubious, test returned 2 (wstat 512, 0x200)
Failed 4/4 subtests
Can't load '/usr/home/cpan/.cpan/build/HTML-T5-0.014-0/blib/arch/auto/HTML/T5/T5.so' for module HTML::T5: Shared object "libtidy.so.58" not found, required by "T5.so" at /home/cpan/bin/perl/lib/5.41.10/amd64-midnightbsd-thread-multi/DynaLoader.pm line 206.
at /usr/home/cpan/.cpan/build/HTML-T5-0.014-0/blib/lib/Test/HTML/T5.pm line 10.
Compilation failed in require at /usr/home/cpan/.cpan/build/HTML-T5-0.014-0/blib/lib/Test/HTML/T5.pm line 10.
BEGIN failed--compilation aborted at /usr/home/cpan/.cpan/build/HTML-T5-0.014-0/blib/lib/Test/HTML/T5.pm line 10.
Compilation failed in require at t/html_fragment_tidy_ok.t line 19.
BEGIN failed--compilation aborted at t/html_fragment_tidy_ok.t line 19.
# Looks like your test exited with 2 before it could output anything.
t/html_fragment_tidy_ok.t ..
Dubious, test returned 2 (wstat 512, 0x200)
Failed 3/3 subtests
Can't load '/usr/home/cpan/.cpan/build/HTML-T5-0.014-0/blib/arch/auto/HTML/T5/T5.so' for module HTML::T5: Shared object "libtidy.so.58" not found, required by "T5.so" at /home/cpan/bin/perl/lib/5.41.10/amd64-midnightbsd-thread-multi/DynaLoader.pm line 206.
at /usr/home/cpan/.cpan/build/HTML-T5-0.014-0/blib/lib/Test/HTML/T5.pm line 10.
Compilation failed in require at /usr/home/cpan/.cpan/build/HTML-T5-0.014-0/blib/lib/Test/HTML/T5.pm line 10.
BEGIN failed--compilation aborted at /usr/home/cpan/.cpan/build/HTML-T5-0.014-0/blib/lib/Test/HTML/T5.pm line 10.
Compilation failed in require at t/html_tidy_ok.t line 19.
BEGIN failed--compilation aborted at t/html_tidy_ok.t line 19.
# Looks like your test exited with 2 before it could output anything.
t/html_tidy_ok.t ...........
Dubious, test returned 2 (wstat 512, 0x200)
Failed 5/5 subtests
Can't load '/usr/home/cpan/.cpan/build/HTML-T5-0.014-0/blib/arch/auto/HTML/T5/T5.so' for module HTML::T5: Shared object "libtidy.so.58" not found, required by "T5.so" at /home/cpan/bin/perl/lib/5.41.10/amd64-midnightbsd-thread-multi/DynaLoader.pm line 206.
at t/ignore-text.t line 18.
Compilation failed in require at t/ignore-text.t line 18.
BEGIN failed--compilation aborted at t/ignore-text.t line 18.
# Looks like your test exited with 2 before it could output anything.
t/ignore-text.t ............
Dubious, test returned 2 (wstat 512, 0x200)
Failed 3/3 subtests
Can't load '/usr/home/cpan/.cpan/build/HTML-T5-0.014-0/blib/arch/auto/HTML/T5/T5.so' for module HTML::T5: Shared object "libtidy.so.58" not found, required by "T5.so" at /home/cpan/bin/perl/lib/5.41.10/amd64-midnightbsd-thread-multi/DynaLoader.pm line 206.
at t/ignore.t line 17.
Compilation failed in require at t/ignore.t line 17.
BEGIN failed--compilation aborted at t/ignore.t line 17.
# Looks like your test exited with 2 before it could output anything.
t/ignore.t .................
Dubious, test returned 2 (wstat 512, 0x200)
Failed 9/9 subtests
Can't load '/usr/home/cpan/.cpan/build/HTML-T5-0.014-0/blib/arch/auto/HTML/T5/T5.so' for module HTML::T5: Shared object "libtidy.so.58" not found, required by "T5.so" at /home/cpan/bin/perl/lib/5.41.10/amd64-midnightbsd-thread-multi/DynaLoader.pm line 206.
at t/illegal-options.t line 19.
Compilation failed in require at t/illegal-options.t line 19.
BEGIN failed--compilation aborted at t/illegal-options.t line 19.
t/illegal-options.t ........
Dubious, test returned 2 (wstat 512, 0x200)
No subtests run
Can't load '/usr/home/cpan/.cpan/build/HTML-T5-0.014-0/blib/arch/auto/HTML/T5/T5.so' for module HTML::T5: Shared object "libtidy.so.58" not found, required by "T5.so" at /home/cpan/bin/perl/lib/5.41.10/amd64-midnightbsd-thread-multi/DynaLoader.pm line 206.
at t/levels.t line 15.
Compilation failed in require at t/levels.t line 15.
BEGIN failed--compilation aborted at t/levels.t line 15.
# Looks like your test exited with 2 before it could output anything.
t/levels.t .................
Dubious, test returned 2 (wstat 512, 0x200)
Failed 3/3 subtests
Can't load '/usr/home/cpan/.cpan/build/HTML-T5-0.014-0/blib/arch/auto/HTML/T5/T5.so' for module HTML::T5: Shared object "libtidy.so.58" not found, required by "T5.so" at /home/cpan/bin/perl/lib/5.41.10/amd64-midnightbsd-thread-multi/DynaLoader.pm line 206.
at t/message.t line 18.
Compilation failed in require at t/message.t line 18.
BEGIN failed--compilation aborted at t/message.t line 18.
# Looks like your test exited with 2 before it could output anything.
t/message.t ................
Dubious, test returned 2 (wstat 512, 0x200)
Failed 8/8 subtests
t/new-tags.t ............... skipped: failure in recent libtidy 5
Can't load '/usr/home/cpan/.cpan/build/HTML-T5-0.014-0/blib/arch/auto/HTML/T5/T5.so' for module HTML::T5: Shared object "libtidy.so.58" not found, required by "T5.so" at /home/cpan/bin/perl/lib/5.41.10/amd64-midnightbsd-thread-multi/DynaLoader.pm line 206.
at t/opt-00.t line 18.
Compilation failed in require at t/opt-00.t line 18.
BEGIN failed--compilation aborted at t/opt-00.t line 18.
# Looks like your test exited with 2 before it could output anything.
t/opt-00.t .................
Dubious, test returned 2 (wstat 512, 0x200)
Failed 1/1 subtests
Can't load '/usr/home/cpan/.cpan/build/HTML-T5-0.014-0/blib/arch/auto/HTML/T5/T5.so' for module HTML::T5: Shared object "libtidy.so.58" not found, required by "T5.so" at /home/cpan/bin/perl/lib/5.41.10/amd64-midnightbsd-thread-multi/DynaLoader.pm line 206.
at t/parse-errors.t line 19.
Compilation failed in require at t/parse-errors.t line 19.
BEGIN failed--compilation aborted at t/parse-errors.t line 19.
# Looks like your test exited with 2 before it could output anything.
t/parse-errors.t ...........
Dubious, test returned 2 (wstat 512, 0x200)
Failed 4/4 subtests
Can't load '/usr/home/cpan/.cpan/build/HTML-T5-0.014-0/blib/arch/auto/HTML/T5/T5.so' for module HTML::T5: Shared object "libtidy.so.58" not found, required by "T5.so" at /home/cpan/bin/perl/lib/5.41.10/amd64-midnightbsd-thread-multi/DynaLoader.pm line 206.
at t/parse.t line 19.
Compilation failed in require at t/parse.t line 19.
BEGIN failed--compilation aborted at t/parse.t line 19.
# Looks like your test exited with 2 before it could output anything.
t/parse.t ..................
Dubious, test returned 2 (wstat 512, 0x200)
Failed 2/2 subtests
Can't load '/usr/home/cpan/.cpan/build/HTML-T5-0.014-0/blib/arch/auto/HTML/T5/T5.so' for module HTML::T5: Shared object "libtidy.so.58" not found, required by "T5.so" at /home/cpan/bin/perl/lib/5.41.10/amd64-midnightbsd-thread-multi/DynaLoader.pm line 206.
at t/perfect.t line 18.
Compilation failed in require at t/perfect.t line 18.
BEGIN failed--compilation aborted at t/perfect.t line 18.
# Looks like your test exited with 2 before it could output anything.
t/perfect.t ................
Dubious, test returned 2 (wstat 512, 0x200)
Failed 3/3 subtests
Can't load '/usr/home/cpan/.cpan/build/HTML-T5-0.014-0/blib/arch/auto/HTML/T5/T5.so' for module HTML::T5: Shared object "libtidy.so.58" not found, required by "T5.so" at /home/cpan/bin/perl/lib/5.41.10/amd64-midnightbsd-thread-multi/DynaLoader.pm line 206.
at t/roundtrip.t line 18.
Compilation failed in require at t/roundtrip.t line 18.
BEGIN failed--compilation aborted at t/roundtrip.t line 18.
# Looks like your test exited with 2 before it could output anything.
t/roundtrip.t ..............
Dubious, test returned 2 (wstat 512, 0x200)
Failed 3/3 subtests
Can't load '/usr/home/cpan/.cpan/build/HTML-T5-0.014-0/blib/arch/auto/HTML/T5/T5.so' for module HTML::T5: Shared object "libtidy.so.58" not found, required by "T5.so" at /home/cpan/bin/perl/lib/5.41.10/amd64-midnightbsd-thread-multi/DynaLoader.pm line 206.
at t/segfault-form.t line 18.
Compilation failed in require at t/segfault-form.t line 18.
BEGIN failed--compilation aborted at t/segfault-form.t line 18.
# Looks like your test exited with 2 before it could output anything.
t/segfault-form.t ..........
Dubious, test returned 2 (wstat 512, 0x200)
Failed 3/3 subtests
t/show-info.t .............. skipped: failure in recent libtidy 5
Can't load '/usr/home/cpan/.cpan/build/HTML-T5-0.014-0/blib/arch/auto/HTML/T5/T5.so' for module HTML::T5: Shared object "libtidy.so.58" not found, required by "T5.so" at /home/cpan/bin/perl/lib/5.41.10/amd64-midnightbsd-thread-multi/DynaLoader.pm line 206.
at t/simple.t line 18.
Compilation failed in require at t/simple.t line 18.
BEGIN failed--compilation aborted at t/simple.t line 18.
# Looks like your test exited with 2 before it could output anything.
t/simple.t .................
Dubious, test returned 2 (wstat 512, 0x200)
Failed 4/4 subtests
Can't load '/usr/home/cpan/.cpan/build/HTML-T5-0.014-0/blib/arch/auto/HTML/T5/T5.so' for module HTML::T5: Shared object "libtidy.so.58" not found, required by "T5.so" at /home/cpan/bin/perl/lib/5.41.10/amd64-midnightbsd-thread-multi/DynaLoader.pm line 206.
at t/too-many-titles.t line 18.
Compilation failed in require at t/too-many-titles.t line 18.
BEGIN failed--compilation aborted at t/too-many-titles.t line 18.
# Looks like your test exited with 2 before it could output anything.
t/too-many-titles.t ........
Dubious, test returned 2 (wstat 512, 0x200)
Failed 4/4 subtests
Can't load '/usr/home/cpan/.cpan/build/HTML-T5-0.014-0/blib/arch/auto/HTML/T5/T5.so' for module HTML::T5: Shared object "libtidy.so.58" not found, required by "T5.so" at /home/cpan/bin/perl/lib/5.41.10/amd64-midnightbsd-thread-multi/DynaLoader.pm line 206.
at t/unicode-nbsp.t line 18.
Compilation failed in require at t/unicode-nbsp.t line 18.
BEGIN failed--compilation aborted at t/unicode-nbsp.t line 18.
# Looks like your test exited with 2 before it could output anything.
t/unicode-nbsp.t ...........
Dubious, test returned 2 (wstat 512, 0x200)
Failed 3/3 subtests
Can't load '/usr/home/cpan/.cpan/build/HTML-T5-0.014-0/blib/arch/auto/HTML/T5/T5.so' for module HTML::T5: Shared object "libtidy.so.58" not found, required by "T5.so" at /home/cpan/bin/perl/lib/5.41.10/amd64-midnightbsd-thread-multi/DynaLoader.pm line 206.
at t/unicode.t line 18.
Compilation failed in require at t/unicode.t line 18.
BEGIN failed--compilation aborted at t/unicode.t line 18.
# Looks like your test exited with 2 before it could output anything.
t/unicode.t ................
Dubious, test returned 2 (wstat 512, 0x200)
Failed 2/2 subtests
Can't load '/usr/home/cpan/.cpan/build/HTML-T5-0.014-0/blib/arch/auto/HTML/T5/T5.so' for module HTML::T5: Shared object "libtidy.so.58" not found, required by "T5.so" at /home/cpan/bin/perl/lib/5.41.10/amd64-midnightbsd-thread-multi/DynaLoader.pm line 206.
at t/venus.t line 18.
Compilation failed in require at t/venus.t line 18.
BEGIN failed--compilation aborted at t/venus.t line 18.
# Looks like your test exited with 2 before it could output anything.
t/venus.t ..................
Dubious, test returned 2 (wstat 512, 0x200)
Failed 2/2 subtests
Can't load '/usr/home/cpan/.cpan/build/HTML-T5-0.014-0/blib/arch/auto/HTML/T5/T5.so' for module HTML::T5: Shared object "libtidy.so.58" not found, required by "T5.so" at /home/cpan/bin/perl/lib/5.41.10/amd64-midnightbsd-thread-multi/DynaLoader.pm line 206.
at t/version.t line 18.
Compilation failed in require at t/version.t line 18.
BEGIN failed--compilation aborted at t/version.t line 18.
# Looks like your test exited with 2 before it could output anything.
t/version.t ................
Dubious, test returned 2 (wstat 512, 0x200)
Failed 1/1 subtests
Can't load '/usr/home/cpan/.cpan/build/HTML-T5-0.014-0/blib/arch/auto/HTML/T5/T5.so' for module HTML::T5: Shared object "libtidy.so.58" not found, required by "T5.so" at /home/cpan/bin/perl/lib/5.41.10/amd64-midnightbsd-thread-multi/DynaLoader.pm line 206.
at t/wordwrap.t line 18.
Compilation failed in require at t/wordwrap.t line 18.
BEGIN failed--compilation aborted at t/wordwrap.t line 18.
# Looks like your test exited with 2 before it could output anything.
t/wordwrap.t ...............
Dubious, test returned 2 (wstat 512, 0x200)
Failed 1/1 subtests
Test Summary Report
-------------------
t/00-load.t (Wstat: 512 (exited 2) Tests: 0 Failed: 0)
Non-zero exit status: 2
Parse errors: Bad plan. You planned 2 tests but ran 0.
t/cfg-for-parse.t (Wstat: 512 (exited 2) Tests: 0 Failed: 0)
Non-zero exit status: 2
Parse errors: Bad plan. You planned 3 tests but ran 0.
t/clean-crash.t (Wstat: 512 (exited 2) Tests: 0 Failed: 0)
Non-zero exit status: 2
Parse errors: Bad plan. You planned 2 tests but ran 0.
t/clean.t (Wstat: 512 (exited 2) Tests: 0 Failed: 0)
Non-zero exit status: 2
Parse errors: Bad plan. You planned 3 tests but ran 0.
t/extra-quote.t (Wstat: 512 (exited 2) Tests: 0 Failed: 0)
Non-zero exit status: 2
Parse errors: Bad plan. You planned 4 tests but ran 0.
t/html_fragment_tidy_ok.t (Wstat: 512 (exited 2) Tests: 0 Failed: 0)
Non-zero exit status: 2
Parse errors: Bad plan. You planned 3 tests but ran 0.
t/html_tidy_ok.t (Wstat: 512 (exited 2) Tests: 0 Failed: 0)
Non-zero exit status: 2
Parse errors: Bad plan. You planned 5 tests but ran 0.
t/ignore-text.t (Wstat: 512 (exited 2) Tests: 0 Failed: 0)
Non-zero exit status: 2
Parse errors: Bad plan. You planned 3 tests but ran 0.
t/ignore.t (Wstat: 512 (exited 2) Tests: 0 Failed: 0)
Non-zero exit status: 2
Parse errors: Bad plan. You planned 9 tests but ran 0.
t/illegal-options.t (Wstat: 512 (exited 2) Tests: 0 Failed: 0)
Non-zero exit status: 2
Parse errors: No plan found in TAP output
t/levels.t (Wstat: 512 (exited 2) Tests: 0 Failed: 0)
Non-zero exit status: 2
Parse errors: Bad plan. You planned 3 tests but ran 0.
t/message.t (Wstat: 512 (exited 2) Tests: 0 Failed: 0)
Non-zero exit status: 2
Parse errors: Bad plan. You planned 8 tests but ran 0.
t/opt-00.t (Wstat: 512 (exited 2) Tests: 0 Failed: 0)
Non-zero exit status: 2
Parse errors: Bad plan. You planned 1 tests but ran 0.
t/parse-errors.t (Wstat: 512 (exited 2) Tests: 0 Failed: 0)
Non-zero exit status: 2
Parse errors: Bad plan. You planned 4 tests but ran 0.
t/parse.t (Wstat: 512 (exited 2) Tests: 0 Failed: 0)
Non-zero exit status: 2
Parse errors: Bad plan. You planned 2 tests but ran 0.
t/perfect.t (Wstat: 512 (exited 2) Tests: 0 Failed: 0)
Non-zero exit status: 2
Parse errors: Bad plan. You planned 3 tests but ran 0.
t/roundtrip.t (Wstat: 512 (exited 2) Tests: 0 Failed: 0)
Non-zero exit status: 2
Parse errors: Bad plan. You planned 3 tests but ran 0.
t/segfault-form.t (Wstat: 512 (exited 2) Tests: 0 Failed: 0)
Non-zero exit status: 2
Parse errors: Bad plan. You planned 3 tests but ran 0.
t/simple.t (Wstat: 512 (exited 2) Tests: 0 Failed: 0)
Non-zero exit status: 2
Parse errors: Bad plan. You planned 4 tests but ran 0.
t/too-many-titles.t (Wstat: 512 (exited 2) Tests: 0 Failed: 0)
Non-zero exit status: 2
Parse errors: Bad plan. You planned 4 tests but ran 0.
t/unicode-nbsp.t (Wstat: 512 (exited 2) Tests: 0 Failed: 0)
Non-zero exit status: 2
Parse errors: Bad plan. You planned 3 tests but ran 0.
t/unicode.t (Wstat: 512 (exited 2) Tests: 0 Failed: 0)
Non-zero exit status: 2
Parse errors: Bad plan. You planned 2 tests but ran 0.
t/venus.t (Wstat: 512 (exited 2) Tests: 0 Failed: 0)
Non-zero exit status: 2
Parse errors: Bad plan. You planned 2 tests but ran 0.
t/version.t (Wstat: 512 (exited 2) Tests: 0 Failed: 0)
Non-zero exit status: 2
Parse errors: Bad plan. You planned 1 tests but ran 0.
t/wordwrap.t (Wstat: 512 (exited 2) Tests: 0 Failed: 0)
Non-zero exit status: 2
Parse errors: Bad plan. You planned 1 tests but ran 0.
Files=28, Tests=0, 1 wallclock secs ( 0.05 usr 0.03 sys + 0.91 cusr 0.26 csys = 1.25 CPU)
Result: FAIL
Failed 25/28 test programs. 0/0 subtests failed.
*** Error code 2
Stop.
make: stopped in /usr/home/cpan/.cpan/build/HTML-T5-0.014-0
------------------------------
PREREQUISITES
------------------------------
Prerequisite modules loaded:
requires:
Module Need Have
-------------------- -------- --------
Carp 0 1.54
constant 0 1.33
Encode 0 3.21
Exporter 0 5.79
Getopt::Long 0 2.58
perl 5.010001 5.041010
Test::Builder 0 1.302209
Test::Exception 0 0.43
Test::More 0.98 1.302209
build_requires:
Module Need Have
-------------------- -------- --------
ExtUtils::MakeMaker 0 7.72
configure_requires:
Module Need Have
-------------------- -------- --------
Alien::Base::Wrapper 2.02 2.84
Alien::TidyHTML5 v0.3.0 v0.3.5
ExtUtils::MakeMaker 6.52 7.72
------------------------------
ENVIRONMENT AND OTHER CONTEXT
------------------------------
Environment variables:
AUTOMATED_TESTING = 1
DATE_MANIP_TEST_DM5 = 1
LC_ALL = C
NONINTERACTIVE_TESTING = 1
NO_NETWORK_TESTING = 1
PATH = /home/cpan/bin/perl/bin:/home/cpan/bin:/sbin:/bin:/usr/sbin:/usr/bin:/usr/games:/usr/local/sbin:/usr/local/bin:/home/cpan/bin
PERL5LIB =
PERL5OPT =
PERL5_CPANPLUS_IS_RUNNING = 8667
PERL5_CPAN_IS_RUNNING = 8667
PERL_MM_USE_DEFAULT = 1
PERL_USE_UNSAFE_INC = 1
SHELL = /usr/local/bin/bash
TERM = screen
TMPDIR = /home/cpan/tmp
Perl special variables (and OS-specific diagnostics, for MSWin32):
$^X = /usr/home/cpan/bin/perl/bin/perl5.41.10
$UID/$EUID = 1002 / 1002
$GID = 1002 1002
$EGID = 1002 1002
Perl module toolchain versions installed:
Module Have
------------------- --------
CPAN 2.38
CPAN::Meta 2.150010
Cwd 3.92
ExtUtils::CBuilder 0.280240
ExtUtils::Command 7.72
ExtUtils::Install 2.22
ExtUtils::MakeMaker 7.72
ExtUtils::Manifest 1.75
ExtUtils::ParseXS 3.57
File::Spec 3.93
JSON 4.10
JSON::PP 4.16
Module::Build 0.4234
Module::Signature 0.89
Parse::CPAN::Meta 2.150010
Test2 1.302209
Test::Harness 3.50
Test::More 1.302209
YAML 1.31
YAML::Syck 1.34
version 0.9933
--
Summary of my perl5 (revision 5 version 41 subversion 10) configuration:
Commit id: eb87a4a2055bc69b3fcc6f971fbab1003cd49487
Platform:
osname=midnightbsd
osvers=3.2.1
archname=amd64-midnightbsd-thread-multi
uname='midnightbsd cjg-midnightbsd3 3.2.1 midnightbsd 3.2.1 #15n13132-0869ed7092(stable3.2)-dirty: wed nov 6 12:53:25 est 2024 root@m3264:usrobjusrsrcamd64.amd64sysgeneric amd64 '
config_args='-des -Dprefix=/home/cpan/bin/perl -Dscriptdir=/home/cpan/bin/perl/bin -Dusedevel -Duse64bitall -Duseithreads'
hint=recommended
useposix=true
d_sigaction=define
useithreads=define
usemultiplicity=define
use64bitint=define
use64bitall=define
uselongdouble=undef
usemymalloc=n
default_inc_excludes_dot=define
Compiler:
cc='cc'
ccflags ='-DHAS_FPSETMASK -DHAS_FLOATINGPOINT_H -fno-strict-aliasing -pipe -fstack-protector-strong -I/usr/local/include'
optimize='-O'
cppflags='-DHAS_FPSETMASK -DHAS_FLOATINGPOINT_H -fno-strict-aliasing -pipe -fstack-protector-strong -I/usr/local/include'
ccversion=''
gccversion='MidnightBSD Clang 13.0.0 (git@github.com:llvm/llvm-project.git llvmorg-13.0.0-0-gd7b669b3a303)'
gccosandvers=''
intsize=4
longsize=8
ptrsize=8
doublesize=8
byteorder=12345678
doublekind=3
d_longlong=define
longlongsize=8
d_longdbl=define
longdblsize=16
longdblkind=3
ivtype='long'
ivsize=8
nvtype='double'
nvsize=8
Off_t='off_t'
lseeksize=8
alignbytes=8
prototype=define
Linker and Libraries:
ld='cc'
ldflags ='-pthread -Wl,-E -fstack-protector-strong -L/usr/local/lib'
libpth=/usr/lib /usr/local/lib /usr/lib/clang/13.0.0/lib
libs=-lpthread -lgdbm -ldl -lm -lcrypt
perllibs=-lpthread -ldl -lm -lcrypt
libc=
so=so
useshrplib=false
libperl=libperl.a
gnulibc_version=''
Dynamic Linking:
dlsrc=dl_dlopen.xs
dlext=so
d_dlsymun=undef
ccdlflags=' '
cccdlflags='-DPIC -fPIC'
lddlflags='-shared -L/usr/local/lib -fstack-protector-strong'
Characteristics of this binary (from libperl):
Compile-time options:
HAS_LONG_DOUBLE
HAS_STRTOLD
HAS_TIMES
MULTIPLICITY
PERLIO_LAYERS
PERL_COPY_ON_WRITE
PERL_DONT_CREATE_GVSV
PERL_HASH_FUNC_SIPHASH13
PERL_HASH_USE_SBOX32
PERL_MALLOC_WRAP
PERL_OP_PARENT
PERL_PRESERVE_IVUV
PERL_USE_DEVEL
PERL_USE_SAFE_PUTENV
USE_64_BIT_ALL
USE_64_BIT_INT
USE_ITHREADS
USE_LARGE_FILES
USE_LOCALE
USE_LOCALE_COLLATE
USE_LOCALE_CTYPE
USE_LOCALE_NUMERIC
USE_LOCALE_TIME
USE_PERLIO
USE_PERL_ATOF
USE_REENTRANT_API
USE_THREAD_SAFE_LOCALE
Built under midnightbsd
Compiled at Mar 16 2025 05:14:51
%ENV:
PERL5LIB=""
PERL5OPT=""
PERL5_CPANPLUS_IS_RUNNING="8667"
PERL5_CPAN_IS_RUNNING="8667"
PERL_MM_USE_DEFAULT="1"
PERL_USE_UNSAFE_INC="1"
@INC:
/home/cpan/bin/perl/lib/site_perl/5.41.10/amd64-midnightbsd-thread-multi
/home/cpan/bin/perl/lib/site_perl/5.41.10
/home/cpan/bin/perl/lib/5.41.10/amd64-midnightbsd-thread-multi
/home/cpan/bin/perl/lib/5.41.10
.