Report for POE-Loop-AnyEvent-0.004

Back
From: metabase:user:320bfe00-2aae-11df-837a-5e0a49663a4f
Subject: FAIL POE-Loop-AnyEvent-0.004 v5.22.3 RC3 GNU/Linux
Date: 2016-08-12T16:29:14Z

This distribution has been tested as part of the CPAN Testers
project, supporting the Perl programming language.  See
http://wiki.cpantesters.org/ for more information or email
questions to cpan-testers-discuss@perl.org


--
Dear Chris Williams,

This is a computer-generated report for POE-Loop-AnyEvent-0.004
on perl 5.22.3, created by CPAN-Reporter-1.2018.

Thank you for uploading your work to CPAN.  However, there was a problem
testing your distribution.

If you think this report is invalid, please consult the CPAN Testers Wiki
for suggestions on how to avoid getting FAIL reports for missing library
or binary dependencies, unsupported operating systems, and so on:

http://wiki.cpantesters.org/wiki/CPANAuthorNotes

Sections of this report:

    * Tester comments
    * Program output
    * Prerequisites
    * Environment and other context

------------------------------
TESTER COMMENTS
------------------------------

Additional comments from tester:

this report is from an automated smoke testing program
and was not reviewed by a human for accuracy

------------------------------
PROGRAM OUTPUT
------------------------------

Output from '/usr/bin/make test':

PERL_DL_NONLAZY=1 "/tmp/basesmoker-reloperl-EaSj/bin/perl" "-MExtUtils::Command::MM" "-MTest::Harness" "-e" "undef *Test::Harness::Switches; test_harness(0, 'blib/lib', 'blib/arch')" t/*.t t/poe_loop_anyevent/*.t
# Testing POE 1.367, Perl 5.022003, /tmp/basesmoker-reloperl-EaSj/bin/perl on linux
t/00_info.t ......................................... ok
# Testing POE 1.367, POE::Test::Loops 1.360, Using Loop(POE::Loop::AnyEvent), Perl 5.022003, /tmp/basesmoker-reloperl-EaSj/bin/perl on linux
t/poe_loop_anyevent/00_info.t ....................... ok
t/poe_loop_anyevent/all_errors.t .................... skipped: most of these should move into other test files
t/poe_loop_anyevent/comp_tcp.t ...................... ok
# You might see a 'disconnect' error during this test.
# It may be ignored.
t/poe_loop_anyevent/comp_tcp_concurrent.t ........... ok
t/poe_loop_anyevent/connect_errors.t ................ ok
t/poe_loop_anyevent/k_alarms.t ...................... ok
t/poe_loop_anyevent/k_aliases.t ..................... ok
t/poe_loop_anyevent/k_detach.t ...................... ok
t/poe_loop_anyevent/k_run_returns.t ................. ok
t/poe_loop_anyevent/k_selects.t ..................... ok
t/poe_loop_anyevent/k_sig_child.t ................... ok
t/poe_loop_anyevent/k_signals.t ..................... ok
t/poe_loop_anyevent/k_signals_rerun.t ............... ok
t/poe_loop_anyevent/sbk_signal_init.t ............... ok
t/poe_loop_anyevent/ses_nfa.t ....................... ok
# This test generates some STDERR during trace testing.
=== 25103 === 23 -> _start (from /home/sand/src/perl/repoperls/installed-perls/host/k93x64sid/v5.22.3-RC3/9af6/lib/site_perl/5.22.3/POE/Kernel.pm at 1497)
=== 25103 === 23 -> woot (from /home/sand/src/perl/repoperls/installed-perls/host/k93x64sid/v5.22.3-RC3/9af6/lib/site_perl/5.22.3/POE/Test/Loops/ses_session.pm at 691)
=== 25103 === 23 -> narf (from /home/sand/src/perl/repoperls/installed-perls/host/k93x64sid/v5.22.3-RC3/9af6/lib/site_perl/5.22.3/POE/Test/Loops/ses_session.pm at 692)
=== 25103 === 23 -> _stop (from /home/sand/src/perl/repoperls/installed-perls/host/k93x64sid/v5.22.3-RC3/9af6/lib/site_perl/5.22.3/POE/Resource/Sessions.pm at 571)
t/poe_loop_anyevent/ses_session.t ................... ok
t/poe_loop_anyevent/wheel_accept.t .................. ok
t/poe_loop_anyevent/wheel_curses.t .................. skipped: Need help with Curses functions blocking under ptys
t/poe_loop_anyevent/wheel_readline.t ................ ok
t/poe_loop_anyevent/wheel_readwrite.t ............... ok
t/poe_loop_anyevent/wheel_run.t ..................... ok
t/poe_loop_anyevent/wheel_run_size.t ................ ok
t/poe_loop_anyevent/wheel_sf_ipv6.t ................. skipped: Socket::GetAddrInfo is needed for IPv6 tests
t/poe_loop_anyevent/wheel_sf_tcp.t .................. ok
t/poe_loop_anyevent/wheel_sf_udp.t .................. ok
t/poe_loop_anyevent/wheel_sf_unix.t ................. ok
t/poe_loop_anyevent/wheel_tail.t .................... ok
t/poe_loop_anyevent/z_kogman_sig_order.t ............ ok
t/poe_loop_anyevent/z_leolo_wheel_run.t ............. ok
# Using '/bin/true' as our thing to run under system()
t/poe_loop_anyevent/z_merijn_sigchld_system.t ....... ok
test case didn't end sanely at /home/sand/src/perl/repoperls/installed-perls/host/k93x64sid/v5.22.3-RC3/9af6/lib/site_perl/5.22.3/POE/Test/Loops/z_rt39872_sigchld.pm line 117.
Compilation failed in require at t/poe_loop_anyevent/z_rt39872_sigchld.t line 21.
# Looks like your test exited with 4 just after 4.
t/poe_loop_anyevent/z_rt39872_sigchld.t ............. 
Dubious, test returned 4 (wstat 1024, 0x400)
Failed 2/6 subtests 
# Parent 25143 waiting 3sec for slow systems to settle.
# sending sigusr1
# sent sigusr1
t/poe_loop_anyevent/z_rt39872_sigchld_stop.t ........ ok
t/poe_loop_anyevent/z_rt53302_fh_watchers.t ......... ok
t/poe_loop_anyevent/z_rt54319_bazerka_followtail.t .. ok
t/poe_loop_anyevent/z_steinert_signal_integrity.t ... ok
t/release-pod-syntax.t .............................. skipped: these tests are for release candidate testing

Test Summary Report
-------------------
t/poe_loop_anyevent/z_rt39872_sigchld.t           (Wstat: 1024 Tests: 4 Failed: 0)
  Non-zero exit status: 4
  Parse errors: Bad plan.  You planned 6 tests but ran 4.
Files=37, Tests=488, 33 wallclock secs ( 0.11 usr  0.14 sys +  3.25 cusr  0.83 csys =  4.33 CPU)
Result: FAIL
Failed 1/37 test programs. 0/488 subtests failed.
Makefile:867: recipe for target 'test_dynamic' failed
make: *** [test_dynamic] Error 255

------------------------------
PREREQUISITES
------------------------------

Prerequisite modules loaded:

requires:

    Module              Need  Have 
    ------------------- ----- -----
    AnyEvent            0     7.12 
    POE                 1.289 1.367

build_requires:

    Module              Need  Have 
    ------------------- ----- -----
    ExtUtils::MakeMaker 0     7.22 

configure_requires:

    Module              Need  Have 
    ------------------- ----- -----
    ExtUtils::MakeMaker 6.30  7.22 
    POE::Test::Loops    1.035 1.360


------------------------------
ENVIRONMENT AND OTHER CONTEXT
------------------------------

Environment variables:

    AUTOMATED_TESTING = 1
    LANG = C
    PATH = /home/sand/bin:/usr/local/bin:/usr/bin:/bin:/usr/games:/usr/local/perl/bin:/usr/X11/bin:/sbin:/usr/sbin
    PERL5LIB = 
    PERL5OPT = 
    PERL5_CPANPLUS_IS_RUNNING = 23880
    PERL5_CPAN_IS_RUNNING = 23880
    PERL_CANARY_STABILITY_NOPROMPT = 1
    PERL_MM_USE_DEFAULT = 1
    SHELL = /usr/bin/zsh
    TERM = screen

Perl special variables (and OS-specific diagnostics, for MSWin32):

    $^X = /tmp/basesmoker-reloperl-EaSj/bin/perl
    $UID/$EUID = 1005 / 1005
    $GID = 1005 1005
    $EGID = 1005 1005

Perl module toolchain versions installed:

    Module              Have      
    ------------------- ----------
    CPAN                2.15      
    CPAN::Meta          2.150005  
    Cwd                 3.62      
    ExtUtils::CBuilder  0.280224  
    ExtUtils::Command   7.22      
    ExtUtils::Install   2.04      
    ExtUtils::MakeMaker 7.22      
    ExtUtils::Manifest  1.70      
    ExtUtils::ParseXS   3.28      
    File::Spec          3.62      
    JSON                2.90      
    JSON::PP            2.27300_01
    Module::Build       0.4218    
    Module::Signature   0.80      
    Parse::CPAN::Meta   1.4422    
    Test::Harness       3.36      
    Test::More          1.302049  
    YAML                1.18      
    YAML::Syck          1.29      
    version             0.9917    


--

Summary of my perl5 (revision 5 version 22 subversion 3) configuration:
  Commit id: caf571efd1ab92ed6c7334a30070c0d96f5dfe7e
  Platform:
    osname=linux, osvers=4.6.0-1-amd64, archname=x86_64-linux-thread-multi
    uname='linux k93x64sid 4.6.0-1-amd64 #1 smp debian 4.6.2-2 (2016-06-25) x86_64 gnulinux '
    config_args='-Dprefix=/home/sand/src/perl/repoperls/installed-perls/host/k93x64sid/v5.22.3-RC3/9af6 -Dmyhostname=k93x64sid -Dinstallusrbinperl=n -Uversiononly -Dusedevel -des -Ui_db -Dlibswanted=cl pthread socket inet nsl gdbm dbm malloc dl ld sun m crypt sec util c cposix posix ucb BSD gdbm_compat -Duseithreads -Uuselongdouble -DDEBUGGING=-g'
    hint=recommended, useposix=true, d_sigaction=define
    useithreads=define, usemultiplicity=define
    use64bitint=define, use64bitall=define, uselongdouble=undef
    usemymalloc=n, bincompat5005=undef
  Compiler:
    cc='cc', ccflags ='-D_REENTRANT -D_GNU_SOURCE -fwrapv -fno-strict-aliasing -pipe -fstack-protector-strong -I/usr/local/include -D_LARGEFILE_SOURCE -D_FILE_OFFSET_BITS=64',
    optimize='-O2 -g',
    cppflags='-D_REENTRANT -D_GNU_SOURCE -fwrapv -fno-strict-aliasing -pipe -fstack-protector-strong -I/usr/local/include'
    ccversion='', gccversion='6.1.1 20160802', gccosandvers=''
    intsize=4, longsize=8, ptrsize=8, doublesize=8, byteorder=12345678, doublekind=3
    d_longlong=define, longlongsize=8, d_longdbl=define, longdblsize=16, longdblkind=3
    ivtype='long', ivsize=8, nvtype='double', nvsize=8, Off_t='off_t', lseeksize=8
    alignbytes=8, prototype=define
  Linker and Libraries:
    ld='cc', ldflags =' -fstack-protector-strong -L/usr/local/lib'
    libpth=/usr/local/lib /usr/lib/gcc/x86_64-linux-gnu/6/include-fixed /usr/include/x86_64-linux-gnu /usr/lib /lib/x86_64-linux-gnu /lib/../lib /usr/lib/x86_64-linux-gnu /usr/lib/../lib /lib
    libs=-lpthread -lnsl -ldl -lm -lcrypt -lutil -lc
    perllibs=-lpthread -lnsl -ldl -lm -lcrypt -lutil -lc
    libc=libc-2.23.so, so=so, useshrplib=false, libperl=libperl.a
    gnulibc_version='2.23'
  Dynamic Linking:
    dlsrc=dl_dlopen.xs, dlext=so, d_dlsymun=undef, ccdlflags='-Wl,-E'
    cccdlflags='-fPIC', lddlflags='-shared -O2 -g -L/usr/local/lib -fstack-protector-strong'


Characteristics of this binary (from libperl): 
  Compile-time options: HAS_TIMES MULTIPLICITY PERLIO_LAYERS
                        PERL_DONT_CREATE_GVSV
                        PERL_HASH_FUNC_ONE_AT_A_TIME_HARD
                        PERL_IMPLICIT_CONTEXT PERL_MALLOC_WRAP
                        PERL_NEW_COPY_ON_WRITE PERL_PRESERVE_IVUV
                        PERL_USE_DEVEL USE_64_BIT_ALL USE_64_BIT_INT
                        USE_ITHREADS USE_LARGE_FILES USE_LOCALE
                        USE_LOCALE_COLLATE USE_LOCALE_CTYPE
                        USE_LOCALE_NUMERIC USE_LOCALE_TIME USE_PERLIO
                        USE_PERL_ATOF USE_REENTRANT_API
  Locally applied patches:
	RC3
  Built under linux
  Compiled at Aug 12 2016 05:20:39
  %ENV:
    PERL5LIB=""
    PERL5OPT=""
    PERL5_CPANPLUS_IS_RUNNING="23880"
    PERL5_CPAN_IS_RUNNING="23880"
    PERL_CANARY_STABILITY_NOPROMPT="1"
    PERL_MM_USE_DEFAULT="1"
  @INC:
    /home/sand/src/perl/repoperls/installed-perls/host/k93x64sid/v5.22.3-RC3/9af6/lib/site_perl/5.22.3/x86_64-linux-thread-multi
    /home/sand/src/perl/repoperls/installed-perls/host/k93x64sid/v5.22.3-RC3/9af6/lib/site_perl/5.22.3
    /home/sand/src/perl/repoperls/installed-perls/host/k93x64sid/v5.22.3-RC3/9af6/lib/5.22.3/x86_64-linux-thread-multi
    /home/sand/src/perl/repoperls/installed-perls/host/k93x64sid/v5.22.3-RC3/9af6/lib/5.22.3
    .