Report for Dancer-Plugin-Fake-Response-0.03

Back
From: metabase:user:320bfe00-2aae-11df-837a-5e0a49663a4f
Subject: FAIL Dancer-Plugin-Fake-Response-0.03 v5.21.3 GNU/Linux
Date: 2014-08-01T15:52:58Z

This distribution has been tested as part of the CPAN Testers
project, supporting the Perl programming language.  See
http://wiki.cpantesters.org/ for more information or email
questions to cpan-testers-discuss@perl.org


--
Dear Nicolas Oudard,

This is a computer-generated report for Dancer-Plugin-Fake-Response-0.03
on perl 5.21.3, created by CPAN-Reporter-1.2011.

Thank you for uploading your work to CPAN.  However, there was a problem
testing your distribution.

If you think this report is invalid, please consult the CPAN Testers Wiki
for suggestions on how to avoid getting FAIL reports for missing library
or binary dependencies, unsupported operating systems, and so on:

http://wiki.cpantesters.org/wiki/CPANAuthorNotes

Sections of this report:

    * Tester comments
    * Program output
    * Prerequisites
    * Environment and other context

------------------------------
TESTER COMMENTS
------------------------------

Additional comments from tester:

this report is from an automated smoke testing program
and was not reviewed by a human for accuracy

------------------------------
PROGRAM OUTPUT
------------------------------

Output from './Build test':

# Testing Dancer::Plugin::Fake::Response 0.03, Perl 5.021003, /tmp/basesmoker-reloperl-YtaH/bin/perl
t/00-load.t .................. ok

#   Failed test '/rewrite_fake_route/:id.:format return data configured in plugin setting'
#   at t/01-catch_fake_exception.t line 61.
#          got: '{"id":"1","test":"get test"}'
#     expected: '{"test":"get test","id":"1"}'

#   Failed test '/rewrite_fake_route/:id.:format return data configured in plugin setting'
#   at t/01-catch_fake_exception.t line 69.
#          got: '{"id":"3","test":"post test"}'
#     expected: '{"test":"post test","id":"3"}'

#   Failed test '/rewrite_fake_route/:id.:format return data configured in plugin setting'
#   at t/01-catch_fake_exception.t line 73.
#          got: '{"id":"4","test":"delete test"}'
#     expected: '{"test":"delete test","id":"4"}'
# Looks like you failed 3 tests of 12.
t/01-catch_fake_exception.t .. 
Dubious, test returned 3 (wstat 768, 0x300)
Failed 3/12 subtests 

#   Failed test '/rewrite_fake_route/:id.:format return data configured in plugin setting'
#   at t/02-dynamic_params.t line 69.
#          got: '{"asked_id":"12","fake_params":":fake","id":"1","test":"get test"}'
#     expected: '{"test":"get test","asked_id":"12","fake_params":":fake","id":"1"}'

#   Failed test '/rewrite_fake_route/:id.:format return data configured in plugin setting'
#   at t/02-dynamic_params.t line 73.
#          got: '{"id":"2","asked_id":"12","fake_params":":fake","test":"put test"}'
#     expected: '{"test":"put test","asked_id":"12","fake_params":":fake","id":"2"}'

#   Failed test '/rewrite_fake_route/:id.:format return data configured in plugin setting'
#   at t/02-dynamic_params.t line 77.
#          got: '{"test":"post test","id":"3","fake_params":":fake","asked_id":"json"}'
#     expected: '{"test":"post test","asked_id":"json","fake_params":":fake","id":"3"}'

#   Failed test '/rewrite_fake_route/:id.:format return data configured in plugin setting'
#   at t/02-dynamic_params.t line 81.
#          got: '{"id":"4","asked_id":"12","fake_params":":fake","test":"delete test"}'
#     expected: '{"test":"delete test","asked_id":"12","fake_params":":fake","id":"4"}'
# Looks like you failed 4 tests of 12.
t/02-dynamic_params.t ........ 
Dubious, test returned 4 (wstat 1024, 0x400)
Failed 4/12 subtests 
t/boilerplate.t .............. ok
t/manifest.t ................. skipped: Author tests not required for installation
t/pod-coverage.t ............. ok
t/pod.t ...................... ok

Test Summary Report
-------------------
t/01-catch_fake_exception.t (Wstat: 768 Tests: 12 Failed: 3)
  Failed tests:  3, 9, 12
  Non-zero exit status: 3
t/02-dynamic_params.t      (Wstat: 1024 Tests: 12 Failed: 4)
  Failed tests:  3, 6, 9, 12
  Non-zero exit status: 4
t/boilerplate.t            (Wstat: 0 Tests: 3 Failed: 0)
  TODO passed:   2
Files=7, Tests=30,  1 wallclock secs ( 0.03 usr  0.01 sys +  0.78 cusr  0.06 csys =  0.88 CPU)
Result: FAIL
Failed 2/7 test programs. 7/30 subtests failed.

------------------------------
PREREQUISITES
------------------------------

Prerequisite modules loaded:

requires:

    Module               Need  Have    
    -------------------- ----- --------
    Dancer               1.302 1.3126  
    Dancer::Plugin::REST 0.04  0.11    
    Test::More           0     1.001003

build_requires:

    Module               Need  Have    
    -------------------- ----- --------
    Test::More           0     1.001003

configure_requires:

    Module               Need  Have    
    -------------------- ----- --------
    Module::Build        0.38  0.4206  


------------------------------
ENVIRONMENT AND OTHER CONTEXT
------------------------------

Environment variables:

    AUTOMATED_TESTING = 1
    LANG = en_US.UTF-8
    LANGUAGE = en_US:en
    PATH = /usr/lib/ccache:/home/sand/bin:/usr/local/bin:/usr/bin:/bin:/usr/games:/usr/local/perl/bin:/usr/X11/bin:/sbin:/usr/sbin
    PERL = /tmp/basesmoker-reloperl-YtaH/bin/perl
    PERL5LIB = 
    PERL5OPT = 
    PERL5_CPANPLUS_IS_RUNNING = 11117
    PERL5_CPAN_IS_RUNNING = 11117
    PERL_MM_USE_DEFAULT = 1
    SHELL = /usr/bin/zsh
    TERM = screen

Perl special variables (and OS-specific diagnostics, for MSWin32):

    $^X = /tmp/basesmoker-reloperl-YtaH/bin/perl
    $UID/$EUID = 1005 / 1005
    $GID = 1005 1005
    $EGID = 1005 1005

Perl module toolchain versions installed:

    Module              Have    
    ------------------- --------
    CPAN                2.05    
    CPAN::Meta          2.142060
    Cwd                 3.49    
    ExtUtils::CBuilder  0.280216
    ExtUtils::Command   1.18    
    ExtUtils::Install   1.68    
    ExtUtils::MakeMaker 6.98    
    ExtUtils::Manifest  1.64    
    ExtUtils::ParseXS   3.25    
    File::Spec          3.49    
    JSON                2.90    
    JSON::PP            2.27203 
    Module::Build       0.4206  
    Module::Signature   0.73    
    Parse::CPAN::Meta   1.4414  
    Test::Harness       3.32    
    Test::More          1.001003
    YAML                0.98    
    YAML::Syck          1.27    
    version             0.9908  


--

Summary of my perl5 (revision 5 version 21 subversion 3) configuration:
  Commit id: f15c31c178d6fa50bc256d9c7a373eab5648f939
  Platform:
    osname=linux, osvers=3.14-2-amd64, archname=x86_64-linux-ld
    uname='linux k83 3.14-2-amd64 #1 smp debian 3.14.13-2 (2014-07-24) x86_64 gnulinux '
    config_args='-Dprefix=/home/sand/src/perl/repoperls/installed-perls/perl/v5.21.2-80-gf15c31c/127e -Dmyhostname=k83 -Dinstallusrbinperl=n -Uversiononly -Dusedevel -des -Ui_db -Uuseithreads -Duselongdouble -DDEBUGGING=-g'
    hint=recommended, useposix=true, d_sigaction=define
    useithreads=undef, usemultiplicity=undef
    use64bitint=define, use64bitall=define, uselongdouble=define
    usemymalloc=n, bincompat5005=undef
  Compiler:
    cc='cc', ccflags ='-fwrapv -fno-strict-aliasing -pipe -fstack-protector -I/usr/local/include -D_LARGEFILE_SOURCE -D_FILE_OFFSET_BITS=64 -D_FORTIFY_SOURCE=2',
    optimize='-O2 -g',
    cppflags='-fwrapv -fno-strict-aliasing -pipe -fstack-protector -I/usr/local/include'
    ccversion='', gccversion='4.9.1', gccosandvers=''
    intsize=4, longsize=8, ptrsize=8, doublesize=8, byteorder=12345678
    d_longlong=define, longlongsize=8, d_longdbl=define, longdblsize=16
    ivtype='long', ivsize=8, nvtype='long double', nvsize=16, Off_t='off_t', lseeksize=8
    alignbytes=16, prototype=define
  Linker and Libraries:
    ld='cc', ldflags =' -fstack-protector -L/usr/local/lib'
    libpth=/usr/local/lib /usr/lib/gcc/x86_64-linux-gnu/4.9/include-fixed /usr/include/x86_64-linux-gnu /usr/lib /lib/x86_64-linux-gnu /lib/../lib /usr/lib/x86_64-linux-gnu /usr/lib/../lib /lib
    libs=-lnsl -lgdbm -ldb -ldl -lm -lcrypt -lutil -lc -lgdbm_compat
    perllibs=-lnsl -ldl -lm -lcrypt -lutil -lc
    libc=libc-2.19.so, so=so, useshrplib=false, libperl=libperl.a
    gnulibc_version='2.19'
  Dynamic Linking:
    dlsrc=dl_dlopen.xs, dlext=so, d_dlsymun=undef, ccdlflags='-Wl,-E'
    cccdlflags='-fPIC', lddlflags='-shared -O2 -g -L/usr/local/lib -fstack-protector'


Characteristics of this binary (from libperl): 
  Compile-time options: HAS_TIMES PERLIO_LAYERS PERL_DONT_CREATE_GVSV
                        PERL_HASH_FUNC_ONE_AT_A_TIME_HARD PERL_MALLOC_WRAP
                        PERL_NEW_COPY_ON_WRITE PERL_PRESERVE_IVUV
                        PERL_USE_DEVEL USE_64_BIT_ALL USE_64_BIT_INT
                        USE_LARGE_FILES USE_LOCALE USE_LOCALE_COLLATE
                        USE_LOCALE_CTYPE USE_LOCALE_NUMERIC USE_LOCALE_TIME
                        USE_LONG_DOUBLE USE_PERLIO USE_PERL_ATOF
  Built under linux
  Compiled at Aug  1 2014 04:26:40
  %ENV:
    PERL="/tmp/basesmoker-reloperl-YtaH/bin/perl"
    PERL5LIB=""
    PERL5OPT=""
    PERL5_CPANPLUS_IS_RUNNING="11117"
    PERL5_CPAN_IS_RUNNING="11117"
    PERL_MM_USE_DEFAULT="1"
  @INC:
    /home/sand/src/perl/repoperls/installed-perls/perl/v5.21.2-80-gf15c31c/127e/lib/site_perl/5.21.3/x86_64-linux-ld
    /home/sand/src/perl/repoperls/installed-perls/perl/v5.21.2-80-gf15c31c/127e/lib/site_perl/5.21.3
    /home/sand/src/perl/repoperls/installed-perls/perl/v5.21.2-80-gf15c31c/127e/lib/5.21.3/x86_64-linux-ld
    /home/sand/src/perl/repoperls/installed-perls/perl/v5.21.2-80-gf15c31c/127e/lib/5.21.3
    .