Report for TPath-Forester-File-0.003

Back
From: metabase:user:320bfe00-2aae-11df-837a-5e0a49663a4f
Subject: FAIL TPath-Forester-File-0.003 v5.14.4 GNU/Linux
Date: 2013-10-07T12:56:40Z

This distribution has been tested as part of the CPAN Testers
project, supporting the Perl programming language.  See
http://wiki.cpantesters.org/ for more information or email
questions to cpan-testers-discuss@perl.org


--
Dear David F. Houghton,

This is a computer-generated report for TPath-Forester-File-0.003
on perl 5.14.4, created by CPAN-Reporter-1.2010.

Thank you for uploading your work to CPAN.  However, there was a problem
testing your distribution.

If you think this report is invalid, please consult the CPAN Testers Wiki
for suggestions on how to avoid getting FAIL reports for missing library
or binary dependencies, unsupported operating systems, and so on:

http://wiki.cpantesters.org/wiki/CPANAuthorNotes

Sections of this report:

    * Tester comments
    * Program output
    * Prerequisites
    * Environment and other context

------------------------------
TESTER COMMENTS
------------------------------

Additional comments from tester:

this report is from an automated smoke testing program
and was not reviewed by a human for accuracy

------------------------------
PROGRAM OUTPUT
------------------------------

Output from '/usr/bin/make test':

PERL_DL_NONLAZY=1 /home/sand/src/perl/repoperls/installed-perls/perl/v5.14.4/165a/bin/perl "-MExtUtils::Command::MM" "-MTest::Harness" "-e" "undef *Test::Harness::Switches; test_harness(0, 'blib/lib', 'blib/arch')" t/*.t
t/00-compile.t ................ ok
# 
# 
# Generated by Dist::Zilla::Plugin::ReportVersions::Tiny v1.10
# perl: 5.014004 (wanted v5.12.0) on linux from /home/sand/src/perl/repoperls/installed-perls/perl/v5.14.4/165a/bin/perl
# 
# Cwd                                           => 3.40       (want any version)
# Encode                                        => 2.55       (want any version)
# Encode::Detect::Detector                      => 1.01       (want any version)
# Exporter                                      => 5.68       (want any version)
# ExtUtils::MakeMaker                           => 6.7901     (want 6.30)   
# Fcntl                                         => 1.11       (want any version)
# File::Path                                    => 2.09       (want any version)
# File::Spec                                    => 3.40       (want any version)
# File::Temp                                    => 0.2302     (want any version)
# File::stat                                    => 1.05       (want 1.02)   
# FindBin                                       => 1.50       (want any version)
# IO::Handle                                    => 1.31       (want any version)
# IPC::Open3                                    => 1.0901     (want any version)
# Module::Load::Conditional                     => 0.58       (want any version)
# Moose                                         => 2.1005     (want any version)
# Moose::Exporter                               => 2.1005     (want any version)
# Moose::Role                                   => 2.1005     (want any version)
# MooseX::MethodAttributes::Role                => 0.28       (want any version)
# TPath                                         => 1.004      (want 1.000)  
# TPath::Forester                               => 1.004      (want any version)
# TPath::Index                                  => 1.004      (want any version)
# Test::More                                    => 0.9806     (want 0.88)   
# autodie                                       => 2.22       (want any version)
# base                                          => 2.18       (want any version)
# filetest                                      => 1.02       (want any version)
# lib                                           => 0.63       (want any version)
# namespace::autoclean                          => 0.13       (want any version)
# overload                                      => 1.13       (want any version)
# strict                                        => 1.04       (want any version)
# warnings                                      => 1.12       (want any version)
# 
# Thanks for using my code.  I hope it works for you.
# If not, please try and include this output in the bug report.
# That will help me reproduce the issue and solve your problem.
# 
t/000-report-versions-tiny.t .. ok

#   Failed test 'found the correct children'
#   at t/basic.t line 69.
#          got: 'dcb'
#     expected: 'bcd'
# Looks like you failed 1 test of 32.
t/basic.t ..................... 
Dubious, test returned 1 (wstat 256, 0x100)
Failed 1/32 subtests 
	(2 TODO tests unexpectedly succeeded)
t/method-test_equivalence.t ... ok
t/release-unused-vars.t ....... skipped: these tests are for release candidate testing

Test Summary Report
-------------------
t/basic.t                   (Wstat: 256 Tests: 32 Failed: 1)
  Failed test:  10
  TODO passed:   19-20
  Non-zero exit status: 1
Files=5, Tests=109, 15 wallclock secs ( 0.03 usr  0.01 sys +  8.35 cusr  0.34 csys =  8.73 CPU)
Result: FAIL
Failed 1/5 test programs. 1/109 subtests failed.
make: *** [test_dynamic] Error 255

------------------------------
PREREQUISITES
------------------------------

Prerequisite modules loaded:

requires:

    Module                         Need  Have   
    ------------------------------ ----- -------
    Cwd                            0     3.40   
    Encode                         0     2.55   
    Encode::Detect::Detector       0     1.01   
    Fcntl                          0     1.11   
    File::Spec                     0     3.40   
    File::stat                     1.02  1.05   
    filetest                       0     1.02   
    Module::Load::Conditional      0     0.58   
    Moose                          0     2.1005 
    Moose::Exporter                0     2.1005 
    Moose::Role                    0     2.1005 
    MooseX::MethodAttributes::Role 0     0.28   
    namespace::autoclean           0     0.13   
    overload                       0     1.13   
    TPath                          1.000 1.004  
    TPath::Forester                0     1.004  
    TPath::Index                   0     1.004  

build_requires:

    Module                         Need  Have   
    ------------------------------ ----- -------
    autodie                        0     2.22   
    base                           0     2.18   
    Exporter                       0     5.68   
    File::Path                     0     2.09   
    File::Spec                     0     3.40   
    File::Temp                     0     0.2302 
    FindBin                        0     1.50   
    IO::Handle                     0     1.31   
    IPC::Open3                     0     1.0901 
    lib                            0     0.63   
    strict                         0     1.04   
    Test::More                     0.88  0.98_06
    warnings                       0     1.12   

configure_requires:

    Module                         Need  Have   
    ------------------------------ ----- -------
    ExtUtils::MakeMaker            6.30  6.79_01


------------------------------
ENVIRONMENT AND OTHER CONTEXT
------------------------------

Environment variables:

    AUTOMATED_TESTING = 1
    LANG = en_US.UTF-8
    LANGUAGE = en_US:en
    PATH = /usr/lib/ccache:/home/sand/bin:/usr/local/bin:/usr/bin:/bin:/usr/bin/X11:/usr/games:/usr/local/perl/bin:/usr/X11/bin:/sbin:/usr/sbin
    PERL5LIB = 
    PERL5OPT = 
    PERL5_CPANPLUS_IS_RUNNING = 18799
    PERL5_CPAN_IS_RUNNING = 18799
    PERL_MM_USE_DEFAULT = 1
    SHELL = /usr/bin/zsh
    TERM = screen

Perl special variables (and OS-specific diagnostics, for MSWin32):

    $^X = /home/sand/src/perl/repoperls/installed-perls/perl/v5.14.4/165a/bin/perl
    $UID/$EUID = 1005 / 1005
    $GID = 1005 1005
    $EGID = 1005 1005

Perl module toolchain versions installed:

    Module              Have    
    ------------------- --------
    CPAN                2.00    
    CPAN::Meta          2.132661
    Cwd                 3.40    
    ExtUtils::CBuilder  0.280212
    ExtUtils::Command   1.17    
    ExtUtils::Install   1.56    
    ExtUtils::MakeMaker 6.79_01 
    ExtUtils::Manifest  1.60    
    ExtUtils::ParseXS   3.22    
    File::Spec          3.40    
    JSON                2.59    
    JSON::PP            2.27202 
    Module::Build       0.4007  
    Module::Signature   0.73    
    Parse::CPAN::Meta   1.4409  
    Test::Harness       3.28    
    Test::More          0.98_06 
    YAML                0.84    
    YAML::Syck          1.27    
    version             0.9904  


--

Summary of my perl5 (revision 5 version 14 subversion 4) configuration:
  Commit id: 26c5c13a4ece9084f310610bb17fb2f24c72a73e
  Platform:
    osname=linux, osvers=3.10-2-amd64, archname=x86_64-linux
    uname='linux k83 3.10-2-amd64 #1 smp debian 3.10.7-1 (2013-08-17) x86_64 gnulinux '
    config_args='-Dprefix=/home/sand/src/perl/repoperls/installed-perls/perl/v5.14.4/165a -Dmyhostname=k83 -Dinstallusrbinperl=n -Uversiononly -Dusedevel -des -Ui_db -Uuseithreads -Uuselongdouble -DDEBUGGING=-g'
    hint=recommended, useposix=true, d_sigaction=define
    useithreads=undef, usemultiplicity=undef
    useperlio=define, d_sfio=undef, uselargefiles=define, usesocks=undef
    use64bitint=define, use64bitall=define, uselongdouble=undef
    usemymalloc=n, bincompat5005=undef
  Compiler:
    cc='cc', ccflags ='-fno-strict-aliasing -pipe -fstack-protector -I/usr/local/include -D_LARGEFILE_SOURCE -D_FILE_OFFSET_BITS=64',
    optimize='-O2 -g',
    cppflags='-fno-strict-aliasing -pipe -fstack-protector -I/usr/local/include'
    ccversion='', gccversion='4.8.1', gccosandvers=''
    intsize=4, longsize=8, ptrsize=8, doublesize=8, byteorder=12345678
    d_longlong=define, longlongsize=8, d_longdbl=define, longdblsize=16
    ivtype='long', ivsize=8, nvtype='double', nvsize=8, Off_t='off_t', lseeksize=8
    alignbytes=8, prototype=define
  Linker and Libraries:
    ld='cc', ldflags =' -fstack-protector -L/usr/local/lib'
    libpth=/usr/local/lib /lib/x86_64-linux-gnu /lib/../lib /usr/lib/x86_64-linux-gnu /usr/lib/../lib /lib /usr/lib
    libs=-lnsl -lgdbm -ldb -ldl -lm -lcrypt -lutil -lc -lgdbm_compat
    perllibs=-lnsl -ldl -lm -lcrypt -lutil -lc
    libc=, so=so, useshrplib=false, libperl=libperl.a
    gnulibc_version='2.17'
  Dynamic Linking:
    dlsrc=dl_dlopen.xs, dlext=so, d_dlsymun=undef, ccdlflags='-Wl,-E'
    cccdlflags='-fPIC', lddlflags='-shared -O2 -g -L/usr/local/lib -fstack-protector'


Characteristics of this binary (from libperl): 
  Compile-time options: PERL_DONT_CREATE_GVSV PERL_MALLOC_WRAP
                        PERL_PRESERVE_IVUV PERL_USE_DEVEL USE_64_BIT_ALL
                        USE_64_BIT_INT USE_LARGE_FILES USE_PERLIO
                        USE_PERL_ATOF
  Built under linux
  Compiled at Sep 18 2013 13:53:04
  %ENV:
    PERL5LIB=""
    PERL5OPT=""
    PERL5_CPANPLUS_IS_RUNNING="18799"
    PERL5_CPAN_IS_RUNNING="18799"
    PERL_MM_USE_DEFAULT="1"
  @INC:
    /home/sand/src/perl/repoperls/installed-perls/perl/v5.14.4/165a/lib/site_perl/5.14.4/x86_64-linux
    /home/sand/src/perl/repoperls/installed-perls/perl/v5.14.4/165a/lib/site_perl/5.14.4
    /home/sand/src/perl/repoperls/installed-perls/perl/v5.14.4/165a/lib/5.14.4/x86_64-linux
    /home/sand/src/perl/repoperls/installed-perls/perl/v5.14.4/165a/lib/5.14.4
    .