Back
From: metabase:user:30f4dfbe-2aae-11df-837a-5e0a49663a4f
Subject: FAIL Data-Dumper-OneLine-0.02 v5.10.1 Mac OS X
Date: 2014-06-12T21:09:58Z
This distribution has been tested as part of the CPAN Testers
project, supporting the Perl programming language. See
http://wiki.cpantesters.org/ for more information or email
questions to cpan-testers-discuss@perl.org
--
Dear Hiroki Honda,
This is a computer-generated report for Data-Dumper-OneLine-0.02
on perl 5.10.1, created by CPAN-Reporter-1.2011.
Thank you for uploading your work to CPAN. However, there was a problem
testing your distribution.
If you think this report is invalid, please consult the CPAN Testers Wiki
for suggestions on how to avoid getting FAIL reports for missing library
or binary dependencies, unsupported operating systems, and so on:
http://wiki.cpantesters.org/wiki/CPANAuthorNotes
Sections of this report:
* Tester comments
* Program output
* Prerequisites
* Environment and other context
------------------------------
TESTER COMMENTS
------------------------------
Additional comments from tester:
this report is from an automated smoke testing program
and was not reviewed by a human for accuracy
------------------------------
PROGRAM OUTPUT
------------------------------
Output from './Build test':
# Failed test 'use Data::Dumper::OneLine;'
# at t/00_compile.t line 4.
# Tried to use 'Data::Dumper::OneLine'.
# Error: Can't locate Data/Recursive/Encode.pm in @INC (@INC contains: /Users/hornenj/.cpan/build/Data-Dumper-OneLine-0.02-rptCgQ/blib/lib /Users/hornenj/.cpan/build/Data-Dumper-OneLine-0.02-rptCgQ/blib/arch /Users/hornenj/.cpan/build/Data-Dumper-OneLine-0.02-rptCgQ/_build/lib /Users/hornenj/perl5/perlbrew/perls/perl-5.10.1/lib/5.10.1/darwin-thread-multi-2level /Users/hornenj/perl5/perlbrew/perls/perl-5.10.1/lib/5.10.1 /Users/hornenj/perl5/perlbrew/perls/perl-5.10.1/lib/site_perl/5.10.1/darwin-thread-multi-2level /Users/hornenj/perl5/perlbrew/perls/perl-5.10.1/lib/site_perl/5.10.1 .) at /Users/hornenj/.cpan/build/Data-Dumper-OneLine-0.02-rptCgQ/blib/lib/Data/Dumper/OneLine.pm line 6.
# BEGIN failed--compilation aborted at /Users/hornenj/.cpan/build/Data-Dumper-OneLine-0.02-rptCgQ/blib/lib/Data/Dumper/OneLine.pm line 6.
# Compilation failed in require at t/00_compile.t line 4.
# BEGIN failed--compilation aborted at t/00_compile.t line 4.
# Looks like you failed 1 test of 1.
t/00_compile.t ..
Dubious, test returned 1 (wstat 256, 0x100)
Failed 1/1 subtests
Can't locate Data/Recursive/Encode.pm in @INC (@INC contains: t/lib /Users/hornenj/.cpan/build/Data-Dumper-OneLine-0.02-rptCgQ/blib/lib /Users/hornenj/.cpan/build/Data-Dumper-OneLine-0.02-rptCgQ/blib/arch /Users/hornenj/.cpan/build/Data-Dumper-OneLine-0.02-rptCgQ/_build/lib /Users/hornenj/perl5/perlbrew/perls/perl-5.10.1/lib/5.10.1/darwin-thread-multi-2level /Users/hornenj/perl5/perlbrew/perls/perl-5.10.1/lib/5.10.1 /Users/hornenj/perl5/perlbrew/perls/perl-5.10.1/lib/site_perl/5.10.1/darwin-thread-multi-2level /Users/hornenj/perl5/perlbrew/perls/perl-5.10.1/lib/site_perl/5.10.1 .) at /Users/hornenj/.cpan/build/Data-Dumper-OneLine-0.02-rptCgQ/blib/lib/Data/Dumper/OneLine.pm line 6.
BEGIN failed--compilation aborted at /Users/hornenj/.cpan/build/Data-Dumper-OneLine-0.02-rptCgQ/blib/lib/Data/Dumper/OneLine.pm line 6.
Compilation failed in require at t/basic.t line 7.
BEGIN failed--compilation aborted at t/basic.t line 7.
t/basic.t .......
Dubious, test returned 2 (wstat 512, 0x200)
No subtests run
Can't locate Data/Recursive/Encode.pm in @INC (@INC contains: t/lib /Users/hornenj/.cpan/build/Data-Dumper-OneLine-0.02-rptCgQ/blib/lib /Users/hornenj/.cpan/build/Data-Dumper-OneLine-0.02-rptCgQ/blib/arch /Users/hornenj/.cpan/build/Data-Dumper-OneLine-0.02-rptCgQ/_build/lib /Users/hornenj/perl5/perlbrew/perls/perl-5.10.1/lib/5.10.1/darwin-thread-multi-2level /Users/hornenj/perl5/perlbrew/perls/perl-5.10.1/lib/5.10.1 /Users/hornenj/perl5/perlbrew/perls/perl-5.10.1/lib/site_perl/5.10.1/darwin-thread-multi-2level /Users/hornenj/perl5/perlbrew/perls/perl-5.10.1/lib/site_perl/5.10.1 .) at /Users/hornenj/.cpan/build/Data-Dumper-OneLine-0.02-rptCgQ/blib/lib/Data/Dumper/OneLine.pm line 6.
BEGIN failed--compilation aborted at /Users/hornenj/.cpan/build/Data-Dumper-OneLine-0.02-rptCgQ/blib/lib/Data/Dumper/OneLine.pm line 6.
Compilation failed in require at t/encoding.t line 6.
BEGIN failed--compilation aborted at t/encoding.t line 6.
t/encoding.t ....
Dubious, test returned 2 (wstat 512, 0x200)
No subtests run
Test Summary Report
-------------------
t/00_compile.t (Wstat: 256 Tests: 1 Failed: 1)
Failed test: 1
Non-zero exit status: 1
t/basic.t (Wstat: 512 Tests: 0 Failed: 0)
Non-zero exit status: 2
Parse errors: No plan found in TAP output
t/encoding.t (Wstat: 512 Tests: 0 Failed: 0)
Non-zero exit status: 2
Parse errors: No plan found in TAP output
Files=3, Tests=1, 0 wallclock secs ( 0.02 usr 0.01 sys + 0.06 cusr 0.01 csys = 0.10 CPU)
Result: FAIL
Failed 3/3 test programs. 1/1 subtests failed.
------------------------------
PREREQUISITES
------------------------------
Prerequisite modules loaded:
requires:
Module Need Have
------------------- -------- --------
perl 5.008005 5.010001
build_requires:
Module Need Have
------------------- -------- --------
ExtUtils::CBuilder 0 0.280216
Test::More 0.98 1.001003
configure_requires:
Module Need Have
------------------- -------- --------
CPAN::Meta 0 2.141170
CPAN::Meta::Prereqs 0 2.141170
Module::Build 0.38 0.4205
------------------------------
ENVIRONMENT AND OTHER CONTEXT
------------------------------
Environment variables:
AUTOMATED_TESTING = 1
LC_ALL = POSIX
LD_LIBRARY_PATH = :/net/traces01.be-md.ncbi.nlm.nih.gov/trace_software/vdb/mac/release/x86_64/lib
PATH = /Users/hornenj/perl5/perlbrew/bin:/Users/hornenj/perl5/perlbrew/perls/perl-5.10.1/bin:/Users/hornenj/perl5/perlbrew/bin:/Users/hornenj/perl5/perlbrew/perls/perl-5.20.0/bin:/sw/lib/perl5/ExtUtils:/sw/bin:/sw/sbin:/am/ncbiapdata/bin:/usr/bin:/bin:/usr/X11R6/bin:/Users/hornenj/bin:/netopt/ncbi_tools/bin:/usr/local/ncbi/blast/bin:/net/traces01.be-md.ncbi.nlm.nih.gov/trace_software/vdb/mac/release/x86_64/bin
PERL5LIB =
PERL5OPT =
PERL5_CPANPLUS_IS_RUNNING = 7895
PERL5_CPAN_IS_RUNNING = 7895
PERL5_MINISMOKEBOX = 0.58
PERLBREW_BASHRC_VERSION = 0.67
PERLBREW_HOME = /Users/hornenj/.perlbrew
PERLBREW_MANPATH = /Users/hornenj/perl5/perlbrew/perls/perl-5.10.1/man
PERLBREW_PATH = /Users/hornenj/perl5/perlbrew/bin:/Users/hornenj/perl5/perlbrew/perls/perl-5.10.1/bin
PERLBREW_PERL = perl-5.10.1
PERLBREW_ROOT = /Users/hornenj/perl5/perlbrew
PERLBREW_VERSION = 0.69
PERL_EXTUTILS_AUTOINSTALL = --defaultdeps
PERL_MM_USE_DEFAULT = 1
SHELL = /bin/bash
TERM = xterm
TMPDIR = /var/folders/pz/pd7y1qjs6s3cbk170cw50fjc000c61/T/
VERSIONER_PERL_PREFER_32_BIT = no
VERSIONER_PERL_VERSION = 5.12
ac_cv_path_INTLTOOL_PERL = /usr/bin/perl
Perl special variables (and OS-specific diagnostics, for MSWin32):
$^X = /Users/hornenj/perl5/perlbrew/perls/perl-5.10.1/bin/perl
$UID/$EUID = 12481 / 12481
$GID = 14 14 5344 527 241 223 206 402 12 62 204
$EGID = 14 14 5344 527 241 223 206 402 12 62 204
Perl module toolchain versions installed:
Module Have
------------------- --------
CPAN 2.05
CPAN::Meta 2.141170
Cwd 3.47
ExtUtils::CBuilder 0.280216
ExtUtils::Command 1.18
ExtUtils::Install 1.67
ExtUtils::MakeMaker 6.98
ExtUtils::Manifest 1.63
ExtUtils::ParseXS 3.24
File::Spec 3.47
JSON 2.61
JSON::PP 2.27203
Module::Build 0.4205
Module::Signature n/a
Parse::CPAN::Meta 1.4414
Test::Harness 3.30
Test::More 1.001003
YAML 0.90
YAML::Syck 1.27
version 0.9908
--
Summary of my perl5 (revision 5 version 10 subversion 1) configuration:
Platform:
osname=darwin, osvers=12.5.0, archname=darwin-thread-multi-2level
uname='darwin ncbimac2008.ncbi.nlm.nih.gov 12.5.0 darwin kernel version 12.5.0: sun sep 29 13:33:47 pdt 2013; root:xnu-2050.48.12~1release_x86_64 x86_64 '
config_args='-Duseithreads -Dusemultiplicity -Dinstallprefix=/Users/hornenj/perl5/perlbrew/perls/perl-5.10.1 -Dprefix=/Users/hornenj/perl5/perlbrew/perls/perl-5.10.1 -de -Accflags=-O2 -W -Wformat=2 -Wswitch -Wshadow -Wwrite-strings -Wuninitialized -Wall -pipe -mtune=native -march=native -fomit-frame-pointer -msse2 -msse -mmmx -pedantic -D_FORTIFY_SOURCE=2 -Wpointer-arith -Wstrict-prototypes -fstack-protector -Wstack-protector -Wextra -Wbad-function-cast -Wcast-align -Wcast-qual -Wdisabled-optimization -Wendif-labels -Wfloat-equal -Wformat-nonliteral -Winline -Wmissing-declarations -Wmissing-prototypes -Wnested-externs -Wpointer-arith -Wundef -Wformat-security -fassociative-math -Acc=clang'
hint=recommended, useposix=true, d_sigaction=define
useithreads=define, usemultiplicity=define
useperlio=define, d_sfio=undef, uselargefiles=define, usesocks=undef
use64bitint=define, use64bitall=define, uselongdouble=undef
usemymalloc=n, bincompat5005=undef
Compiler:
cc=' clang', ccflags ='-fno-common -DPERL_DARWIN -no-cpp-precomp -O2 -W -Wformat=2 -Wswitch -Wshadow -Wwrite-strings -Wuninitialized -Wall -pipe -mtune=native -march=native -fomit-frame-pointer -msse2 -msse -mmmx -pedantic -D_FORTIFY_SOURCE=2 -Wpointer-arith -Wstrict-prototypes -fstack-protector -Wstack-protector -Wextra -Wbad-function-cast -Wcast-align -Wcast-qual -Wdisabled-optimization -Wendif-labels -Wfloat-equal -Wformat-nonliteral -Winline -Wmissing-declarations -Wmissing-prototypes -Wnested-externs -Wpointer-arith -Wundef -Wformat-security -fassociative-math -fno-strict-aliasing -I/usr/local/include',
optimize='-O3',
cppflags='-no-cpp-precomp -fno-common -DPERL_DARWIN -no-cpp-precomp -O2 -W -Wformat=2 -Wswitch -Wshadow -Wwrite-strings -Wuninitialized -Wall -pipe -mtune=native -march=native -fomit-frame-pointer -msse2 -msse -mmmx -pedantic -D_FORTIFY_SOURCE=2 -Wpointer-arith -Wstrict-prototypes -fstack-protector -Wstack-protector -Wextra -Wbad-function-cast -Wcast-align -Wcast-qual -Wdisabled-optimization -Wendif-labels -Wfloat-equal -Wformat-nonliteral -Winline -Wmissing-declarations -Wmissing-prototypes -Wnested-externs -Wpointer-arith -Wundef -Wformat-security -fassociative-math -fno-strict-aliasing -I/usr/local/include'
ccversion='', gccversion='4.2.1 Compatible Apple LLVM 4.2 (clang-425.0.24)', gccosandvers=''
intsize=4, longsize=8, ptrsize=8, doublesize=8, byteorder=12345678
d_longlong=define, longlongsize=8, d_longdbl=define, longdblsize=16
ivtype='long', ivsize=8, nvtype='double', nvsize=8, Off_t='off_t', lseeksize=8
alignbytes=8, prototype=define
Linker and Libraries:
ld='env MACOSX_DEPLOYMENT_TARGET=10.3 cc', ldflags =' -fstack-protector -L/usr/local/lib'
libpth=/usr/local/lib /usr/lib
libs=-ldbm -ldl -lm -lutil -lc
perllibs=-ldl -lm -lutil -lc
libc=, so=dylib, useshrplib=false, libperl=libperl.a
gnulibc_version=''
Dynamic Linking:
dlsrc=dl_dlopen.xs, dlext=bundle, d_dlsymun=undef, ccdlflags=' '
cccdlflags=' ', lddlflags=' -bundle -undefined dynamic_lookup -L/usr/local/lib -fstack-protector'
Characteristics of this binary (from libperl):
Compile-time options: MULTIPLICITY PERL_DONT_CREATE_GVSV
PERL_IMPLICIT_CONTEXT PERL_MALLOC_WRAP USE_64_BIT_ALL
USE_64_BIT_INT USE_ITHREADS USE_LARGE_FILES
USE_PERLIO USE_REENTRANT_API
Built under darwin
Compiled at Apr 1 2014 09:55:44
%ENV:
PERL5LIB=""
PERL5OPT=""
PERL5_CPANPLUS_IS_RUNNING="7895"
PERL5_CPAN_IS_RUNNING="7895"
PERL5_MINISMOKEBOX="0.58"
PERLBREW_BASHRC_VERSION="0.67"
PERLBREW_HOME="/Users/hornenj/.perlbrew"
PERLBREW_MANPATH="/Users/hornenj/perl5/perlbrew/perls/perl-5.10.1/man"
PERLBREW_PATH="/Users/hornenj/perl5/perlbrew/bin:/Users/hornenj/perl5/perlbrew/perls/perl-5.10.1/bin"
PERLBREW_PERL="perl-5.10.1"
PERLBREW_ROOT="/Users/hornenj/perl5/perlbrew"
PERLBREW_VERSION="0.69"
PERL_EXTUTILS_AUTOINSTALL="--defaultdeps"
PERL_MM_USE_DEFAULT="1"
@INC:
/Users/hornenj/perl5/perlbrew/perls/perl-5.10.1/lib/5.10.1/darwin-thread-multi-2level
/Users/hornenj/perl5/perlbrew/perls/perl-5.10.1/lib/5.10.1
/Users/hornenj/perl5/perlbrew/perls/perl-5.10.1/lib/site_perl/5.10.1/darwin-thread-multi-2level
/Users/hornenj/perl5/perlbrew/perls/perl-5.10.1/lib/site_perl/5.10.1
.