Report for JSAN-Client-0.29

Back
From: metabase:user:320bfe00-2aae-11df-837a-5e0a49663a4f
Subject: FAIL JSAN-Client-0.29 v5.22.0 RC0 GNU/Linux
Date: 2015-05-11T20:32:58Z

This distribution has been tested as part of the CPAN Testers
project, supporting the Perl programming language.  See
http://wiki.cpantesters.org/ for more information or email
questions to cpan-testers-discuss@perl.org


--
Dear Adam Kennedy,

This is a computer-generated report for JSAN-Client-0.29
on perl 5.22.0, created by CPAN-Reporter-1.2014.

Thank you for uploading your work to CPAN.  However, there was a problem
testing your distribution.

If you think this report is invalid, please consult the CPAN Testers Wiki
for suggestions on how to avoid getting FAIL reports for missing library
or binary dependencies, unsupported operating systems, and so on:

http://wiki.cpantesters.org/wiki/CPANAuthorNotes

Sections of this report:

    * Tester comments
    * Program output
    * Prerequisites
    * Environment and other context

------------------------------
TESTER COMMENTS
------------------------------

Additional comments from tester:

this report is from an automated smoke testing program
and was not reviewed by a human for accuracy

------------------------------
PROGRAM OUTPUT
------------------------------

Output from '/usr/bin/make test':

PERL_DL_NONLAZY=1 "/tmp/basesmoker-reloperl-za4a/bin/perl" "-MExtUtils::Command::MM" "-MTest::Harness" "-e" "undef *Test::Harness::Switches; test_harness(0, 'inc', 'blib/lib', 'blib/arch')" t/*.t
t/01_compile.t ....... ok
t/02_transport.t ..... ok
t/03_index.t ......... ok
t/04_extract.t ....... ok
t/05_dependency.t .... ok
t/06_client.t ........ ok
Can't use string ("") as a HASH ref while "strict refs" in use at /tmp/loop_over_bdir-9736-wlAqtL/JSAN-Client-0.29-_gVUht/blib/lib/JSAN/Index/Release.pm line 262.
# Looks like you planned 6 tests but ran 3.
t/07_static_files.t .. 
Dubious, test returned 255 (wstat 65280, 0xff00)
Failed 3/6 subtests 

Test Summary Report
-------------------
t/07_static_files.t (Wstat: 65280 Tests: 3 Failed: 0)
  Non-zero exit status: 255
  Parse errors: Bad plan.  You planned 6 tests but ran 3.
Files=7, Tests=105, 50 wallclock secs ( 0.04 usr  0.06 sys +  7.50 cusr  0.92 csys =  8.52 CPU)
Result: FAIL
Failed 1/7 test programs. 0/105 subtests failed.
Makefile:816: recipe for target 'test_dynamic' failed
make: *** [test_dynamic] Error 255

------------------------------
PREREQUISITES
------------------------------

Prerequisite modules loaded:

requires:

    Module                Need     Have    
    --------------------- -------- --------
    Algorithm::Dependency 1.106    1.110   
    Archive::Tar          1.30     2.04    
    Archive::Zip          1.18     1.46    
    Config::Tiny          2.12     2.22    
    DBD::SQLite           1.25     1.46    
    DBI                   1.607    1.633   
    Digest::MD5           2.33     2.54    
    File::HomeDir         0.69     1.00    
    File::Path            1.06     2.09    
    File::Spec            0.80     3.56    
    LWP::Online           0.03     1.08    
    LWP::Simple           1.41     6.13    
    Params::Util          1.00     1.07    
    perl                  5.008005 5.022000
    Scalar::Util          1.11     1.41    
    URI::ToDisk           1.08     1.12    
    YAML                  0.60     1.15    

build_requires:

    Module                Need     Have    
    --------------------- -------- --------
    ExtUtils::MakeMaker   6.42     7.04    
    File::Remove          1.40     1.52    
    Test::More            0.47     1.001014

configure_requires:

    Module                Need     Have    
    --------------------- -------- --------
    ExtUtils::MakeMaker   6.42     7.04    


------------------------------
ENVIRONMENT AND OTHER CONTEXT
------------------------------

Environment variables:

    AUTOMATED_TESTING = 1
    LANG = en_US.UTF-8
    LANGUAGE = en_US:en
    PATH = /home/sand/bin:/usr/local/bin:/usr/bin:/bin:/usr/games:/usr/local/perl/bin:/usr/X11/bin:/sbin:/usr/sbin
    PERL5LIB = /tmp/loop_over_bdir-9736-wlAqtL/Alien-ActiveMQ-0.00005-9xOFnz/blib/arch:/tmp/loop_over_bdir-9736-wlAqtL/Alien-ActiveMQ-0.00005-9xOFnz/blib/lib
    PERL5OPT = 
    PERL5_CPANPLUS_IS_RUNNING = 18226
    PERL5_CPAN_IS_RUNNING = 18226
    PERL_MM_USE_DEFAULT = 1
    SHELL = /usr/bin/zsh
    TERM = screen

Perl special variables (and OS-specific diagnostics, for MSWin32):

    $^X = /tmp/basesmoker-reloperl-za4a/bin/perl
    $UID/$EUID = 1005 / 1005
    $GID = 1005 1005
    $EGID = 1005 1005

Perl module toolchain versions installed:

    Module              Have    
    ------------------- --------
    CPAN                2.10    
    CPAN::Meta          2.150001
    Cwd                 3.56    
    ExtUtils::CBuilder  0.280221
    ExtUtils::Command   1.20    
    ExtUtils::Install   2.04    
    ExtUtils::MakeMaker 7.04    
    ExtUtils::Manifest  1.70    
    ExtUtils::ParseXS   3.28    
    File::Spec          3.56    
    JSON                2.90    
    JSON::PP            2.27300 
    Module::Build       0.4211  
    Module::Signature   0.78    
    Parse::CPAN::Meta   1.4414  
    Test::Harness       3.35    
    Test::More          1.001014
    YAML                1.15    
    YAML::Syck          1.29    
    version             0.9912  


--

Summary of my perl5 (revision 5 version 22 subversion 0) configuration:
  Commit id: 94770095e772a5b1220b453c62e41c1ab3066b45
  Platform:
    osname=linux, osvers=3.16.0-4-amd64, archname=x86_64-linux-thread-multi
    uname='linux k83 3.16.0-4-amd64 #1 smp debian 3.16.7-ckt9-1 (2015-04-08) x86_64 gnulinux '
    config_args='-Dprefix=/home/sand/src/perl/repoperls/installed-perls/perl/v5.21.11-102-g9477009/9980 -Dmyhostname=k83 -Dinstallusrbinperl=n -Uversiononly -Dusedevel -des -Ui_db -Duseithreads -Uuselongdouble -DDEBUGGING=-g'
    hint=recommended, useposix=true, d_sigaction=define
    useithreads=define, usemultiplicity=define
    use64bitint=define, use64bitall=define, uselongdouble=undef
    usemymalloc=n, bincompat5005=undef
  Compiler:
    cc='cc', ccflags ='-D_REENTRANT -D_GNU_SOURCE -fwrapv -fno-strict-aliasing -pipe -fstack-protector-strong -I/usr/local/include -D_LARGEFILE_SOURCE -D_FILE_OFFSET_BITS=64 -D_FORTIFY_SOURCE=2',
    optimize='-O2 -g',
    cppflags='-D_REENTRANT -D_GNU_SOURCE -fwrapv -fno-strict-aliasing -pipe -fstack-protector-strong -I/usr/local/include'
    ccversion='', gccversion='4.9.2', gccosandvers=''
    intsize=4, longsize=8, ptrsize=8, doublesize=8, byteorder=12345678, doublekind=3
    d_longlong=define, longlongsize=8, d_longdbl=define, longdblsize=16, longdblkind=3
    ivtype='long', ivsize=8, nvtype='double', nvsize=8, Off_t='off_t', lseeksize=8
    alignbytes=8, prototype=define
  Linker and Libraries:
    ld='cc', ldflags =' -fstack-protector-strong -L/usr/local/lib'
    libpth=/usr/local/lib /usr/lib/gcc/x86_64-linux-gnu/4.9/include-fixed /usr/include/x86_64-linux-gnu /usr/lib /lib/x86_64-linux-gnu /lib/../lib /usr/lib/x86_64-linux-gnu /usr/lib/../lib /lib
    libs=-lpthread -lnsl -lgdbm -ldb -ldl -lm -lcrypt -lutil -lc -lgdbm_compat
    perllibs=-lpthread -lnsl -ldl -lm -lcrypt -lutil -lc
    libc=libc-2.19.so, so=so, useshrplib=false, libperl=libperl.a
    gnulibc_version='2.19'
  Dynamic Linking:
    dlsrc=dl_dlopen.xs, dlext=so, d_dlsymun=undef, ccdlflags='-Wl,-E'
    cccdlflags='-fPIC', lddlflags='-shared -O2 -g -L/usr/local/lib -fstack-protector-strong'


Characteristics of this binary (from libperl): 
  Compile-time options: HAS_TIMES MULTIPLICITY PERLIO_LAYERS
                        PERL_DONT_CREATE_GVSV
                        PERL_HASH_FUNC_ONE_AT_A_TIME_HARD
                        PERL_IMPLICIT_CONTEXT PERL_MALLOC_WRAP
                        PERL_NEW_COPY_ON_WRITE PERL_PRESERVE_IVUV
                        PERL_USE_DEVEL USE_64_BIT_ALL USE_64_BIT_INT
                        USE_ITHREADS USE_LARGE_FILES USE_LOCALE
                        USE_LOCALE_COLLATE USE_LOCALE_CTYPE
                        USE_LOCALE_NUMERIC USE_LOCALE_TIME USE_PERLIO
                        USE_PERL_ATOF USE_REENTRANT_API
  Locally applied patches:
	RC0
  Built under linux
  Compiled at May 11 2015 07:32:45
  %ENV:
    PERL5LIB="/tmp/loop_over_bdir-9736-wlAqtL/Alien-ActiveMQ-0.00005-9xOFnz/blib/arch:/tmp/loop_over_bdir-9736-wlAqtL/Alien-ActiveMQ-0.00005-9xOFnz/blib/lib"
    PERL5OPT=""
    PERL5_CPANPLUS_IS_RUNNING="18226"
    PERL5_CPAN_IS_RUNNING="18226"
    PERL_MM_USE_DEFAULT="1"
  @INC:
    /tmp/loop_over_bdir-9736-wlAqtL/Alien-ActiveMQ-0.00005-9xOFnz/blib/arch
    /tmp/loop_over_bdir-9736-wlAqtL/Alien-ActiveMQ-0.00005-9xOFnz/blib/lib
    /home/sand/src/perl/repoperls/installed-perls/perl/v5.21.11-102-g9477009/9980/lib/site_perl/5.22.0/x86_64-linux-thread-multi
    /home/sand/src/perl/repoperls/installed-perls/perl/v5.21.11-102-g9477009/9980/lib/site_perl/5.22.0
    /home/sand/src/perl/repoperls/installed-perls/perl/v5.21.11-102-g9477009/9980/lib/5.22.0/x86_64-linux-thread-multi
    /home/sand/src/perl/repoperls/installed-perls/perl/v5.21.11-102-g9477009/9980/lib/5.22.0
    .