Report for Data-Bind-0.30

Back
From: metabase:user:30ae4450-2aae-11df-837a-5e0a49663a4f
Subject: FAIL Data-Bind-0.30 v5.24.0 
Date: 2017-02-01T00:35:37Z

This distribution has been tested as part of the CPAN Testers
project, supporting the Perl programming language.  See
http://wiki.cpantesters.org/ for more information or email
questions to cpan-testers-discuss@perl.org


--
Dear Chia-liang Kao,

This is a computer-generated report for Data-Bind-0.30
on perl 5.24.0, created by CPAN-Reporter-1.2018.

Thank you for uploading your work to CPAN.  However, there was a problem
testing your distribution.

If you think this report is invalid, please consult the CPAN Testers Wiki
for suggestions on how to avoid getting FAIL reports for missing library
or binary dependencies, unsupported operating systems, and so on:

http://wiki.cpantesters.org/wiki/CPANAuthorNotes

Sections of this report:

    * Tester comments
    * Program output
    * Prerequisites
    * Environment and other context

------------------------------
TESTER COMMENTS
------------------------------

Additional comments from tester:

this report is from an automated smoke testing program
and was not reviewed by a human for accuracy

------------------------------
PROGRAM OUTPUT
------------------------------

Output from 'C:\STRAWB~1\c\bin\dmake.exe test':

"C:\Strawberry240\perl\bin\perl.exe" "-Iinc" -MExtUtils::Command::MM -e cp_nonempty -- Bind.bs blib\arch\auto\Data\Bind\Bind.bs 644
"C:\Strawberry240\perl\bin\perl.exe" "-MExtUtils::Command::MM" "-MTest::Harness" "-e" "undef *Test::Harness::Switches; test_harness(0, 'inc', 'blib\lib', 'blib\arch')" t/*.t
t/arrays.t .......... 
Dubious, test returned 5 (wstat 1280, 0x500)
All 48 subtests passed 
Free to wrong pool 3f5e20 not 8 during global destruction.
t/coderef.t ......... 
Dubious, test returned 5 (wstat 1280, 0x500)
All 1 subtests passed 
t/compat.t .......... ok
t/highlevel.t ....... ok
t/multidimension.t .. ok
t/objects.t ......... ok
t/overload.t ........ ok
Use of uninitialized value $got in string eq at (eval in cmp_ok) t/scalars.t line 100.

#   Failed test 'bound readonly sub param was bound correctly (1)'
#   at t/scalars.t line 100.
Use of uninitialized value in concatenation (.) or string at C:/Strawberry240/perl/lib/Test/Builder.pm line 778.
#          got: ''
#     expected: '42'
Use of uninitialized value $got in string eq at (eval in cmp_ok) t/scalars.t line 102.

#   Failed test 'bound readonly sub param was bound correctly (2)'
#   at t/scalars.t line 102.
Use of uninitialized value in concatenation (.) or string at C:/Strawberry240/perl/lib/Test/Builder.pm line 778.
#          got: ''
#     expected: '43'
Use of uninitialized value $got in string eq at (eval in cmp_ok) t/scalars.t line 107.

#   Failed test 'bound readonly sub param remains readonly (2)'
#   at t/scalars.t line 107.
Use of uninitialized value in concatenation (.) or string at C:/Strawberry240/perl/lib/Test/Builder.pm line 778.
#          got: ''
#     expected: '43'
Use of uninitialized value $got in string eq at (eval in cmp_ok) t/scalars.t line 123.

#   Failed test 'bound rw sub param was bound correctly (1)'
#   at t/scalars.t line 123.
Use of uninitialized value in concatenation (.) or string at C:/Strawberry240/perl/lib/Test/Builder.pm line 778.
#          got: ''
#     expected: '42'
Use of uninitialized value $got in string eq at (eval in cmp_ok) t/scalars.t line 125.

#   Failed test 'bound rw sub param was bound correctly (2)'
#   at t/scalars.t line 125.
Use of uninitialized value in concatenation (.) or string at C:/Strawberry240/perl/lib/Test/Builder.pm line 778.
#          got: ''
#     expected: '43'
Use of uninitialized value $got in string eq at (eval in cmp_ok) t/scalars.t line 128.

#   Failed test 'bound rw sub param remains rw (2)'
#   at t/scalars.t line 128.
Use of uninitialized value in concatenation (.) or string at C:/Strawberry240/perl/lib/Test/Builder.pm line 778.
#          got: ''
#     expected: '23'
# Looks like you failed 6 tests of 28.
t/scalars.t ......... 
Dubious, test returned 6 (wstat 1536, 0x600)
Failed 6/28 subtests 
	(less 1 skipped subtest: 21 okay)
# Testing with positional arguments
Use of uninitialized value $got in string eq at (eval in cmp_ok) t/slurpy_param.t line 51.

#   Failed test 'Testing the value for positional'
#   at t/slurpy_param.t line 51.
Use of uninitialized value in concatenation (.) or string at C:/Strawberry240/perl/lib/Test/Builder.pm line 778.
#          got: ''
#     expected: '1'
# Testing without positional arguments
Use of uninitialized value $got in string eq at (eval in cmp_ok) t/slurpy_param.t line 70.

#   Failed test 'Testing the value for positional'
#   at t/slurpy_param.t line 70.
Use of uninitialized value in concatenation (.) or string at C:/Strawberry240/perl/lib/Test/Builder.pm line 778.
#          got: ''
#     expected: '20'
# Testing with named arguments (named param isn't required)
Use of uninitialized value $got in string eq at (eval in cmp_ok) t/slurpy_param.t line 125.

#   Failed test 'Testing the named argument'
#   at t/slurpy_param.t line 125.
Use of uninitialized value in concatenation (.) or string at C:/Strawberry240/perl/lib/Test/Builder.pm line 778.
#          got: ''
#     expected: '20'
# Testing with named arguments (named param is required) (++ version)
# Testing with named arguments (named param is required) (trait version)
# Testing with slurpy scalar
Use of uninitialized value $got in string eq at (eval in cmp_ok) t/slurpy_param.t line 191.

#   Failed test 'Testing the first slurpy scalar...'
#   at t/slurpy_param.t line 191.
Use of uninitialized value in concatenation (.) or string at C:/Strawberry240/perl/lib/Test/Builder.pm line 778.
#          got: ''
#     expected: '1'
Use of uninitialized value $got in string eq at (eval in cmp_ok) t/slurpy_param.t line 193.

#   Failed test 'Testing the second slurpy scalar...'
#   at t/slurpy_param.t line 193.
Use of uninitialized value in concatenation (.) or string at C:/Strawberry240/perl/lib/Test/Builder.pm line 778.
#          got: ''
#     expected: '2'
# Looks like you failed 5 tests of 26.
t/slurpy_param.t .... 
Dubious, test returned 5 (wstat 1280, 0x500)
Failed 5/26 subtests 
t/sub.t ............. ok

Test Summary Report
-------------------
t/arrays.t        (Wstat: 1280 Tests: 48 Failed: 0)
  Non-zero exit status: 5
t/coderef.t       (Wstat: 1280 Tests: 1 Failed: 0)
  Non-zero exit status: 5
t/scalars.t       (Wstat: 1536 Tests: 28 Failed: 6)
  Failed tests:  17-18, 20, 22-23, 25
  Non-zero exit status: 6
t/slurpy_param.t  (Wstat: 1280 Tests: 26 Failed: 5)
  Failed tests:  2, 7, 17, 24-25
  Non-zero exit status: 5
Files=10, Tests=140,  3 wallclock secs ( 0.10 usr +  0.08 sys =  0.18 CPU)
Result: FAIL
Failed 4/10 test programs. 11/140 subtests failed.
dmake.exe:  Error code 255, while making 'test_dynamic'

------------------------------
PREREQUISITES
------------------------------

Prerequisite modules loaded:

requires:

    Module                Need Have
    --------------------- ---- ----
    Class::Accessor::Fast 0    0.34
    Data::Capture         0    0.27
    Devel::Caller         0.10 2.06
    Devel::LexAlias       0    0.05
    PadWalker             0    2.2 
    Test::Exception       0    0.43

build_requires:

    Module                Need Have
    --------------------- ---- ----
    ExtUtils::MakeMaker   0    7.24


------------------------------
ENVIRONMENT AND OTHER CONTEXT
------------------------------

Environment variables:

    AUTOMATED_TESTING = 1
    COMSPEC = C:\WINDOWS\system32\cmd.exe
    NUMBER_OF_PROCESSORS = 1
    PATH = C:\WINDOWS\system32;C:\WINDOWS;C:\WINDOWS\System32\Wbem;C:\Git\cmd;C:\Strawberry240\c\bin;C:\Strawberry240\perl\site\bin;C:\Strawberry240\perl\bin
    PERL5LIB = C:\STRAWB~1\cpan\build\Data-Capture-0.27-0/blib/arch;C:\STRAWB~1\cpan\build\Data-Capture-0.27-0/blib/lib
    PERL5OPT = 
    PERL5_CPANPLUS_IS_RUNNING = 1364
    PERL5_CPAN_IS_RUNNING = 1364
    PERL5_CPAN_IS_RUNNING_IN_RECURSION = 1256,1364
    PERL_CR_SMOKER_CURRENT = Perl6ish-0.02
    PERL_CR_SMOKER_RUNONCE = 1
    PERL_EXTUTILS_AUTOINSTALL = --defaultdeps
    PERL_HASH_SEED = 0x11111111
    PERL_MM_USE_DEFAULT = 1
    PROCESSOR_IDENTIFIER = x86 Family 16 Model 5 Stepping 3, AuthenticAMD
    TEMP = C:\DOCUME~1\a\LOCALS~1\Temp

Perl special variables (and OS-specific diagnostics, for MSWin32):

    $^X = C:\Strawberry240\perl\bin\perl.exe
    $UID/$EUID = 0 / 0
    $GID = 0
    $EGID = 0
    Win32::GetOSName = WinXP/.Net
    Win32::GetOSVersion = Service Pack 3, 5, 1, 2600, 2, 3, 0, 256, 1
    Win32::FsType = NTFS
    Win32::IsAdminUser = 1

Perl module toolchain versions installed:

    Module              Have    
    ------------------- --------
    CPAN                2.14    
    CPAN::Meta          2.150010
    Cwd                 3.63    
    ExtUtils::CBuilder  0.280225
    ExtUtils::Command   7.24    
    ExtUtils::Install   2.04    
    ExtUtils::MakeMaker 7.24    
    ExtUtils::Manifest  1.70    
    ExtUtils::ParseXS   3.31    
    File::Spec          3.63    
    JSON                2.90    
    JSON::PP            2.27400 
    Module::Build       0.4220  
    Module::Signature   0.81    
    Parse::CPAN::Meta   2.150010
    Test::Harness       3.36    
    Test::More          1.302073
    YAML                1.21    
    YAML::Syck          1.29    
    version             0.9917  


--

Summary of my perl5 (revision 5 version 24 subversion 0) configuration:
   
  Platform:
    osname=MSWin32, osvers=4.0, archname=MSWin32-x86-multi-thread
    uname='Win32 strawberry-perl 5.24.0.1-beta1 #1 Thu Dec 29 16:46:05 2016 i386'
    config_args='undef'
    hint=recommended, useposix=true, d_sigaction=undef
    useithreads=define, usemultiplicity=define
    use64bitint=undef, use64bitall=undef, uselongdouble=undef
    usemymalloc=n, bincompat5005=undef
  Compiler:
    cc='gcc', ccflags =' -s -O2 -DWIN32  -DPERL_TEXTMODE_SCRIPTS -DPERL_IMPLICIT_CONTEXT -DPERL_IMPLICIT_SYS -fwrapv -fno-strict-aliasing -mms-bitfields',
    optimize='-s -O2',
    cppflags='-DWIN32'
    ccversion='', gccversion='4.9.2', gccosandvers=''
    intsize=4, longsize=4, ptrsize=4, doublesize=8, byteorder=1234, doublekind=3
    d_longlong=define, longlongsize=8, d_longdbl=define, longdblsize=12, longdblkind=3
    ivtype='long', ivsize=4, nvtype='double', nvsize=8, Off_t='long long', lseeksize=8
    alignbytes=8, prototype=define
  Linker and Libraries:
    ld='g++', ldflags ='-s -L"C:\STRAWB~1\perl\lib\CORE" -L"C:\STRAWB~1\c\lib"'
    libpth=C:\STRAWB~1\c\lib C:\STRAWB~1\c\i686-w64-mingw32\lib C:\STRAWB~1\c\lib\gcc\i686-w64-mingw32\4.9.2
    libs=-lmoldname -lkernel32 -luser32 -lgdi32 -lwinspool -lcomdlg32 -ladvapi32 -lshell32 -lole32 -loleaut32 -lnetapi32 -luuid -lws2_32 -lmpr -lwinmm -lversion -lodbc32 -lodbccp32 -lcomctl32
    perllibs=-lmoldname -lkernel32 -luser32 -lgdi32 -lwinspool -lcomdlg32 -ladvapi32 -lshell32 -lole32 -loleaut32 -lnetapi32 -luuid -lws2_32 -lmpr -lwinmm -lversion -lodbc32 -lodbccp32 -lcomctl32
    libc=, so=dll, useshrplib=true, libperl=libperl524.a
    gnulibc_version=''
  Dynamic Linking:
    dlsrc=dl_win32.xs, dlext=xs.dll, d_dlsymun=undef, ccdlflags=' '
    cccdlflags=' ', lddlflags='-mdll -s -L"C:\STRAWB~1\perl\lib\CORE" -L"C:\STRAWB~1\c\lib"'


Characteristics of this binary (from libperl): 
  Compile-time options: HAS_TIMES HAVE_INTERP_INTERN MULTIPLICITY
                        PERLIO_LAYERS PERL_COPY_ON_WRITE
                        PERL_DONT_CREATE_GVSV
                        PERL_HASH_FUNC_ONE_AT_A_TIME_HARD
                        PERL_IMPLICIT_CONTEXT PERL_IMPLICIT_SYS
                        PERL_MALLOC_WRAP PERL_PRESERVE_IVUV USE_ITHREADS
                        USE_LARGE_FILES USE_LOCALE USE_LOCALE_COLLATE
                        USE_LOCALE_CTYPE USE_LOCALE_NUMERIC USE_LOCALE_TIME
                        USE_PERLIO USE_PERL_ATOF
  Built under MSWin32
  Compiled at Dec 29 2016 16:55:33
  %ENV:
    PERL5LIB="C:\STRAWB~1\cpan\build\Data-Capture-0.27-0/blib/arch;C:\STRAWB~1\cpan\build\Data-Capture-0.27-0/blib/lib"
    PERL5_CPANPLUS_IS_RUNNING="1364"
    PERL5_CPAN_IS_RUNNING="1364"
    PERL5_CPAN_IS_RUNNING_IN_RECURSION="1256,1364"
    PERL_CR_SMOKER_CURRENT="Perl6ish-0.02"
    PERL_CR_SMOKER_RUNONCE="1"
    PERL_EXTUTILS_AUTOINSTALL="--defaultdeps"
    PERL_HASH_SEED="0x11111111"
    PERL_MM_USE_DEFAULT="1"
  @INC:
    C:\STRAWB~1\cpan\build\Data-Capture-0.27-0/blib/arch
    C:\STRAWB~1\cpan\build\Data-Capture-0.27-0/blib/lib
    C:/Strawberry240/perl/site/lib
    C:/Strawberry240/perl/vendor/lib
    C:/Strawberry240/perl/lib
    .