HTML-Form v6.12 Perl 5 v5.43.1 amd64-netbsd
- Status
- Fail
- From
- Carlos Guevara
- Dist
-
HTML-Form v6.12
- Platform
- Perl 5 v5.43.1 amd64-netbsd
- Date
- 2025-10-20 16:43:31
- ID
- e980cd04-add3-11f0-9412-f2d4d734a0f3
This distribution has been tested as part of the CPAN Testers
project, supporting the Perl programming language. See
http://wiki.cpantesters.org/ for more information or email
questions to cpan-testers-discuss@perl.org
--
Dear Olaf Alders,
This is a computer-generated report for HTML-Form-6.12
on perl 5.43.1, created by CPAN-Reporter-1.2020.
Thank you for uploading your work to CPAN. However, there was a problem
testing your distribution.
If you think this report is invalid, please consult the CPAN Testers Wiki
for suggestions on how to avoid getting FAIL reports for missing library
or binary dependencies, unsupported operating systems, and so on:
http://wiki.cpantesters.org/wiki/CPANAuthorNotes
Sections of this report:
* Tester comments
* Program output
* Prerequisites
* Environment and other context
------------------------------
TESTER COMMENTS
------------------------------
Additional comments from tester:
this report is from an automated smoke testing program
and was not reviewed by a human for accuracy
------------------------------
PROGRAM OUTPUT
------------------------------
Output from '/usr/bin/make test':
PERL_DL_NONLAZY=1 "/home/cpan/bin/perl/bin/perl5.43.1" "-MExtUtils::Command::MM" "-MTest::Harness" "-e" "undef *Test::Harness::Switches; test_harness(0, 'blib/lib', 'blib/arch')" t/*.t
#
# Versions for all modules listed in MYMETA.json (including optional ones):
#
# === Configure Requires ===
#
# Module Want Have
# ------------------- ---- ----
# ExtUtils::MakeMaker any 7.76
#
# === Configure Suggests ===
#
# Module Want Have
# -------- ------- ----
# JSON::PP 2.27300 4.16
#
# === Build Requires ===
#
# Module Want Have
# ------------------- ---- ----
# ExtUtils::MakeMaker any 7.76
#
# === Test Requires ===
#
# Module Want Have
# ------------------- ---- --------
# ExtUtils::MakeMaker any 7.76
# File::Spec any 3.94
# HTTP::Response any 7.01
# Test::More 0.96 1.302214
# Test::Warnings any 0.038
# warnings any 1.74
#
# === Test Recommends ===
#
# Module Want Have
# ---------- -------- --------
# CPAN::Meta 2.120900 2.150010
#
# === Runtime Requires ===
#
# Module Want Have
# --------------------- -------- --------
# Carp any 1.54
# Encode 2 3.21
# HTML::TokeParser any 3.83
# HTTP::Request 6 7.01
# HTTP::Request::Common 6.03 7.01
# Test::More 0.96 1.302214
# URI 1.10 5.34
# parent any 0.244
# perl 5.008001 5.043001
# strict any 1.14
#
t/00-report-prereqs.t .. ok
t/autocomplete.t ....... ok
t/file_upload.t ........ ok
t/find_input.t ......... ok
t/form-label.t ......... ok
t/form-maxlength.t ..... ok
t/form-multi-select.t .. ok
t/form-param.t ......... ok
t/form-parse.t ......... ok
t/form-selector.t ...... ok
t/form-unicode.t ....... ok
# Failed test at t/form.t line 86.
# got: 'POST http://localhost/
# Content-Length: 86
# Content-Type: application/x-www-form-urlencoded
#
# i.x=1&i.y=1&c=on&r=b&t=&p=&tel=&date=&h=xyzzy&f=&x=&a=%0D%0Aabc%0D%0A+++&s=bar&m=a&m=b'
# expected: 'POST http://localhost/
# Content-Length: 86
# Content-Type: application/x-www-form-urlencoded
#
# i.x=1&i.y=1&c=on&r=b&t=&p=&tel=&date=&h=xyzzy&f=&x=&a=%0D%0Aabc%0D%0A+++&s=bar&m=a&m=b
# '
# Failed test at t/form.t line 466.
# got: 'POST http://example.com/secure/keygen/test.cgi
# Content-Length: 19
# Content-Type: application/x-www-form-urlencoded
#
# Field1=Default+Text'
# expected: 'POST http://example.com/secure/keygen/test.cgi
# Content-Length: 19
# Content-Type: application/x-www-form-urlencoded
#
# Field1=Default+Text
# '
# Failed test at t/form.t line 475.
# got: 'POST http://example.com/secure/keygen/test.cgi
# Content-Length: 33
# Content-Type: application/x-www-form-urlencoded
#
# randomkey=foo&Field1=Default+Text'
# expected: 'POST http://example.com/secure/keygen/test.cgi
# Content-Length: 33
# Content-Type: application/x-www-form-urlencoded
#
# randomkey=foo&Field1=Default+Text
# '
# Failed test at t/form.t line 605.
# got: 'POST http://localhost/
# Content-Length: 9
# Content-Type: application/x-www-form-urlencoded
#
# submit=go'
# expected: 'POST http://localhost/
# Content-Length: 9
# Content-Type: application/x-www-form-urlencoded
#
# submit=go
# '
# Failed test at t/form.t line 620.
# got: 'POST http://localhost/
# Content-Length: 7
# Content-Type: application/x-www-form-urlencoded
#
# submit='
# expected: 'POST http://localhost/
# Content-Length: 7
# Content-Type: application/x-www-form-urlencoded
#
# submit=
# '
# Looks like you failed 5 tests of 134.
t/form.t ...............
Dubious, test returned 5 (wstat 1280, 0x500)
Failed 5/134 subtests
Test Summary Report
-------------------
t/form.t (Wstat: 1280 (exited 5) Tests: 134 Failed: 5)
Failed tests: 15, 112-113, 128-129
Non-zero exit status: 5
Files=12, Tests=223, 1 wallclock secs ( 0.04 usr 0.02 sys + 0.68 cusr 0.21 csys = 0.95 CPU)
Result: FAIL
Failed 1/12 test programs. 5/223 subtests failed.
*** Error code 5
Stop.
make: stopped in /home/cpan/.cpan/build/HTML-Form-6.12-0
------------------------------
PREREQUISITES
------------------------------
Prerequisite modules loaded:
requires:
Module Need Have
--------------------- -------- --------
Carp 0 1.54
Encode 2 3.21
HTML::TokeParser 0 3.83
HTTP::Request 6 7.01
HTTP::Request::Common 6.03 7.01
parent 0 0.244
perl 5.008001 5.043001
strict 0 1.14
Test::More 0.96 1.302214
URI 1.10 5.34
build_requires:
Module Need Have
--------------------- -------- --------
ExtUtils::MakeMaker 0 7.76
File::Spec 0 3.94
HTTP::Response 0 7.01
Test::More 0.96 1.302214
Test::Warnings 0 0.038
warnings 0 1.74
configure_requires:
Module Need Have
--------------------- -------- --------
ExtUtils::MakeMaker 0 7.76
------------------------------
ENVIRONMENT AND OTHER CONTEXT
------------------------------
Environment variables:
AUTOMATED_TESTING = 1
CJG_PERL_COMMIT = 6cf1e36659
DATE_MANIP_TEST_DM5 = 1
LC_ALL = C
NONINTERACTIVE_TESTING = 1
NO_NETWORK_TESTING = 1
PATH = /home/cpan/bin/perl/bin:/home/cpan/bin:/home/cpan/bin:/bin:/sbin:/usr/bin:/usr/sbin:/usr/X11R7/bin:/usr/pkg/bin:/usr/pkg/sbin:/usr/games:/usr/local/bin:/usr/local/sbin
PERL5LIB =
PERL5OPT =
PERL5_CPANPLUS_IS_RUNNING = 25547
PERL5_CPAN_IS_RUNNING = 25547
PERL_MM_USE_DEFAULT = 1
PERL_PERTURB_KEYS = 0
PERL_USE_UNSAFE_INC = 1
SHELL = /usr/pkg/bin/bash
TERM = screen
TMPDIR = /home/cpan/tmp
Perl special variables (and OS-specific diagnostics, for MSWin32):
$^X = /home/cpan/bin/perl/bin/perl5.43.1
$UID/$EUID = 1003 / 1003
$GID = 100 100
$EGID = 100 100
Perl module toolchain versions installed:
Module Have
------------------- --------
CPAN 2.38
CPAN::Meta 2.150010
Cwd 3.94
ExtUtils::CBuilder 0.280242
ExtUtils::Command 7.76
ExtUtils::Install 2.22
ExtUtils::MakeMaker 7.76
ExtUtils::Manifest 1.75
ExtUtils::ParseXS 3.58
File::Spec 3.94
JSON n/a
JSON::PP 4.16
Module::Build n/a
Module::Signature n/a
Parse::CPAN::Meta 2.150010
Test2 1.302214
Test::Harness 3.52
Test::More 1.302214
YAML 1.31
YAML::Syck n/a
version 0.9933
--
Summary of my perl5 (revision 5 version 43 subversion 1) configuration:
Commit id: 6cf1e366599aaf3f310fb54b365eb6346558d9c0
Platform:
osname=netbsd
osvers=10.1
archname=amd64-netbsd
uname='netbsd cjg-netbsd10 10.1 netbsd 10.1 (generic) #0: mon dec 16 13:08:11 utc 2024 mkrepro@mkrepro.netbsd.org:usrsrcsysarchamd64compilegeneric amd64 '
config_args='-des -Dprefix=/home/cpan/bin/perl -Dscriptdir=/home/cpan/bin/perl/bin -Dusedevel -Duse64bitall'
hint=recommended
useposix=true
d_sigaction=define
useithreads=undef
usemultiplicity=undef
use64bitint=define
use64bitall=define
uselongdouble=undef
usemymalloc=n
default_inc_excludes_dot=define
Compiler:
cc='cc'
ccflags ='-fwrapv -fno-strict-aliasing -pipe -fstack-protector-strong -I/usr/pkg/include -D_FORTIFY_SOURCE=2'
optimize='-O'
cppflags='-fwrapv -fno-strict-aliasing -pipe -fstack-protector-strong -I/usr/pkg/include'
ccversion=''
gccversion='10.5.0'
gccosandvers=''
intsize=4
longsize=8
ptrsize=8
doublesize=8
byteorder=12345678
doublekind=3
d_longlong=define
longlongsize=8
d_longdbl=define
longdblsize=16
longdblkind=3
ivtype='long'
ivsize=8
nvtype='double'
nvsize=8
Off_t='off_t'
lseeksize=8
alignbytes=8
prototype=define
Linker and Libraries:
ld='cc'
ldflags =' -Wl,-rpath,/usr/pkg/lib -Wl,-rpath,/usr/local/lib -fstack-protector-strong -L/usr/pkg/lib'
libpth=/usr/lib /usr/pkg/lib /lib
libs=-lpthread -lm -lcrypt -lutil -lc -lposix
perllibs=-lpthread -lm -lcrypt -lutil -lc -lposix
libc=/lib/libc.so
so=so
useshrplib=false
libperl=libperl.a
gnulibc_version=''
Dynamic Linking:
dlsrc=dl_dlopen.xs
dlext=so
d_dlsymun=undef
ccdlflags='-Wl,-E '
cccdlflags='-DPIC -fPIC '
lddlflags='-shared -L/usr/pkg/lib -fstack-protector-strong'
Characteristics of this binary (from libperl):
Compile-time options:
HAS_LONG_DOUBLE
HAS_STRTOLD
HAS_TIMES
PERLIO_LAYERS
PERL_COPY_ON_WRITE
PERL_DONT_CREATE_GVSV
PERL_HASH_FUNC_SIPHASH13
PERL_HASH_USE_SBOX32
PERL_MALLOC_WRAP
PERL_OP_PARENT
PERL_PRESERVE_IVUV
PERL_USE_DEVEL
PERL_USE_SAFE_PUTENV
USE_64_BIT_ALL
USE_64_BIT_INT
USE_LARGE_FILES
USE_LOCALE
USE_LOCALE_COLLATE
USE_LOCALE_CTYPE
USE_LOCALE_NUMERIC
USE_LOCALE_TIME
USE_PERLIO
USE_PERL_ATOF
Built under netbsd
Compiled at Oct 20 2025 12:30:50
%ENV:
PERL5LIB=""
PERL5OPT=""
PERL5_CPANPLUS_IS_RUNNING="25547"
PERL5_CPAN_IS_RUNNING="25547"
PERL_MM_USE_DEFAULT="1"
PERL_PERTURB_KEYS="0"
PERL_USE_UNSAFE_INC="1"
@INC:
/home/cpan/bin/perl/lib/site_perl/5.43.1/amd64-netbsd
/home/cpan/bin/perl/lib/site_perl/5.43.1
/home/cpan/bin/perl/lib/5.43.1/amd64-netbsd
/home/cpan/bin/perl/lib/5.43.1
.