WWW-WTF v0.7 Perl 5 v5.30.0 amd64-freebsd
- Status
- Fail
- From
- Slaven Rezić
- Dist
-
WWW-WTF v0.7
- Platform
- Perl 5 v5.30.0 amd64-freebsd
- Date
- 2020-12-04 16:08:13
- ID
- e99a0c3e-364a-11eb-83b2-70731f24ea8f
This distribution has been tested as part of the CPAN Testers
project, supporting the Perl programming language. See
http://wiki.cpantesters.org/ for more information or email
questions to cpan-testers-discuss@perl.org
--
Dear Christoph Halbartschlager,
This is a computer-generated report for WWW-WTF-0.7
on perl 5.30.0, created by CPAN-Reporter-1.2018.
Thank you for uploading your work to CPAN. However, there was a problem
testing your distribution.
If you think this report is invalid, please consult the CPAN Testers Wiki
for suggestions on how to avoid getting FAIL reports for missing library
or binary dependencies, unsupported operating systems, and so on:
http://wiki.cpantesters.org/wiki/CPANAuthorNotes
Sections of this report:
* Tester comments
* Program output
* Prerequisites
* Environment and other context
------------------------------
TESTER COMMENTS
------------------------------
Additional comments from tester:
none provided
------------------------------
PROGRAM OUTPUT
------------------------------
Output from '/usr/bin/make test':
PERL_DL_NONLAZY=1 "/usr/perl5.30.0p/bin/perl" "-MExtUtils::Command::MM" "-MTest::Harness" "-e" "undef *Test::Harness::Switches; test_harness(0, 'inc', 'blib/lib', 'blib/arch')" t/lwp_content.t t/lwp_get_a_tags.t t/lwp_get_headings.t t/lwp_get_image_uris.t t/lwp_get_image_uris_filter.t t/lwp_get_links.t t/lwp_get_links_filter.t t/lwp_pdf_get_images.t t/lwp_recurse_iterator.t t/lwp_report_errors.t t/lwp_tags.t t/parser_reset.t t/webkit2_get_a_tags.t t/webkit2_get_headings.t t/webkit2_get_links.t t/webkit2_recurse_iterator.t t/webkit2_report_errors.t t/webkit2_test_callbacks.t
Can't locate package WWW::WebKit2 for @WWW::WTF::UserAgent::WebKit2::Browser::ISA at /usr/perl5.30.0p/lib/site_perl/5.30.0/amd64-freebsd/Class/MOP/Class.pm line 957.
t/lwp_content.t ................ ok
Can't locate package WWW::WebKit2 for @WWW::WTF::UserAgent::WebKit2::Browser::ISA at /usr/perl5.30.0p/lib/site_perl/5.30.0/amd64-freebsd/Class/MOP/Class.pm line 957.
t/lwp_get_a_tags.t ............. ok
Can't locate package WWW::WebKit2 for @WWW::WTF::UserAgent::WebKit2::Browser::ISA at /usr/perl5.30.0p/lib/site_perl/5.30.0/amd64-freebsd/Class/MOP/Class.pm line 957.
t/lwp_get_headings.t ........... ok
Can't locate package WWW::WebKit2 for @WWW::WTF::UserAgent::WebKit2::Browser::ISA at /usr/perl5.30.0p/lib/site_perl/5.30.0/amd64-freebsd/Class/MOP/Class.pm line 957.
t/lwp_get_image_uris.t ......... ok
Can't locate package WWW::WebKit2 for @WWW::WTF::UserAgent::WebKit2::Browser::ISA at /usr/perl5.30.0p/lib/site_perl/5.30.0/amd64-freebsd/Class/MOP/Class.pm line 957.
t/lwp_get_image_uris_filter.t .. ok
Can't locate package WWW::WebKit2 for @WWW::WTF::UserAgent::WebKit2::Browser::ISA at /usr/perl5.30.0p/lib/site_perl/5.30.0/amd64-freebsd/Class/MOP/Class.pm line 957.
t/lwp_get_links.t .............. ok
Can't locate package WWW::WebKit2 for @WWW::WTF::UserAgent::WebKit2::Browser::ISA at /usr/perl5.30.0p/lib/site_perl/5.30.0/amd64-freebsd/Class/MOP/Class.pm line 957.
t/lwp_get_links_filter.t ....... ok
Can't locate package WWW::WebKit2 for @WWW::WTF::UserAgent::WebKit2::Browser::ISA at /usr/perl5.30.0p/lib/site_perl/5.30.0/amd64-freebsd/Class/MOP/Class.pm line 957.
Your vendor has not defined Fcntl macro F_GETPIPE_SZ, used at /usr/home/cpansand/.cpan/build/2020120407/WWW-WTF-7/blib/lib/WWW/WTF/Helpers/ExternalCommand.pm line 50
# Seeded srand with seed '20201204' from local date.
t/lwp_pdf_get_images.t .........
Dubious, test returned 255 (wstat 65280, 0xff00)
No subtests run
Can't locate package WWW::WebKit2 for @WWW::WTF::UserAgent::WebKit2::Browser::ISA at /usr/perl5.30.0p/lib/site_perl/5.30.0/amd64-freebsd/Class/MOP/Class.pm line 957.
t/lwp_recurse_iterator.t ....... ok
Can't locate package WWW::WebKit2 for @WWW::WTF::UserAgent::WebKit2::Browser::ISA at /usr/perl5.30.0p/lib/site_perl/5.30.0/amd64-freebsd/Class/MOP/Class.pm line 957.
t/lwp_report_errors.t .......... ok
Can't locate package WWW::WebKit2 for @WWW::WTF::UserAgent::WebKit2::Browser::ISA at /usr/perl5.30.0p/lib/site_perl/5.30.0/amd64-freebsd/Class/MOP/Class.pm line 957.
t/lwp_tags.t ................... ok
Can't locate package WWW::WebKit2 for @WWW::WTF::UserAgent::WebKit2::Browser::ISA at /usr/perl5.30.0p/lib/site_perl/5.30.0/amd64-freebsd/Class/MOP/Class.pm line 957.
t/parser_reset.t ............... ok
t/webkit2_get_a_tags.t ......... skipped: Module 'WWW::WebKit2' is not installed
t/webkit2_get_headings.t ....... skipped: Module 'WWW::WebKit2' is not installed
t/webkit2_get_links.t .......... skipped: Module 'WWW::WebKit2' is not installed
t/webkit2_recurse_iterator.t ... skipped: Module 'WWW::WebKit2' is not installed
t/webkit2_report_errors.t ...... skipped: Module 'WWW::WebKit2' is not installed
t/webkit2_test_callbacks.t ..... skipped: Module 'WWW::WebKit2' is not installed
Test Summary Report
-------------------
t/lwp_pdf_get_images.t (Wstat: 65280 Tests: 0 Failed: 0)
Non-zero exit status: 255
Parse errors: No plan found in TAP output
Files=18, Tests=29, 9 wallclock secs ( 0.08 usr 0.07 sys + 6.14 cusr 1.82 csys = 8.11 CPU)
Result: FAIL
Failed 1/18 test programs. 0/29 subtests failed.
*** Error code 255
Stop.
make: stopped in /usr/home/cpansand/.cpan/build/2020120407/WWW-WTF-7
------------------------------
PREREQUISITES
------------------------------
Prerequisite modules loaded:
requires:
Module Need Have
------------------- ---- --------
Cache::FastMmap 0 1.49
common::sense 0 3.75
Digest::SHA 0 6.02
Export::Attrs 0 v0.1.0
File::Basename 0 2.85
File::Find::Rule 0 0.34
File::Path 0 2.18
File::Slurper 0 0.012
File::Temp 0 0.2309
HTML::TokeParser 0 3.75
HTTP::Headers 0 6.26
List::Util 0 1.55
LWP::UserAgent 0 6.49
Moose 0 2.2013
Plack 0 1.0048
Test2::Suite 0 0.000138
Test::LongString 0 0.17
URI 0 5.05
WWW::Mechanize 0 2.03
XML::Simple 0 2.25
build_requires:
Module Need Have
------------------- ---- --------
ExtUtils::MakeMaker 6.36 7.54
Plack 0 1.0048
Test2::Suite 0 0.000138
configure_requires:
Module Need Have
------------------- ---- --------
ExtUtils::MakeMaker 6.36 7.54
------------------------------
ENVIRONMENT AND OTHER CONTEXT
------------------------------
Environment variables:
PATH = /usr/local/bin:/usr/bin:/bin:/usr/local/sbin:/usr/sbin:/sbin:/home/cpansand/bin/sh:/home/cpansand/bin:/usr/games:/home/cpansand/devel:/usr/home/eserte/src/srezic-misc/scripts
PERL5LIB =
PERL5OPT =
PERL5_CPANPLUS_IS_RUNNING = 19680
PERL5_CPAN_IS_RUNNING = 19680
PERL5_CPAN_IS_RUNNING_IN_RECURSION = 16968,19680
PERL_BATCH = yes
PERL_CANARY_STABILITY_NOPROMPT = 1
PERL_CPAN_REPORTER_CONFIG = /var/tmp/cpansmoker-1023/2020120407/cpanreporter_000_config.ini
PERL_EXTUTILS_AUTOINSTALL = --defaultdeps
PERL_USE_UNSAFE_INC = 1
SHELL = /bin/sh
TMPDIR = /var/tmp/cpansmoker-1023/2020120407
Perl special variables (and OS-specific diagnostics, for MSWin32):
$^X = /usr/perl5.30.0p/bin/perl
$UID/$EUID = 1023 / 1023
$GID = 1023 1023
$EGID = 1023 1023
Perl module toolchain versions installed:
Module Have
------------------- --------
CPAN 2.27
CPAN::Meta 2.150010
Cwd 3.78
ExtUtils::CBuilder 0.280231
ExtUtils::Command 7.54
ExtUtils::Install 2.18
ExtUtils::MakeMaker 7.54
ExtUtils::Manifest 1.72
ExtUtils::ParseXS 3.40
File::Spec 3.78
JSON 4.02
JSON::PP 4.05
Module::Build 0.4231
Module::Signature 0.86
Parse::CPAN::Meta 2.150010
Test::Harness 3.42
Test::More 1.302183
YAML 1.30
YAML::Syck 1.33
version 0.9924
--
Summary of my perl5 (revision 5 version 30 subversion 0) configuration:
Platform:
osname=freebsd
osvers=12.0-stable
archname=amd64-freebsd
uname='freebsd cloud1.bbbike.org 12.0-stable freebsd 12.0-stable 5f6d693b936(stable12) generic amd64 '
config_args='-ds -e -Dprefix=/usr/perl5.30.0p -Dcf_email=srezic@cpan.org -Doptimize=-O2 -pipe'
hint=recommended
useposix=true
d_sigaction=define
useithreads=undef
usemultiplicity=undef
use64bitint=define
use64bitall=define
uselongdouble=undef
usemymalloc=n
default_inc_excludes_dot=define
bincompat5005=undef
Compiler:
cc='cc'
ccflags ='-DHAS_FPSETMASK -DHAS_FLOATINGPOINT_H -fno-strict-aliasing -pipe -fstack-protector-strong -I/usr/local/include -D_FORTIFY_SOURCE=2'
optimize='-O2 -pipe'
cppflags='-DHAS_FPSETMASK -DHAS_FLOATINGPOINT_H -fno-strict-aliasing -pipe -fstack-protector-strong -I/usr/local/include'
ccversion=''
gccversion='4.2.1 Compatible FreeBSD Clang 8.0.0 (tags/RELEASE_800/final 356365)'
gccosandvers=''
intsize=4
longsize=8
ptrsize=8
doublesize=8
byteorder=12345678
doublekind=3
d_longlong=define
longlongsize=8
d_longdbl=define
longdblsize=16
longdblkind=3
ivtype='long'
ivsize=8
nvtype='double'
nvsize=8
Off_t='off_t'
lseeksize=8
alignbytes=8
prototype=define
Linker and Libraries:
ld='cc'
ldflags ='-pthread -Wl,-E -fstack-protector-strong -L/usr/local/lib'
libpth=/usr/lib /usr/local/lib /usr/lib/clang/8.0.0/lib /usr/lib
libs=-lpthread -lgdbm -ldl -lm -lcrypt -lutil -lc
perllibs=-lpthread -ldl -lm -lcrypt -lutil -lc
libc=
so=so
useshrplib=false
libperl=libperl.a
gnulibc_version=''
Dynamic Linking:
dlsrc=dl_dlopen.xs
dlext=so
d_dlsymun=undef
ccdlflags=' '
cccdlflags='-DPIC -fPIC'
lddlflags='-shared -L/usr/local/lib -fstack-protector-strong'
Characteristics of this binary (from libperl):
Compile-time options:
HAS_TIMES
PERLIO_LAYERS
PERL_COPY_ON_WRITE
PERL_DONT_CREATE_GVSV
PERL_MALLOC_WRAP
PERL_OP_PARENT
PERL_PRESERVE_IVUV
USE_64_BIT_ALL
USE_64_BIT_INT
USE_LARGE_FILES
USE_LOCALE
USE_LOCALE_COLLATE
USE_LOCALE_CTYPE
USE_LOCALE_NUMERIC
USE_LOCALE_TIME
USE_PERLIO
USE_PERL_ATOF
Built under freebsd
Compiled at May 22 2019 20:12:17
%ENV:
PERL5LIB=""
PERL5OPT=""
PERL5_CPANPLUS_IS_RUNNING="19680"
PERL5_CPAN_IS_RUNNING="19680"
PERL5_CPAN_IS_RUNNING_IN_RECURSION="16968,19680"
PERL_BATCH="yes"
PERL_CANARY_STABILITY_NOPROMPT="1"
PERL_CPAN_REPORTER_CONFIG="/var/tmp/cpansmoker-1023/2020120407/cpanreporter_000_config.ini"
PERL_EXTUTILS_AUTOINSTALL="--defaultdeps"
PERL_USE_UNSAFE_INC="1"
@INC:
/usr/perl5.30.0p/lib/site_perl/5.30.0/amd64-freebsd
/usr/perl5.30.0p/lib/site_perl/5.30.0
/usr/perl5.30.0p/lib/5.30.0/amd64-freebsd
/usr/perl5.30.0p/lib/5.30.0
.