Back
From: metabase:user:31d414ea-2aae-11df-837a-5e0a49663a4f
Subject: FAIL Dancer-Plugin-FontSubset-0.1.0 v5.16.1 GNU/Linux
Date: 2013-06-26T14:58:51Z
This distribution has been tested as part of the CPAN Testers
project, supporting the Perl programming language. See
http://wiki.cpantesters.org/ for more information or email
questions to cpan-testers-discuss@perl.org
--
Dear Yanick Champoux,
This is a computer-generated report for Dancer-Plugin-FontSubset-0.1.0
on perl 5.16.1, created by CPAN-Reporter-1.2006.
Thank you for uploading your work to CPAN. However, there was a problem
testing your distribution.
If you think this report is invalid, please consult the CPAN Testers Wiki
for suggestions on how to avoid getting FAIL reports for missing library
or binary dependencies, unsupported operating systems, and so on:
http://wiki.cpantesters.org/wiki/CPANAuthorNotes
Sections of this report:
* Tester comments
* Program output
* Prerequisites
* Environment and other context
------------------------------
TESTER COMMENTS
------------------------------
Additional comments from tester:
this report is from an automated smoke testing program
and was not reviewed by a human for accuracy
------------------------------
PROGRAM OUTPUT
------------------------------
Output from './Build test':
You cannot overwrite a locally defined method (config) with a reader at /home/david/cpantesting/perl-5.16.1/lib/site_perl/5.16.1/Method/Generate/Accessor.pm line 24, <DATA> line 1003.
Compilation failed in require at -e line 1, <DATA> line 1003.
# Failed test 'Dancer::Plugin::FontSubset loaded ok'
# at t/00-compile.t line 62.
# ''
# doesn't match '(?^s:^\s*Dancer::Plugin::FontSubset ok)'
# Looks like you failed 1 test of 1.
t/00-compile.t ................
Dubious, test returned 1 (wstat 256, 0x100)
Failed 1/1 subtests
#
#
# Generated by Dist::Zilla::Plugin::ReportVersions::Tiny v1.08
# perl: 5.016001 (wanted any version) on linux from /home/david/cpantesting/perl-5.16.1/bin/perl
#
# Dancer => 1.3115 (want any version)
# Dancer::Plugin => <undef> (want any version)
# Dancer::Plugin::Cache::CHI => 1.4.0 (want any version)
# Dancer::Test => <undef> (want any version)
# File::Find => 1.20 (want any version)
# File::Temp => 0.22 (want any version)
# Font::TTF::Font => 0.39 (want any version)
# Font::TTF::Scripts::Name => <undef> (want any version)
# List::AllUtils => 0.03 (want any version)
# Module::Build => 0.4005 (want 0.3601)
# Moo => 1.002 (want any version)
# MooX::Singleton => 1.20 (want any version)
# Test::More => 0.98 (want 0.88)
# strict => 1.07 (want any version)
# version => 0.99 (want 0.9901)
# warnings => 1.13 (want any version)
#
# Thanks for using my code. I hope it works for you.
# If not, please try and include this output in the bug report.
# That will help me reproduce the issue and solve your problem.
#
t/000-report-versions-tiny.t .. ok
You cannot overwrite a locally defined method (config) with a reader at /home/david/cpantesting/perl-5.16.1/lib/site_perl/5.16.1/Method/Generate/Accessor.pm line 24, <DATA> line 1003.
Compilation failed in require at t/basic.t line 16, <DATA> line 1003.
BEGIN failed--compilation aborted at t/basic.t line 16, <DATA> line 1003.
# Looks like your test exited with 255 before it could output anything.
t/basic.t .....................
Dubious, test returned 255 (wstat 65280, 0xff00)
Failed 5/5 subtests
You cannot overwrite a locally defined method (config) with a reader at /home/david/cpantesting/perl-5.16.1/lib/site_perl/5.16.1/Method/Generate/Accessor.pm line 24.
Compilation failed in require at t/cache.t line 28.
BEGIN failed--compilation aborted at t/cache.t line 28.
t/cache.t .....................
Dubious, test returned 255 (wstat 65280, 0xff00)
No subtests run
Test Summary Report
-------------------
t/00-compile.t (Wstat: 256 Tests: 1 Failed: 1)
Failed test: 1
Non-zero exit status: 1
t/basic.t (Wstat: 65280 Tests: 0 Failed: 0)
Non-zero exit status: 255
Parse errors: Bad plan. You planned 5 tests but ran 0.
t/cache.t (Wstat: 65280 Tests: 0 Failed: 0)
Non-zero exit status: 255
Parse errors: No plan found in TAP output
Files=4, Tests=2, 3 wallclock secs ( 0.02 usr 0.02 sys + 1.05 cusr 0.21 csys = 1.30 CPU)
Result: FAIL
Failed 3/4 test programs. 1/2 subtests failed.
------------------------------
PREREQUISITES
------------------------------
Prerequisite modules loaded:
requires:
Module Need Have
-------------------------- ------ --------
Dancer 0 1.3115
Dancer::Plugin 0 0
Font::TTF::Font 0 0.39
Font::TTF::Scripts::Name 0 0
List::AllUtils 0 0.03
Moo 0 1.002000
MooX::Singleton 0 1.20
warnings 0 1.13
build_requires:
Module Need Have
-------------------------- ------ --------
Dancer::Plugin::Cache::CHI 0 1.4.0
Dancer::Test 0 0
File::Find 0 1.20
File::Temp 0 0.22
Module::Build 0.3601 0.4005
strict 0 1.07
Test::More 0.88 0.98
configure_requires:
Module Need Have
-------------------------- ------ --------
Module::Build 0.3601 0.4005
------------------------------
ENVIRONMENT AND OTHER CONTEXT
------------------------------
Environment variables:
AUTOMATED_TESTING = 1
PATH = /usr/local/bin:/usr/bin:/bin:/usr/games
PERL = 5.16.1
PERL5LIB =
PERL5OPT =
PERL5_CPANPLUS_IS_RUNNING = 17407
PERL5_CPAN_IS_RUNNING = 17407
PERLVER = 5.16.1
PERL_INLINE_DIRECTORY = /home/david/.Inline-5.16.1
PERL_MM_USE_DEFAULT = 1
SHELL = /bin/bash
TERM = screen
Perl special variables (and OS-specific diagnostics, for MSWin32):
$^X = /home/david/cpantesting/perl-5.16.1/bin/perl
$UID/$EUID = 1000 / 1000
$GID = 1000 1000
$EGID = 1000 1000
Perl module toolchain versions installed:
Module Have
------------------- --------
CPAN 2.01
CPAN::Meta 2.131560
Cwd 3.40
ExtUtils::CBuilder 0.280206
ExtUtils::Command 1.17
ExtUtils::Install 1.58
ExtUtils::MakeMaker 6.63_02
ExtUtils::Manifest 1.61
ExtUtils::ParseXS 3.16
File::Spec 3.40
JSON 2.53
JSON::PP 2.27200
Module::Build 0.4005
Module::Signature n/a
Parse::CPAN::Meta 1.4404
Test::Harness 3.23
Test::More 0.98
YAML 0.84
YAML::Syck 1.27
version 0.99
--
Summary of my perl5 (revision 5 version 16 subversion 1) configuration:
Platform:
osname=linux, osvers=2.6.32-5-xen-amd64, archname=x86_64-linux-thread-multi
uname='linux pigsty.barnyard.co.uk 2.6.32-5-xen-amd64 #1 smp sun may 6 08:57:29 utc 2012 x86_64 gnulinux '
config_args='-de -Dprefix=/home/david/cpantesting/perl-5.16.1 -Dusethreads -Duse64bitall'
hint=recommended, useposix=true, d_sigaction=define
useithreads=define, usemultiplicity=define
useperlio=define, d_sfio=undef, uselargefiles=define, usesocks=undef
use64bitint=define, use64bitall=define, uselongdouble=undef
usemymalloc=n, bincompat5005=undef
Compiler:
cc='cc', ccflags ='-D_REENTRANT -D_GNU_SOURCE -fno-strict-aliasing -pipe -fstack-protector -I/usr/local/include -D_LARGEFILE_SOURCE -D_FILE_OFFSET_BITS=64',
optimize='-O2',
cppflags='-D_REENTRANT -D_GNU_SOURCE -fno-strict-aliasing -pipe -fstack-protector -I/usr/local/include'
ccversion='', gccversion='4.1.2 20061115 (prerelease) (Debian 4.1.1-21)', gccosandvers=''
intsize=4, longsize=8, ptrsize=8, doublesize=8, byteorder=12345678
d_longlong=define, longlongsize=8, d_longdbl=define, longdblsize=16
ivtype='long', ivsize=8, nvtype='double', nvsize=8, Off_t='off_t', lseeksize=8
alignbytes=8, prototype=define
Linker and Libraries:
ld='cc', ldflags =' -fstack-protector -L/usr/local/lib'
libpth=/usr/local/lib /lib /usr/lib /lib64 /usr/lib64
libs=-lnsl -lgdbm -ldb -ldl -lm -lcrypt -lutil -lpthread -lc -lgdbm_compat
perllibs=-lnsl -ldl -lm -lcrypt -lutil -lpthread -lc
libc=/lib/libc-2.3.6.so, so=so, useshrplib=false, libperl=libperl.a
gnulibc_version='2.3.6'
Dynamic Linking:
dlsrc=dl_dlopen.xs, dlext=so, d_dlsymun=undef, ccdlflags='-Wl,-E'
cccdlflags='-fPIC', lddlflags='-shared -O2 -L/usr/local/lib -fstack-protector'
Characteristics of this binary (from libperl):
Compile-time options: HAS_TIMES MULTIPLICITY PERLIO_LAYERS
PERL_DONT_CREATE_GVSV PERL_IMPLICIT_CONTEXT
PERL_MALLOC_WRAP PERL_PRESERVE_IVUV USE_64_BIT_ALL
USE_64_BIT_INT USE_ITHREADS USE_LARGE_FILES
USE_LOCALE USE_LOCALE_COLLATE USE_LOCALE_CTYPE
USE_LOCALE_NUMERIC USE_PERLIO USE_PERL_ATOF
USE_REENTRANT_API
Built under linux
Compiled at Aug 11 2012 15:44:13
%ENV:
PERL="5.16.1"
PERL5LIB=""
PERL5OPT=""
PERL5_CPANPLUS_IS_RUNNING="17407"
PERL5_CPAN_IS_RUNNING="17407"
PERLVER="5.16.1"
PERL_INLINE_DIRECTORY="/home/david/.Inline-5.16.1"
PERL_MM_USE_DEFAULT="1"
@INC:
/home/david/cpantesting/perl-5.16.1/lib/site_perl/5.16.1/x86_64-linux-thread-multi
/home/david/cpantesting/perl-5.16.1/lib/site_perl/5.16.1
/home/david/cpantesting/perl-5.16.1/lib/5.16.1/x86_64-linux-thread-multi
/home/david/cpantesting/perl-5.16.1/lib/5.16.1
.