Math-BigInt-GMPz v0.0018 Perl 5 v5.24.1 amd64-freebsd

Status
Fail
From
Slaven Rezić
Dist
Math-BigInt-GMPz v0.0018
Platform
Perl 5 v5.24.1 amd64-freebsd
Date
2025-04-02 18:18:44
ID
e9b2d41c-0fee-11f0-a275-c6286e8775ea
This distribution has been tested as part of the CPAN Testers
project, supporting the Perl programming language.  See
http://wiki.cpantesters.org/ for more information or email
questions to cpan-testers-discuss@perl.org


--
Dear Peter John Acklam,

This is a computer-generated report for Math-BigInt-GMPz-0.0018
on perl 5.24.1, created by CPAN-Reporter-1.2019.

Thank you for uploading your work to CPAN.  However, there was a problem
testing your distribution.

If you think this report is invalid, please consult the CPAN Testers Wiki
for suggestions on how to avoid getting FAIL reports for missing library
or binary dependencies, unsupported operating systems, and so on:

http://wiki.cpantesters.org/wiki/CPANAuthorNotes

Sections of this report:

    * Tester comments
    * Program output
    * Prerequisites
    * Environment and other context

------------------------------
TESTER COMMENTS
------------------------------

Additional comments from tester:

none provided

------------------------------
PROGRAM OUTPUT
------------------------------

Output from '/usr/bin/make test':

PERL_DL_NONLAZY=1 "/usr/perl5.24.1p/bin/perl" "-MExtUtils::Command::MM" "-MTest::Harness" "-e" "undef *Test::Harness::Switches; test_harness(0, 'blib/lib', 'blib/arch')" t/*.t
t/00sig.t ........ skipped: Set the environment variable TEST_SIGNATURE to enable this test.

#   Failed test 'use Math::BigInt::GMPz;'
#   at t/01load.t line 9.
#     Tried to use 'Math::BigInt::GMPz'.
#     Error:  GMP library is not recent enough; we have 5.1.3, but we need 5.1.0 or later at /home/cpansand/.cpan/build/2025033021/Math-BigInt-GMPz-0.0018-0/blib/lib/Math/BigInt/GMPz.pm line 23.
# BEGIN failed--compilation aborted at /home/cpansand/.cpan/build/2025033021/Math-BigInt-GMPz-0.0018-0/blib/lib/Math/BigInt/GMPz.pm line 26.
# Compilation failed in require at t/01load.t line 9.
# BEGIN failed--compilation aborted at t/01load.t line 9.
# 
# Testing with Perl 5.024001, /usr/perl5.24.1p/bin/perl
# 
#      Version Module
#      ------- ------
#     2.005002 Math::BigInt
#     2.005002 Math::BigInt::Lib
#        undef Math::BigInt::GMPz
#         0.65 Math::GMPz
# 
#      Version Library
#      ------- -------
#        5.1.3 GMP
# 
# Looks like you failed 1 test of 2.
t/01load.t ....... 
Dubious, test returned 1 (wstat 256, 0x100)
Failed 1/2 subtests 

#   Failed test 'GMP library is recent enough (we have 5.1.3, we need 5.1.0 or later)'
#   at t/02gmpcompat.t line 18.
# Looks like you failed 1 test of 2.
t/02gmpcompat.t .. 
Dubious, test returned 1 (wstat 256, 0x100)
Failed 1/2 subtests 
Couldn't load the specified math lib(s) 'Math::BigInt::GMPz', and fallback to 'Math::BigInt::Calc' is not allowed at t/bigfltpm.t line 9.
BEGIN failed--compilation aborted at t/bigfltpm.t line 9.
# Looks like your test exited with 2 before it could output anything.
t/bigfltpm.t ..... 
Dubious, test returned 2 (wstat 512, 0x200)
Failed 3089/3089 subtests 
Couldn't load the specified math lib(s) 'Math::BigInt::GMPz', and fallback to 'Math::BigInt::Calc' is not allowed at t/bigintpm.t line 9.
BEGIN failed--compilation aborted at t/bigintpm.t line 9.
# Looks like your test exited with 2 before it could output anything.
t/bigintpm.t ..... 
Dubious, test returned 2 (wstat 512, 0x200)
Failed 4314/4314 subtests 
Couldn't load the specified math lib(s) 'Math::BigInt::GMPz', and fallback to 'Math::BigInt::Calc' is not allowed at t/biglog.t line 19.
BEGIN failed--compilation aborted at t/biglog.t line 19.
# Looks like your test exited with 2 before it could output anything.
t/biglog.t ....... 
Dubious, test returned 2 (wstat 512, 0x200)
Failed 73/73 subtests 
Couldn't load the specified math lib(s) 'Math::BigInt::GMPz', and fallback to 'Math::BigInt::Calc' is not allowed at t/bigroot.t line 16.
BEGIN failed--compilation aborted at t/bigroot.t line 16.
# Looks like your test exited with 2 before it could output anything.
t/bigroot.t ...... 
Dubious, test returned 2 (wstat 512, 0x200)
Failed 16/16 subtests 
Couldn't load the specified math lib(s) 'Math::BigInt::GMPz', and fallback to 'Math::BigInt::Calc' is not allowed at t/mbi_rand.t line 13.
BEGIN failed--compilation aborted at t/mbi_rand.t line 13.
t/mbi_rand.t ..... 
Dubious, test returned 2 (wstat 512, 0x200)
No subtests run 
Couldn't load the specified math lib(s) 'Math::BigInt::GMPz', and fallback to 'Math::BigInt::Calc' is not allowed at t/mbimbf.t line 12.
BEGIN failed--compilation aborted at t/mbimbf.t line 12.
# Looks like your test exited with 2 before it could output anything.
t/mbimbf.t ....... 
Dubious, test returned 2 (wstat 512, 0x200)
Failed 764/764 subtests 

Test Summary Report
-------------------
t/01load.t     (Wstat: 256 (exited 1) Tests: 2 Failed: 1)
  Failed test:  1
  Non-zero exit status: 1
t/02gmpcompat.t (Wstat: 256 (exited 1) Tests: 2 Failed: 1)
  Failed test:  2
  Non-zero exit status: 1
t/bigfltpm.t   (Wstat: 512 (exited 2) Tests: 0 Failed: 0)
  Non-zero exit status: 2
  Parse errors: Bad plan.  You planned 3089 tests but ran 0.
t/bigintpm.t   (Wstat: 512 (exited 2) Tests: 0 Failed: 0)
  Non-zero exit status: 2
  Parse errors: Bad plan.  You planned 4314 tests but ran 0.
t/biglog.t     (Wstat: 512 (exited 2) Tests: 0 Failed: 0)
  Non-zero exit status: 2
  Parse errors: Bad plan.  You planned 73 tests but ran 0.
t/bigroot.t    (Wstat: 512 (exited 2) Tests: 0 Failed: 0)
  Non-zero exit status: 2
  Parse errors: Bad plan.  You planned 16 tests but ran 0.
t/mbi_rand.t   (Wstat: 512 (exited 2) Tests: 0 Failed: 0)
  Non-zero exit status: 2
  Parse errors: No plan found in TAP output
t/mbimbf.t     (Wstat: 512 (exited 2) Tests: 0 Failed: 0)
  Non-zero exit status: 2
  Parse errors: Bad plan.  You planned 764 tests but ran 0.
Files=9, Tests=4,  0 wallclock secs ( 0.02 usr  0.02 sys +  0.46 cusr  0.26 csys =  0.76 CPU)
Result: FAIL
Failed 8/9 test programs. 2/4 subtests failed.
*** Error code 2

Stop.
make: stopped in /home/cpansand/.cpan/build/2025033021/Math-BigInt-GMPz-0.0018-0

------------------------------
PREREQUISITES
------------------------------

Prerequisite modules loaded:

requires:

    Module              Need     Have    
    ------------------- -------- --------
    Math::BigInt        2.005001 2.005002
    Math::GMPz          0.36     0.65    
    perl                5.006002 5.024001

build_requires:

    Module              Need     Have    
    ------------------- -------- --------
    Test::More          0.82     1.302209

configure_requires:

    Module              Need     Have    
    ------------------- -------- --------
    ExtUtils::MakeMaker 6.58     7.72    


------------------------------
ENVIRONMENT AND OTHER CONTEXT
------------------------------

Environment variables:

    LC_ALL = de_DE.ISO8859-1
    PATH = /usr/local/bin:/usr/bin:/bin:/usr/local/sbin:/usr/sbin:/sbin:/home/cpansand/bin/freebsd10.3:/home/cpansand/bin/sh:/home/cpansand/bin:/usr/games:/home/cpansand/devel:/home/eserte/src/srezic-misc/scripts
    PERL5LIB = 
    PERL5OPT = 
    PERL5_CPANPLUS_IS_RUNNING = 82801
    PERL5_CPAN_IS_RUNNING = 82801
    PERL5_CPAN_IS_RUNNING_IN_RECURSION = 2117,82801
    PERLDOC = -MPod::Perldoc::ToTextOverstrike
    PERL_BATCH = yes
    PERL_CANARY_STABILITY_NOPROMPT = 1
    PERL_CPAN_REPORTER_CONFIG = /var/tmp/cpansmoker-1023/2025033011/cpanreporter_002_config.ini
    PERL_EXTUTILS_AUTOINSTALL = --defaultdeps
    PERL_USE_UNSAFE_INC = 1
    SHELL = /usr/local/bin/zsh
    TERM = screen
    TMPDIR = /var/tmp/cpansmoker-1023/2025033011

Perl special variables (and OS-specific diagnostics, for MSWin32):

    $^X = /usr/perl5.24.1p/bin/perl5.24.1
    $UID/$EUID = 1023 / 1023
    $GID = 1023 1023
    $EGID = 1023 1023

Perl module toolchain versions installed:

    Module              Have    
    ------------------- --------
    CPAN                2.37    
    CPAN::Meta          2.150010
    Cwd                 3.75    
    ExtUtils::CBuilder  0.280236
    ExtUtils::Command   7.72    
    ExtUtils::Install   2.22    
    ExtUtils::MakeMaker 7.72    
    ExtUtils::Manifest  1.75    
    ExtUtils::ParseXS   3.51    
    File::Spec          3.75    
    JSON                4.10    
    JSON::PP            4.16    
    Module::Build       0.4234  
    Module::Signature   0.89    
    Parse::CPAN::Meta   2.150010
    Test2               1.302209
    Test::Harness       3.50    
    Test::More          1.302209
    YAML                1.30    
    YAML::Syck          1.34    
    version             0.9933  


--

Summary of my perl5 (revision 5 version 24 subversion 1) configuration:
   
  Platform:
    osname=freebsd, osvers=10.1-release, archname=amd64-freebsd
    uname='freebsd cvrsnica-freebsd-101.herceg.de 10.1-release freebsd 10.1-release #0 r274401: tue nov 11 21:02:49 utc 2014 root@releng1.nyi.freebsd.org:usrobjusrsrcsysgeneric amd64 '
    config_args='-ds -e -Dprefix=/usr/perl5.24.1p -Dcf_email=srezic@cpan.org -Doptimize=-O2 -pipe'
    hint=recommended, useposix=true, d_sigaction=define
    useithreads=undef, usemultiplicity=undef
    use64bitint=define, use64bitall=define, uselongdouble=undef
    usemymalloc=n, bincompat5005=undef
  Compiler:
    cc='cc', ccflags ='-DHAS_FPSETMASK -DHAS_FLOATINGPOINT_H -fno-strict-aliasing -pipe -fstack-protector -I/usr/local/include -D_FORTIFY_SOURCE=2',
    optimize='-O2 -pipe',
    cppflags='-DHAS_FPSETMASK -DHAS_FLOATINGPOINT_H -fno-strict-aliasing -pipe -fstack-protector -I/usr/local/include'
    ccversion='', gccversion='4.2.1 Compatible FreeBSD Clang 3.4.1 (tags/RELEASE_34/dot1-final 208032)', gccosandvers=''
    intsize=4, longsize=8, ptrsize=8, doublesize=8, byteorder=12345678, doublekind=3
    d_longlong=define, longlongsize=8, d_longdbl=define, longdblsize=16, longdblkind=3
    ivtype='long', ivsize=8, nvtype='double', nvsize=8, Off_t='off_t', lseeksize=8
    alignbytes=8, prototype=define
  Linker and Libraries:
    ld='cc', ldflags ='-pthread -Wl,-E  -fstack-protector -L/usr/local/lib'
    libpth=/usr/lib /usr/local/lib /usr/include/clang/3.4.1 /usr/lib
    libs=-lpthread -lgdbm -lm -lcrypt -lutil -lc
    perllibs=-lpthread -lm -lcrypt -lutil -lc
    libc=, so=so, useshrplib=false, libperl=libperl.a
    gnulibc_version=''
  Dynamic Linking:
    dlsrc=dl_dlopen.xs, dlext=so, d_dlsymun=undef, ccdlflags=' '
    cccdlflags='-DPIC -fPIC', lddlflags='-shared  -L/usr/local/lib -fstack-protector'


Characteristics of this binary (from libperl): 
  Compile-time options: HAS_TIMES PERLIO_LAYERS PERL_COPY_ON_WRITE
                        PERL_DONT_CREATE_GVSV
                        PERL_HASH_FUNC_ONE_AT_A_TIME_HARD PERL_MALLOC_WRAP
                        PERL_PRESERVE_IVUV USE_64_BIT_ALL USE_64_BIT_INT
                        USE_LARGE_FILES USE_LOCALE USE_LOCALE_COLLATE
                        USE_LOCALE_CTYPE USE_LOCALE_NUMERIC USE_LOCALE_TIME
                        USE_PERLIO USE_PERL_ATOF
  Built under freebsd
  Compiled at Jan 15 2017 11:45:26
  %ENV:
    PERL5LIB=""
    PERL5OPT=""
    PERL5_CPANPLUS_IS_RUNNING="82801"
    PERL5_CPAN_IS_RUNNING="82801"
    PERL5_CPAN_IS_RUNNING_IN_RECURSION="2117,82801"
    PERLDOC="-MPod::Perldoc::ToTextOverstrike"
    PERL_BATCH="yes"
    PERL_CANARY_STABILITY_NOPROMPT="1"
    PERL_CPAN_REPORTER_CONFIG="/var/tmp/cpansmoker-1023/2025033011/cpanreporter_002_config.ini"
    PERL_EXTUTILS_AUTOINSTALL="--defaultdeps"
    PERL_USE_UNSAFE_INC="1"
  @INC:
    /usr/perl5.24.1p/lib/site_perl/5.24.1/amd64-freebsd
    /usr/perl5.24.1p/lib/site_perl/5.24.1
    /usr/perl5.24.1p/lib/5.24.1/amd64-freebsd
    /usr/perl5.24.1p/lib/5.24.1
    .