Report for Test-Chunks-0.39

Back
From: metabase:user:320bfe00-2aae-11df-837a-5e0a49663a4f
Subject: FAIL Test-Chunks-0.39 v5.18.0 GNU/Linux
Date: 2017-07-28T18:16:45Z

This distribution has been tested as part of the CPAN Testers
project, supporting the Perl programming language.  See
http://wiki.cpantesters.org/ for more information or email
questions to cpan-testers-discuss@perl.org


--
Dear Ingy dot Net,

This is a computer-generated report for Test-Chunks-0.39
on perl 5.18.0, created by CPAN-Reporter-1.2018.

Thank you for uploading your work to CPAN.  However, there was a problem
testing your distribution.

If you think this report is invalid, please consult the CPAN Testers Wiki
for suggestions on how to avoid getting FAIL reports for missing library
or binary dependencies, unsupported operating systems, and so on:

http://wiki.cpantesters.org/wiki/CPANAuthorNotes

Sections of this report:

    * Tester comments
    * Program output
    * Prerequisites
    * Environment and other context

------------------------------
TESTER COMMENTS
------------------------------

Additional comments from tester:

this report is from an automated smoke testing program
and was not reviewed by a human for accuracy

------------------------------
PROGRAM OUTPUT
------------------------------

Output from '/usr/bin/make test':

PERL_DL_NONLAZY=1 "/home/sand/src/perl/repoperls/installed-perls/host/k93msid/v5.18.0/2d7c/bin/perl" "-MExtUtils::Command::MM" "-MTest::Harness" "-e" "undef *Test::Harness::Switches; test_harness(0, 'inc', 'blib/lib', 'blib/arch')" t/*.t
t/append.t .............. ok
t/arguments.t ........... ok
t/array.t ............... ok
t/base64.t .............. ok
t/chomp.t ............... ok
t/chop.t ................ ok
t/chunks-scalar.t ....... ok
t/chunks_grep.t ......... ok
t/compile.t ............. ok
t/delimiters.t .......... ok
t/description.t ......... ok

#   Failed test 'little diff
# @@ -1,7 +1,6 @@
#  1..1
#  not ok 1 - little diff
# -#   Failed test 'little diff'
# -#   at /tmp/test-chunks-321 line 3.
# +#     Failed test (/tmp/test-chunks-321 at line 000)
#  #          got: 'a b c'
#  #     expected: 'a b x'
#  # Looks like you failed 1 test of 1.
# '
#   at t/diff_is.t line 11.

#   Failed test 'big diff
# @@ -7,13 +7,5 @@
#  #  four
#  # -five
#  # 
# -#   Failed test 'big diff
# -# @@ -1,4 +1,4 @@
# -#  one
# -#  two
# -# +three
# -#  four
# -# -five
# -# '
# -#   at /tmp/test-chunks-321 line 3.
# +#     Failed test (/tmp/test-chunks-321 at line 000)
#  # Looks like you failed 1 test of 1.
# '
#   at t/diff_is.t line 11.

#   Failed test 'diff with space - note: doesn't help point out the extra space (yet)
# @@ -6,12 +6,5 @@
#  # +two 
#  #  three
#  # 
# -#   Failed test 'diff with space
# -# @@ -1,3 +1,3 @@
# -#  one
# -# -two
# -# +two 
# -#  three
# -# '
# -#   at /tmp/test-chunks-321 line 3.
# +#     Failed test (/tmp/test-chunks-321 at line 000)
#  # Looks like you failed 1 test of 1.
# '
#   at t/diff_is.t line 11.
# Looks like you failed 3 tests of 3.
t/diff_is.t ............. 
Dubious, test returned 3 (wstat 768, 0x300)
Failed 3/3 subtests 
t/dumper.t .............. ok
t/embed_perl.t .......... ok
t/escape.t .............. ok
t/eval.t ................ ok
Can't locate object method "TIESCALAR" via package "Test::Chunks::Handle" at /tmp/loop_over_bdir-17067-gvwIFo/Test-Chunks-0.39-0/blib/lib/Test/Chunks.pm line 407, <DATA> line 1.
# Looks like your test exited with 255 before it could output anything.
t/eval_all.t ............ 
Dubious, test returned 255 (wstat 65280, 0xff00)
Failed 2/2 subtests 
Can't locate object method "TIESCALAR" via package "Test::Chunks::Handle" at /tmp/loop_over_bdir-17067-gvwIFo/Test-Chunks-0.39-0/blib/lib/Test/Chunks.pm line 407, <DATA> line 1.
# Looks like your test exited with 255 before it could output anything.
t/eval_stderr.t ......... 
Dubious, test returned 255 (wstat 65280, 0xff00)
Failed 1/1 subtests 
Can't locate object method "TIESCALAR" via package "Test::Chunks::Handle" at /tmp/loop_over_bdir-17067-gvwIFo/Test-Chunks-0.39-0/blib/lib/Test/Chunks.pm line 407, <DATA> line 1.
# Looks like your test exited with 255 before it could output anything.
t/eval_stdout.t ......... 
Dubious, test returned 255 (wstat 65280, 0xff00)
Failed 1/1 subtests 
t/export.t .............. ok
t/filter_arguments.t .... ok
t/filter_delay.t ........ ok
t/filter_functions.t .... ok
t/filters-append.t ...... ok
t/filters.t ............. ok
t/filters_map.t ......... ok
t/get_url.t ............. skipped: Need to figure out network testing
t/internals.t ........... ok
t/jit-run.t ............. ok
t/join.t ................ ok
t/last.t ................ ok
t/late.t ................ ok
t/lazy-filters.t ........ ok
t/lines.t ............... ok
t/list.t ................ ok
t/main_filters.t ........ ok
t/name.t ................ ok
t/next.t ................ ok
t/normalize.t ........... ok
t/only.t ................ ok
t/oo.t .................. ok
t/oo_run.t .............. ok
t/preserve-order.t ...... ok
t/prototypes.t .......... ok
t/regexp.t .............. ok
t/reserved_names.t ...... ok
t/run_is.t .............. ok
t/run_is_deeply.t ....... ok
t/run_like.t ............ ok

#   Failed test 'Unlike Test'
#   at t/run_unlike.t line 6.
#          got: '(?^i:software error)'
#     expected: '(?i-xsm:software error)'
# Looks like you failed 1 test of 2.
t/run_unlike.t .......... 
Dubious, test returned 1 (wstat 256, 0x100)
Failed 1/2 subtests 
t/simple.t .............. ok
t/skip.t ................ ok
t/spec_file.t ........... ok
t/spec_string.t ......... ok
t/strict-warnings.t ..... ok
t/strict.t .............. ok
t/subclass-autoclass.t .. ok
t/subclass-import.t ..... ok
t/subclass.t ............ ok
t/subclass_late.t ....... ok
Can't locate object method "TIESCALAR" via package "Test::Chunks::Handle" at /tmp/loop_over_bdir-17067-gvwIFo/Test-Chunks-0.39-0/blib/lib/Test/Chunks.pm line 407.
# Looks like your test exited with 255 before it could output anything.
t/tie_output.t .......... 
Dubious, test returned 255 (wstat 65280, 0xff00)
Failed 3/3 subtests 
t/trim.t ................ ok
t/unchomp.t ............. ok
t/use-test-more.t ....... ok
t/xxx.t ................. ok
t/yaml.t ................ ok
t/zero-chunks.t ......... ok

Test Summary Report
-------------------
t/diff_is.t           (Wstat: 768 Tests: 3 Failed: 3)
  Failed tests:  1-3
  Non-zero exit status: 3
t/eval_all.t          (Wstat: 65280 Tests: 0 Failed: 0)
  Non-zero exit status: 255
  Parse errors: Bad plan.  You planned 2 tests but ran 0.
t/eval_stderr.t       (Wstat: 65280 Tests: 0 Failed: 0)
  Non-zero exit status: 255
  Parse errors: Bad plan.  You planned 1 tests but ran 0.
t/eval_stdout.t       (Wstat: 65280 Tests: 0 Failed: 0)
  Non-zero exit status: 255
  Parse errors: Bad plan.  You planned 1 tests but ran 0.
t/run_unlike.t        (Wstat: 256 Tests: 2 Failed: 1)
  Failed test:  2
  Non-zero exit status: 1
t/tie_output.t        (Wstat: 65280 Tests: 0 Failed: 0)
  Non-zero exit status: 255
  Parse errors: Bad plan.  You planned 3 tests but ran 0.
Files=67, Tests=323, 18 wallclock secs ( 0.12 usr  0.34 sys +  4.77 cusr  1.18 csys =  6.41 CPU)
Result: FAIL
Failed 6/67 test programs. 4/323 subtests failed.
Makefile:776: recipe for target 'test_dynamic' failed
make: *** [test_dynamic] Error 255

------------------------------
PREREQUISITES
------------------------------

Prerequisite modules loaded:

requires:

    Module              Need Have    
    ------------------- ---- --------
    Spiffy              0.24 0.46    
    Test::Base          0.40 0.88    
    Test::More          0.54 1.302090

build_requires:

    Module              Need Have    
    ------------------- ---- --------
    ExtUtils::MakeMaker 0    7.30    


------------------------------
ENVIRONMENT AND OTHER CONTEXT
------------------------------

Environment variables:

    AUTOMATED_TESTING = 1
    LANG = en_US.UTF-8
    PATH = /home/sand/bin:/usr/local/bin:/usr/bin:/bin:/usr/games:/usr/local/perl/bin:/usr/X11/bin:/sbin:/usr/sbin
    PERL5LIB = 
    PERL5OPT = 
    PERL5_CPANPLUS_IS_RUNNING = 17072
    PERL5_CPAN_IS_RUNNING = 17072
    PERL_CANARY_STABILITY_NOPROMPT = 1
    PERL_MM_USE_DEFAULT = 1
    PERL_USE_UNSAFE_INC = 1
    SHELL = /usr/bin/zsh
    TERM = screen

Perl special variables (and OS-specific diagnostics, for MSWin32):

    $^X = /home/sand/src/perl/repoperls/installed-perls/host/k93msid/v5.18.0/2d7c/bin/perl
    $UID/$EUID = 1005 / 1005
    $GID = 1005 1005
    $EGID = 1005 1005

Perl module toolchain versions installed:

    Module              Have    
    ------------------- --------
    CPAN                2.18    
    CPAN::Meta          2.150010
    Cwd                 3.62    
    ExtUtils::CBuilder  0.280224
    ExtUtils::Command   7.30    
    ExtUtils::Install   2.06    
    ExtUtils::MakeMaker 7.30    
    ExtUtils::Manifest  1.70    
    ExtUtils::ParseXS   3.30    
    File::Spec          3.62    
    JSON                2.94    
    JSON::PP            2.94    
    Module::Build       0.4224  
    Module::Signature   0.81    
    Parse::CPAN::Meta   2.150010
    Test::Harness       3.40_01 
    Test::More          1.302090
    YAML                1.23    
    YAML::Syck          1.30    
    version             0.9918  


--

Summary of my perl5 (revision 5 version 18 subversion 0) configuration:
  Derived from: a9acda3b5f74585852a57b51b724804ac586cb0b
  Platform:
    osname=linux, osvers=4.9.0-2-amd64, archname=x86_64-linux-ld
    uname='linux k93msid 4.9.0-2-amd64 #1 smp debian 4.9.18-1 (2017-03-30) x86_64 gnulinux '
    config_args='-Dprefix=/home/sand/src/perl/repoperls/installed-perls/host/k93msid/v5.18.0/2d7c -Dmyhostname=k93msid -Dinstallusrbinperl=n -Uversiononly -Dusedevel -des -Ui_db -Dlibswanted=cl pthread socket inet nsl gdbm dbm malloc dl ld sun m crypt sec util c cposix posix ucb BSD gdbm_compat -Uuseithreads -Duselongdouble -DDEBUGGING=-g'
    hint=recommended, useposix=true, d_sigaction=define
    useithreads=undef, usemultiplicity=undef
    useperlio=define, d_sfio=undef, uselargefiles=define, usesocks=undef
    use64bitint=define, use64bitall=define, uselongdouble=define
    usemymalloc=n, bincompat5005=undef
  Compiler:
    cc='cc', ccflags ='-fno-strict-aliasing -pipe -fstack-protector -I/usr/local/include -D_LARGEFILE_SOURCE -D_FILE_OFFSET_BITS=64',
    optimize='-O2 -g',
    cppflags='-fno-strict-aliasing -pipe -fstack-protector -I/usr/local/include'
    ccversion='', gccversion='6.3.0 20170406', gccosandvers=''
    intsize=4, longsize=8, ptrsize=8, doublesize=8, byteorder=12345678
    d_longlong=define, longlongsize=8, d_longdbl=define, longdblsize=16
    ivtype='long', ivsize=8, nvtype='long double', nvsize=16, Off_t='off_t', lseeksize=8
    alignbytes=16, prototype=define
  Linker and Libraries:
    ld='cc', ldflags =' -fstack-protector -L/usr/local/lib'
    libpth=/usr/local/lib /lib/x86_64-linux-gnu /lib/../lib /usr/lib/x86_64-linux-gnu /usr/lib/../lib /lib /usr/lib
    libs=-lpthread -lnsl -ldl -lm -lcrypt -lutil -lc
    perllibs=-lpthread -lnsl -ldl -lm -lcrypt -lutil -lc
    libc=libc-2.24.so, so=so, useshrplib=false, libperl=libperl.a
    gnulibc_version='2.24'
  Dynamic Linking:
    dlsrc=dl_dlopen.xs, dlext=so, d_dlsymun=undef, ccdlflags='-Wl,-E'
    cccdlflags='-fPIC', lddlflags='-shared -O2 -g -L/usr/local/lib -fstack-protector'


Characteristics of this binary (from libperl): 
  Compile-time options: HAS_TIMES PERLIO_LAYERS PERL_DONT_CREATE_GVSV
                        PERL_HASH_FUNC_ONE_AT_A_TIME_HARD PERL_MALLOC_WRAP
                        PERL_PRESERVE_IVUV PERL_SAWAMPERSAND PERL_USE_DEVEL
                        USE_64_BIT_ALL USE_64_BIT_INT USE_LARGE_FILES
                        USE_LOCALE USE_LOCALE_COLLATE USE_LOCALE_CTYPE
                        USE_LOCALE_NUMERIC USE_LONG_DOUBLE USE_PERLIO
                        USE_PERL_ATOF
  Locally applied patches:
	uncommitted-changes
  Built under linux
  Compiled at Jul  2 2017 19:22:06
  %ENV:
    PERL5LIB=""
    PERL5OPT=""
    PERL5_CPANPLUS_IS_RUNNING="17072"
    PERL5_CPAN_IS_RUNNING="17072"
    PERL_CANARY_STABILITY_NOPROMPT="1"
    PERL_MM_USE_DEFAULT="1"
    PERL_USE_UNSAFE_INC="1"
  @INC:
    /home/sand/src/perl/repoperls/installed-perls/host/k93msid/v5.18.0/2d7c/lib/site_perl/5.18.0/x86_64-linux-ld
    /home/sand/src/perl/repoperls/installed-perls/host/k93msid/v5.18.0/2d7c/lib/site_perl/5.18.0
    /home/sand/src/perl/repoperls/installed-perls/host/k93msid/v5.18.0/2d7c/lib/5.18.0/x86_64-linux-ld
    /home/sand/src/perl/repoperls/installed-perls/host/k93msid/v5.18.0/2d7c/lib/5.18.0
    .