MooX-ProtectedAttributes v0.03 Perl 5 v5.40.1 x86_64-linux
- Status
- Fail
- From
- David Cantrell (DCANTRELL)
- Dist
-
MooX-ProtectedAttributes v0.03
- Platform
- Perl 5 v5.40.1 x86_64-linux
- Date
- 2025-08-22 07:52:13
- ID
- ea17c7ca-7f2c-11f0-a5d0-c28fb27ef1be
This distribution has been tested as part of the CPAN Testers
project, supporting the Perl programming language. See
http://wiki.cpantesters.org/ for more information or email
questions to cpan-testers-discuss@perl.org
--
Dear celogeek,
This is a computer-generated report for MooX-ProtectedAttributes-0.03
on perl 5.40.1, created by CPAN-Reporter-1.2020.
Thank you for uploading your work to CPAN. However, there was a problem
testing your distribution.
If you think this report is invalid, please consult the CPAN Testers Wiki
for suggestions on how to avoid getting FAIL reports for missing library
or binary dependencies, unsupported operating systems, and so on:
http://wiki.cpantesters.org/wiki/CPANAuthorNotes
Sections of this report:
* Tester comments
* Program output
* Prerequisites
* Environment and other context
------------------------------
TESTER COMMENTS
------------------------------
Additional comments from tester:
this report is from an automated smoke testing program
and was not reviewed by a human for accuracy
------------------------------
PROGRAM OUTPUT
------------------------------
Output from './Build test':
t/00-compile.t ................ ok
# Testing with Perl 5.040001, /home/david/cpantesting/perl-5.40.1/bin/perl
# Carp version is 1.50
# File::Spec version is 3.91
# IO::Handle version is 1.55
# IPC::Open3 version is 1.22
# Module::Build version is 0.4234
# Moo version is 2.005005
# Moo::Role version is 2.005005
# Moose version is 2.2207
# Scalar::Util version is 1.70
# Test::More version is 1.302209
# Test::Trap version is 0.3.5
# strict version is 1.13
# warnings version is 1.70
t/000-report-versions.t ....... ok
t/author-critic.t ............. skipped: these tests are for testing by the author
Can't locate t/lib/moo/myTestClass.pm in @INC (you may need to install the t::lib::moo::myTestClass module) (@INC entries checked: /home/david/cpantesting/perl-5.40.1/.cpan/build/MooX-ProtectedAttributes-0.03-0/blib/lib /home/david/cpantesting/perl-5.40.1/.cpan/build/MooX-ProtectedAttributes-0.03-0/blib/arch /home/david/cpantesting/perl-5.40.1/lib/site_perl/5.40.1/x86_64-linux /home/david/cpantesting/perl-5.40.1/lib/site_perl/5.40.1 /home/david/cpantesting/perl-5.40.1/lib/5.40.1/x86_64-linux /home/david/cpantesting/perl-5.40.1/lib/5.40.1) at t/moox-protectedattributes.t line 16.
BEGIN failed--compilation aborted at t/moox-protectedattributes.t line 16.
t/moox-protectedattributes.t ..
Dubious, test returned 2 (wstat 512, 0x200)
No subtests run
t/release-kwalitee.t .......... skipped: these tests are for release candidate testing
t/release-pod-coverage.t ...... skipped: these tests are for release candidate testing
t/release-unused-vars.t ....... skipped: these tests are for release candidate testing
Test Summary Report
-------------------
t/moox-protectedattributes.t (Wstat: 512 (exited 2) Tests: 0 Failed: 0)
Non-zero exit status: 2
Parse errors: No plan found in TAP output
Files=7, Tests=14, 2 wallclock secs ( 0.03 usr 0.02 sys + 0.89 cusr 0.13 csys = 1.07 CPU)
Result: FAIL
Failed 1/7 test programs. 0/14 subtests failed.
------------------------------
PREREQUISITES
------------------------------
Prerequisite modules loaded:
requires:
Module Need Have
------------- ------ --------
Carp 0 1.50
perl 5.006 5.040001
strict 0 1.13
warnings 0 1.70
build_requires:
Module Need Have
------------- ------ --------
File::Spec 0 3.91
IO::Handle 0 1.55
IPC::Open3 0 1.22
Module::Build 0.3601 0.4234
Moo 0 2.005005
Moo::Role 0 2.005005
Moose 0 2.2207
Moose::Role 0 2.2207
perl 5.004 5.040001
Scalar::Util 0 1.70
Test::More 0.94 1.302209
Test::Trap 0 0.3.5
configure_requires:
Module Need Have
------------- ------ --------
Module::Build 0.3601 0.4234
------------------------------
ENVIRONMENT AND OTHER CONTEXT
------------------------------
Environment variables:
AUTOMATED_TESTING = 1
LANG = en_GB.UTF-8
LANGUAGE = en_GB:en
LC_TERMINAL = iTerm2
LC_TERMINAL_VERSION = 3.5.14
NONINTERACTIVE_TESTING = 1
PATH = /home/david/.nvm/versions/node/v22.17.1/bin:/home/david/.cargo/bin:/home/david/perl5/perlbrew/bin:/home/david/perl5/perlbrew/perls/perl-5.30.2/bin:/home/david/bin:/usr/local/bin:/usr/bin:/bin:/usr/local/games:/usr/games
PERL = 5.40.1
PERL5LIB =
PERL5OPT =
PERL5_CPANPLUS_IS_RUNNING = 1206195
PERL5_CPAN_IS_RUNNING = 1206195
PERLBREW_HOME = /home/david/.perlbrew
PERLBREW_MANPATH = /home/david/perl5/perlbrew/perls/perl-5.30.2/man
PERLBREW_PATH = /home/david/perl5/perlbrew/bin:/home/david/perl5/perlbrew/perls/perl-5.30.2/bin
PERLBREW_PERL = perl-5.30.2
PERLBREW_ROOT = /home/david/perl5/perlbrew
PERLBREW_SHELLRC_VERSION = 0.98
PERLBREW_VERSION = 0.98
PERLVER = 5.40.1
PERL_INLINE_DIRECTORY = /home/david/.Inline-5.40.1
PERL_MM_USE_DEFAULT = 1
PERL_USE_UNSAFE_INC = 0
SHELL = /bin/bash
TERM = screen
Perl special variables (and OS-specific diagnostics, for MSWin32):
$^X = /home/david/cpantesting/perl-5.40.1/bin/perl
$UID/$EUID = 1000 / 1000
$GID = 1000 24 25 27 29 30 44 46 109 1000
$EGID = 1000 24 25 27 29 30 44 46 109 1000
Perl module toolchain versions installed:
Module Have
------------------- --------
CPAN 2.38
CPAN::Meta 2.150010
Cwd 3.91
ExtUtils::CBuilder 0.280236
ExtUtils::Command 7.77_02
ExtUtils::Install 2.22
ExtUtils::MakeMaker 7.77_02
ExtUtils::Manifest 1.75
ExtUtils::ParseXS 3.51
File::Spec 3.91
JSON 4.10
JSON::PP 4.16
Module::Build 0.4234
Module::Signature n/a
Parse::CPAN::Meta 2.150010
Test2 1.302209
Test::Harness 3.50
Test::More 1.302209
YAML 1.31
YAML::Syck n/a
version 0.9933
--
Summary of my perl5 (revision 5 version 40 subversion 1) configuration:
Platform:
osname=linux
osvers=6.1.0-11-amd64
archname=x86_64-linux
uname='linux cpantesting-linux 6.1.0-11-amd64 #1 smp preempt_dynamic debian 6.1.38-4 (2023-08-08) x86_64 gnulinux '
config_args='-de -Dprefix=/home/david/cpantesting/perl-5.40.1'
hint=recommended
useposix=true
d_sigaction=define
useithreads=undef
usemultiplicity=undef
use64bitint=define
use64bitall=define
uselongdouble=undef
usemymalloc=n
default_inc_excludes_dot=define
Compiler:
cc='cc'
ccflags ='-fwrapv -fno-strict-aliasing -pipe -fstack-protector-strong -I/usr/local/include -D_LARGEFILE_SOURCE -D_FILE_OFFSET_BITS=64 -D_FORTIFY_SOURCE=2'
optimize='-O2'
cppflags='-fwrapv -fno-strict-aliasing -pipe -fstack-protector-strong -I/usr/local/include'
ccversion=''
gccversion='12.2.0'
gccosandvers=''
intsize=4
longsize=8
ptrsize=8
doublesize=8
byteorder=12345678
doublekind=3
d_longlong=define
longlongsize=8
d_longdbl=define
longdblsize=16
longdblkind=3
ivtype='long'
ivsize=8
nvtype='double'
nvsize=8
Off_t='off_t'
lseeksize=8
alignbytes=8
prototype=define
Linker and Libraries:
ld='cc'
ldflags =' -fstack-protector-strong -L/usr/local/lib'
libpth=/usr/local/lib /usr/lib/x86_64-linux-gnu /usr/lib /usr/lib64
libs=-lpthread -ldl -lm -lcrypt -lutil -lc
perllibs=-lpthread -ldl -lm -lcrypt -lutil -lc
libc=/lib/x86_64-linux-gnu/libc.so.6
so=so
useshrplib=false
libperl=libperl.a
gnulibc_version='2.36'
Dynamic Linking:
dlsrc=dl_dlopen.xs
dlext=so
d_dlsymun=undef
ccdlflags='-Wl,-E'
cccdlflags='-fPIC'
lddlflags='-shared -O2 -L/usr/local/lib -fstack-protector-strong'
Characteristics of this binary (from libperl):
Compile-time options:
HAS_LONG_DOUBLE
HAS_STRTOLD
HAS_TIMES
PERLIO_LAYERS
PERL_COPY_ON_WRITE
PERL_DONT_CREATE_GVSV
PERL_HASH_FUNC_SIPHASH13
PERL_HASH_USE_SBOX32
PERL_MALLOC_WRAP
PERL_OP_PARENT
PERL_PRESERVE_IVUV
PERL_USE_SAFE_PUTENV
USE_64_BIT_ALL
USE_64_BIT_INT
USE_LARGE_FILES
USE_LOCALE
USE_LOCALE_COLLATE
USE_LOCALE_CTYPE
USE_LOCALE_NUMERIC
USE_LOCALE_TIME
USE_PERLIO
USE_PERL_ATOF
Built under linux
Compiled at Mar 8 2025 15:28:56
%ENV:
PERL="5.40.1"
PERL5LIB=""
PERL5OPT=""
PERL5_CPANPLUS_IS_RUNNING="1206195"
PERL5_CPAN_IS_RUNNING="1206195"
PERLBREW_HOME="/home/david/.perlbrew"
PERLBREW_MANPATH="/home/david/perl5/perlbrew/perls/perl-5.30.2/man"
PERLBREW_PATH="/home/david/perl5/perlbrew/bin:/home/david/perl5/perlbrew/perls/perl-5.30.2/bin"
PERLBREW_PERL="perl-5.30.2"
PERLBREW_ROOT="/home/david/perl5/perlbrew"
PERLBREW_SHELLRC_VERSION="0.98"
PERLBREW_VERSION="0.98"
PERLVER="5.40.1"
PERL_INLINE_DIRECTORY="/home/david/.Inline-5.40.1"
PERL_MM_USE_DEFAULT="1"
PERL_USE_UNSAFE_INC="0"
@INC:
/home/david/cpantesting/perl-5.40.1/lib/site_perl/5.40.1/x86_64-linux
/home/david/cpantesting/perl-5.40.1/lib/site_perl/5.40.1
/home/david/cpantesting/perl-5.40.1/lib/5.40.1/x86_64-linux
/home/david/cpantesting/perl-5.40.1/lib/5.40.1