Crypt-DSA-GMP v0.02 Perl 5 v5.16.3 MSWin32-x86-multi-thread

Status
Fail
From
Dist
Crypt-DSA-GMP v0.02
Platform
Perl 5 v5.16.3 MSWin32-x86-multi-thread
Date
2024-12-03 18:58:07
ID
ea222408-7b2a-1014-9658-b1d307c19ce6
This distribution has been tested as part of the CPAN Testers
project, supporting the Perl programming language.  See
http://wiki.cpantesters.org/ for more information or email
questions to cpan-testers-discuss@perl.org


--
Dear Dana Jacobsen,

This is a computer-generated report for Crypt-DSA-GMP-0.02
on perl 5.16.3, created by CPAN-Reporter-1.2020.

Thank you for uploading your work to CPAN.  However, there was a problem
testing your distribution.

If you think this report is invalid, please consult the CPAN Testers Wiki
for suggestions on how to avoid getting FAIL reports for missing library
or binary dependencies, unsupported operating systems, and so on:

http://wiki.cpantesters.org/wiki/CPANAuthorNotes

Sections of this report:

    * Tester comments
    * Program output
    * Prerequisites
    * Environment and other context

------------------------------
TESTER COMMENTS
------------------------------

Additional comments from tester:

none provided

------------------------------
PROGRAM OUTPUT
------------------------------

Output from 'C:\Strawberry\c\bin\dmake.exe test':

C:\"Strawberry\perl\bin\perl.exe" "-MExtUtils::Command::MM" "-MTest::Harness" "-e" "undef *Test::Harness::Switches; test_harness(0, 'blib\lib', 'blib\arch')" t/*.t
t/01-load.t .................. ok
t/02-util.t .................. ok
t/10-sign.t .................. ok
t/11-keygen.t ................ ok
t/20-fips.t .................. ok
t/21-fips-186-4.t ............ ok

#   Failed test 'Load key using Crypt::DSA::GMP::key'
#   at t/30-pem.t line 39.
Can't call method "p" on an undefined value at t/30-pem.t line 40.
# Looks like your test exited with 255 just after 7.
t/30-pem.t ................... 
Dubious, test returned 255 (wstat 65280, 0xff00)
Failed 22/28 subtests 

#   Failed test 'Parsed key'
#   at t/31-openid.t line 37.
Can't call method "p" on an undefined value at t/31-openid.t line 38.
# Looks like your test exited with 255 just after 2.
t/31-openid.t ................ 
Dubious, test returned 255 (wstat 65280, 0xff00)
Failed 10/11 subtests 

#   Failed test 'Parsed key'
#   at t/32-pem-large.t line 60.
Can't call method "p" on an undefined value at t/32-pem-large.t line 61.
# Looks like your test exited with 255 just after 2.
t/32-pem-large.t ............. 
Dubious, test returned 255 (wstat 65280, 0xff00)
Failed 9/10 subtests 

#   Failed test 'Parsed key'
#   at t/33-ssh2.t line 33.
Can't call method "p" on an undefined value at t/33-ssh2.t line 34.
# Looks like your test exited with 255 just after 2.
t/33-ssh2.t .................. 
Dubious, test returned 255 (wstat 65280, 0xff00)
Failed 34/35 subtests 
t/40-interop-openssl.t ....... skipped: tests tests are for release candidate testing
t/41-interop-cryptdsa.t ...... skipped: tests tests are for release candidate testing
t/42-interop-cryptx.t ........ skipped: tests tests are for release candidate testing
t/90-release-perlcritic.t .... skipped: these tests are for release candidate testing
t/91-release-pod-syntax.t .... skipped: these tests are for release candidate testing
t/92-release-pod-coverage.t .. skipped: these tests are for release candidate testing
t/93-release-kwalitee.t ...... skipped: these tests are for release candidate testing
t/94-release-manifest.t ...... skipped: these tests are for release candidate testing
t/95-release-spelling.t ...... skipped: these tests are for release candidate testing

Test Summary Report
-------------------
t/30-pem.t                 (Wstat: 65280 (exited 255) Tests: 7 Failed: 1)
  Failed test:  7
  Non-zero exit status: 255
  Parse errors: Bad plan.  You planned 28 tests but ran 7.
t/31-openid.t              (Wstat: 65280 (exited 255) Tests: 2 Failed: 1)
  Failed test:  2
  Non-zero exit status: 255
  Parse errors: Bad plan.  You planned 11 tests but ran 2.
t/32-pem-large.t           (Wstat: 65280 (exited 255) Tests: 2 Failed: 1)
  Failed test:  2
  Non-zero exit status: 255
  Parse errors: Bad plan.  You planned 10 tests but ran 2.
t/33-ssh2.t                (Wstat: 65280 (exited 255) Tests: 2 Failed: 1)
  Failed test:  2
  Non-zero exit status: 255
  Parse errors: Bad plan.  You planned 35 tests but ran 2.
Files=19, Tests=74, 13 wallclock secs ( 0.19 usr +  0.09 sys =  0.28 CPU)
Result: FAIL
Failed 4/19 test programs. 4/74 subtests failed.
dmake.exe:  Error code 255, while making 'test_dynamic'

------------------------------
PREREQUISITES
------------------------------

Prerequisite modules loaded:

requires:

    Module                 Need     Have    
    ---------------------- -------- --------
    base                   0        2.18    
    Carp                   0        1.50    
    Crypt::Random::Seed    0        0.03    
    Data::Buffer           0.04     0.06    
    Digest::SHA            5.22     6.04    
    Exporter               5.562    5.78    
    Math::BigInt           1.78     2.003003
    Math::BigInt::GMP      0        1.7001  
    Math::Prime::Util::GMP 0.15     0.52    
    MIME::Base64           0        3.16    
    perl                   5.006002 5.016003

build_requires:

    Module                 Need     Have    
    ---------------------- -------- --------
    Test::More             0.45     1.302204


------------------------------
ENVIRONMENT AND OTHER CONTEXT
------------------------------

Environment variables:

    COMSPEC = C:\windows\system32\cmd.exe
    NONINTERACTIVE_TESTING = 1
    NUMBER_OF_PROCESSORS = 4
    PATH = C:\home\picture\perl5\bin;C:\windows\system32;C:\windows;C:\windows\System32\Wbem;C:\windows\System32\WindowsPowerShell\v1.0\;C:\Strawberry\c\bin;C:\Strawberry\perl\site\bin;C:\Strawberry\perl\bin
    PERL5LIB = C:\home\picture\perl5\lib\perl5
    PERL5OPT = 
    PERL5_CPANPLUS_IS_RUNNING = 16304
    PERL5_CPAN_IS_RUNNING = 16304
    PERL_LOCAL_LIB_ROOT = C:\home\picture\perl5
    PERL_MB_OPT = --install_base "C:\\home\\picture\\perl5"
    PERL_MM_OPT = INSTALL_BASE=C:\\home\\picture\\perl5
    PERL_MM_USE_DEFAULT = 1
    PERL_USE_UNSAFE_INC = 1
    PROCESSOR_IDENTIFIER = x86 Family 6 Model 37 Stepping 5, GenuineIntel
    TEMP = C:\Users\user\AppData\Local\Temp
    TERM = dumb

Perl special variables (and OS-specific diagnostics, for MSWin32):

    $^X = C:\Strawberry\perl\bin\perl.exe
    $UID/$EUID = 0 / 0
    $GID = 0
    $EGID = 0
    Win32::GetOSName = Win7
    Win32::GetOSVersion = Service Pack 1, 6, 1, 7601, 2, 1, 0, 256, 1
    Win32::FsType = NTFS
    Win32::IsAdminUser = 0

Perl module toolchain versions installed:

    Module              Have    
    ------------------- --------
    CPAN                2.34    
    CPAN::Meta          2.150010
    Cwd                 3.75    
    ExtUtils::CBuilder  0.280236
    ExtUtils::Command   7.71_02 
    ExtUtils::Install   2.22    
    ExtUtils::MakeMaker 7.71_02 
    ExtUtils::Manifest  1.75    
    ExtUtils::ParseXS   3.51    
    File::Spec          3.75    
    JSON                4.10    
    JSON::PP            4.17_01 
    Module::Build       0.4234  
    Module::Signature   0.89    
    Parse::CPAN::Meta   2.150010
    Test2               1.302204
    Test::Harness       3.50    
    Test::More          1.302204
    YAML                1.31    
    YAML::Syck          1.34    
    version             0.9933  


--

Summary of my perl5 (revision 5 version 16 subversion 3) configuration:
   
  Platform:
    osname=MSWin32, osvers=4.0, archname=MSWin32-x86-multi-thread
    uname='Win32 strawberry-perl 5.16.3.1 #1 Tue Mar 12 13:55:20 2013 i386'
    config_args='undef'
    hint=recommended, useposix=true, d_sigaction=undef
    useithreads=define, usemultiplicity=define
    useperlio=define, d_sfio=undef, uselargefiles=define, usesocks=undef
    use64bitint=undef, use64bitall=undef, uselongdouble=undef
    usemymalloc=n, bincompat5005=undef
  Compiler:
    cc='gcc', ccflags =' -s -O2 -DWIN32  -DPERL_TEXTMODE_SCRIPTS -DPERL_IMPLICIT_CONTEXT -DPERL_IMPLICIT_SYS -fno-strict-aliasing -mms-bitfields',
    optimize='-s -O2',
    cppflags='-DWIN32'
    ccversion='', gccversion='4.6.3', gccosandvers=''
    intsize=4, longsize=4, ptrsize=4, doublesize=8, byteorder=1234
    d_longlong=undef, longlongsize=8, d_longdbl=define, longdblsize=12
    ivtype='long', ivsize=4, nvtype='double', nvsize=8, Off_t='long long', lseeksize=8
    alignbytes=8, prototype=define
  Linker and Libraries:
    ld='g++', ldflags ='-s -L"C:\Strawberry\perl\lib\CORE" -L"C:\Strawberry\c\lib"'
    libpth=C:\Strawberry\c\lib C:\Strawberry\c\i686-w64-mingw32\lib
    libs=-lmoldname -lkernel32 -luser32 -lgdi32 -lwinspool -lcomdlg32 -ladvapi32 -lshell32 -lole32 -loleaut32 -lnetapi32 -luuid -lws2_32 -lmpr -lwinmm -lversion -lodbc32 -lodbccp32 -lcomctl32
    perllibs=-lmoldname -lkernel32 -luser32 -lgdi32 -lwinspool -lcomdlg32 -ladvapi32 -lshell32 -lole32 -loleaut32 -lnetapi32 -luuid -lws2_32 -lmpr -lwinmm -lversion -lodbc32 -lodbccp32 -lcomctl32
    libc=, so=dll, useshrplib=true, libperl=libperl516.a
    gnulibc_version=''
  Dynamic Linking:
    dlsrc=dl_win32.xs, dlext=dll, d_dlsymun=undef, ccdlflags=' '
    cccdlflags=' ', lddlflags='-mdll -s -L"C:\Strawberry\perl\lib\CORE" -L"C:\Strawberry\c\lib"'


Characteristics of this binary (from libperl): 
  Compile-time options: HAS_TIMES HAVE_INTERP_INTERN MULTIPLICITY
                        PERLIO_LAYERS PERL_DONT_CREATE_GVSV
                        PERL_IMPLICIT_CONTEXT PERL_IMPLICIT_SYS
                        PERL_MALLOC_WRAP PERL_PRESERVE_IVUV PL_OP_SLAB_ALLOC
                        USE_ITHREADS USE_LARGE_FILES USE_LOCALE
                        USE_LOCALE_COLLATE USE_LOCALE_CTYPE
                        USE_LOCALE_NUMERIC USE_PERLIO USE_PERL_ATOF
  Built under MSWin32
  Compiled at Mar 12 2013 14:01:07
  %ENV:
    PERL5LIB="C:\home\picture\perl5\lib\perl5"
    PERL5_CPANPLUS_IS_RUNNING="16304"
    PERL5_CPAN_IS_RUNNING="16304"
    PERL_LOCAL_LIB_ROOT="C:\home\picture\perl5"
    PERL_MB_OPT="--install_base "C:\\home\\picture\\perl5""
    PERL_MM_OPT="INSTALL_BASE=C:\\home\\picture\\perl5"
    PERL_MM_USE_DEFAULT="1"
    PERL_USE_UNSAFE_INC="1"
  @INC:
    C:\home\picture\perl5\lib\perl5/MSWin32-x86-multi-thread
    C:\home\picture\perl5\lib\perl5
    C:/Strawberry/perl/site/lib
    C:/Strawberry/perl/vendor/lib
    C:/Strawberry/perl/lib
    .