Report for AnyEvent-Curl-Multi-1.1

Back
From: metabase:user:919240cc-3a5a-11e3-97e0-aee51455ead1
Subject: FAIL AnyEvent-Curl-Multi-1.1 v5.25.1 GNU/Linux
Date: 2016-06-07T11:49:39Z

This distribution has been tested as part of the CPAN Testers
project, supporting the Perl programming language.  See
http://wiki.cpantesters.org/ for more information or email
questions to cpan-testers-discuss@perl.org


--
Dear OTTERLEY,

This is a computer-generated report for AnyEvent-Curl-Multi-1.1
on perl 5.25.1, created by App::cpanminus::reporter 0.17 (1.7042).

Thank you for uploading your work to CPAN.  However, there was a problem
testing your distribution.

If you think this report is invalid, please consult the CPAN Testers Wiki
for suggestions on how to avoid getting FAIL reports for missing library
or binary dependencies, unsupported operating systems, and so on:

http://wiki.cpantesters.org/wiki/CPANAuthorNotes

Sections of this report:

    * Tester comments
    * Program output
    * Prerequisites
    * Environment and other context

------------------------------
TESTER COMMENTS
------------------------------

Additional comments from tester:

none provided

------------------------------
PROGRAM OUTPUT
------------------------------

Output from '':

Building and testing AnyEvent-Curl-Multi-1.1
cp lib/AnyEvent/Curl/Multi.pm blib/lib/AnyEvent/Curl/Multi.pm
Manifying 1 pod document
PERL_DL_NONLAZY=1 "/home/ilmari/perl5/perlbrew/perls/25.1d/bin/perl5.25.1" "-MExtUtils::Command::MM" "-MTest::Harness" "-e" "undef *Test::Harness::Switches; test_harness(0, 'blib/lib', 'blib/arch')" t/*.t
# Testing AnyEvent::Curl::Multi 1.1, Perl 5.025001, /home/ilmari/perl5/perlbrew/perls/25.1d/bin/perl5.25.1
t/00-load.t ...... ok
t/boilerplate.t .. ok
t/manifest.t ..... skipped: Author tests not required for installation
t/pod.t .......... ok

#   Failed test 'HTTP response from http://www.perl.org was successful'
#   at t/simple.t line 27.
# Looks like you failed 1 test of 9.
t/simple.t ....... 
Dubious, test returned 1 (wstat 256, 0x100)
Failed 1/9 subtests 

Test Summary Report
-------------------
t/boilerplate.t (Wstat: 0 Tests: 3 Failed: 0)
  TODO passed:   1-3
t/simple.t     (Wstat: 256 Tests: 9 Failed: 1)
  Failed test:  9
  Non-zero exit status: 1
Files=5, Tests=14,  1 wallclock secs ( 0.03 usr  0.01 sys +  0.38 cusr  0.03 csys =  0.45 CPU)
Result: FAIL

------------------------------
PREREQUISITES
------------------------------

Prerequisite modules loaded:

    No requirements found

------------------------------
ENVIRONMENT AND OTHER CONTEXT
------------------------------

Environment variables:

    LANG = en_GB.UTF-8
    LANGUAGE = en_GB:en
    PATH = /home/ilmari/.perlbrew/libs/25.1d@std/bin:/home/ilmari/perl5/perlbrew/bin:/home/ilmari/perl5/perlbrew/perls/25.1d/bin:/home/ilmari/src/git-hub/lib:/home/ilmari/bin:/home/ilmari/.rakudobrew/bin:/usr/local/bin:/usr/bin:/bin:/usr/local/games:/usr/games
    PERL5LIB = /home/ilmari/.perlbrew/libs/25.1d@std/lib/perl5
    PERLBREW = command perlbrew
    PERLBREW_BASHRC_VERSION = 0.71
    PERLBREW_HOME = /home/ilmari/.perlbrew
    PERLBREW_LIB = std
    PERLBREW_MANPATH = /home/ilmari/.perlbrew/libs/25.1d@std/man:/home/ilmari/perl5/perlbrew/perls/25.1d/man
    PERLBREW_PATH = /home/ilmari/.perlbrew/libs/25.1d@std/bin:/home/ilmari/perl5/perlbrew/bin:/home/ilmari/perl5/perlbrew/perls/25.1d/bin
    PERLBREW_PERL = 25.1d
    PERLBREW_ROOT = /home/ilmari/perl5/perlbrew
    PERLBREW_VERSION = 0.75
    PERLDOC_PAGER = less -iR
    PERL_LOCAL_LIB_ROOT = /home/ilmari/.perlbrew/libs/25.1d@std
    PERL_MB_OPT = --install_base /home/ilmari/.perlbrew/libs/25.1d@std
    PERL_MM_OPT = INSTALL_BASE=/home/ilmari/.perlbrew/libs/25.1d@std
    SCHEMA_LOADER_TESTS_BACKCOMPAT = 1
    SCHEMA_LOADER_TESTS_USE_MOOSE = 1
    SHELL = /bin/bash
    TERM = xterm

Perl special variables (and OS-specific diagnostics, for MSWin32):

    EGID = 1000 4 24 25 27 29 30 44 46 102 108 113 115 119 126 134 1000
    EUID = 1000
    EXECUTABLE_NAME = /home/ilmari/perl5/perlbrew/perls/25.1d/bin/perl5.25.1
    GID = 1000 4 24 25 27 29 30 44 46 102 108 113 115 119 126 134 1000
    UID = 1000

Perl module toolchain versions installed:

    Module              Have    
    ------------------- --------
    CPAN                2.11    
    CPAN::Meta          2.150005
    Cwd                 3.63    
    ExtUtils::CBuilder  0.280225
    ExtUtils::Command   7.18    
    ExtUtils::Install   2.04    
    ExtUtils::MakeMaker 7.18    
    ExtUtils::Manifest  1.70    
    ExtUtils::ParseXS   3.31    
    File::Spec          3.63    
    JSON                2.90    
    JSON::PP            2.27300 
    Module::Build       0.4218  
    Module::Signature   n/a     
    Parse::CPAN::Meta   1.4417  
    Test::Harness       3.36    
    Test::More          1.302022
    YAML                1.15    
    YAML::Syck          n/a     
    version             0.9916  


--

Summary of my perl5 (revision 5 version 25 subversion 1) configuration:
   
  Platform:
    osname=linux, osvers=3.16.0-4-amd64, archname=x86_64-linux
    uname='linux garkbit 3.16.0-4-amd64 #1 smp debian 3.16.7-ckt20-1+deb8u4 (2016-02-29) x86_64 gnulinux '
    config_args='-de -Dprefix=/home/ilmari/perl5/perlbrew/perls/25.1d -DDEBUGGING -Dcccdlflags=-fPIC -Duseshrplib -Dcc=ccache gcc -Dld=gcc -Dman1dir=none -Dman3dir=none -Dsiteman1dir=none -Dsiteman3dir=none -Dvendorman1dir=none -Dvendorman3dir=none -Dinstallman1dir=none -Dinstallman3dir=none -Dinstallsiteman1dir=none -Dinstallsiteman3dir=none -Dinstallvendorman1dir=none -Dinstallvendorman3dir=none -Dusedevel -Aeval:scriptdir=/home/ilmari/perl5/perlbrew/perls/25.1d/bin'
    hint=recommended, useposix=true, d_sigaction=define
    useithreads=undef, usemultiplicity=undef
    use64bitint=define, use64bitall=define, uselongdouble=undef
    usemymalloc=n, bincompat5005=undef
  Compiler:
    cc='ccache gcc', ccflags ='-fwrapv -DDEBUGGING -fno-strict-aliasing -pipe -fstack-protector-strong -I/usr/local/include -D_LARGEFILE_SOURCE -D_FILE_OFFSET_BITS=64 -D_FORTIFY_SOURCE=2',
    optimize='-O2 -g',
    cppflags='-fwrapv -DDEBUGGING -fno-strict-aliasing -pipe -fstack-protector-strong -I/usr/local/include'
    ccversion='', gccversion='4.9.2', gccosandvers=''
    intsize=4, longsize=8, ptrsize=8, doublesize=8, byteorder=12345678, doublekind=3
    d_longlong=define, longlongsize=8, d_longdbl=define, longdblsize=16, longdblkind=3
    ivtype='long', ivsize=8, nvtype='double', nvsize=8, Off_t='off_t', lseeksize=8
    alignbytes=8, prototype=define
  Linker and Libraries:
    ld='gcc', ldflags =' -fstack-protector-strong -L/usr/local/lib'
    libpth=/usr/local/lib /usr/lib/gcc/x86_64-linux-gnu/4.9/include-fixed /usr/include/x86_64-linux-gnu /usr/lib /lib/x86_64-linux-gnu /lib/../lib /usr/lib/x86_64-linux-gnu /usr/lib/../lib /lib
    libs=-lpthread -lnsl -lgdbm -ldb -ldl -lm -lcrypt -lutil -lc -lgdbm_compat
    perllibs=-lpthread -lnsl -ldl -lm -lcrypt -lutil -lc
    libc=libc-2.19.so, so=so, useshrplib=true, libperl=libperl.so
    gnulibc_version='2.19'
  Dynamic Linking:
    dlsrc=dl_dlopen.xs, dlext=so, d_dlsymun=undef, ccdlflags='-Wl,-E -Wl,-rpath,/home/ilmari/perl5/perlbrew/perls/25.1d/lib/5.25.1/x86_64-linux/CORE'
    cccdlflags='-fPIC', lddlflags='-shared -O2 -g -L/usr/local/lib -fstack-protector-strong'


Characteristics of this binary (from libperl): 
  Compile-time options: DEBUGGING HAS_TIMES PERLIO_LAYERS PERL_COPY_ON_WRITE
                        PERL_DONT_CREATE_GVSV
                        PERL_HASH_FUNC_ONE_AT_A_TIME_HARD PERL_MALLOC_WRAP
                        PERL_OP_PARENT PERL_PRESERVE_IVUV PERL_USE_DEVEL
                        USE_64_BIT_ALL USE_64_BIT_INT USE_LARGE_FILES
                        USE_LOCALE USE_LOCALE_COLLATE USE_LOCALE_CTYPE
                        USE_LOCALE_NUMERIC USE_LOCALE_TIME USE_PERLIO
                        USE_PERL_ATOF
  Locally applied patches:
	Devel::PatchPerl 1.38
  Built under linux
  Compiled at May 24 2016 12:46:13
  %ENV:
    PERL5LIB="/home/ilmari/.perlbrew/libs/25.1d@std/lib/perl5"
    PERLBREW="command perlbrew"
    PERLBREW_BASHRC_VERSION="0.71"
    PERLBREW_HOME="/home/ilmari/.perlbrew"
    PERLBREW_LIB="std"
    PERLBREW_MANPATH="/home/ilmari/.perlbrew/libs/25.1d@std/man:/home/ilmari/perl5/perlbrew/perls/25.1d/man"
    PERLBREW_PATH="/home/ilmari/.perlbrew/libs/25.1d@std/bin:/home/ilmari/perl5/perlbrew/bin:/home/ilmari/perl5/perlbrew/perls/25.1d/bin"
    PERLBREW_PERL="25.1d"
    PERLBREW_ROOT="/home/ilmari/perl5/perlbrew"
    PERLBREW_VERSION="0.75"
    PERLDOC_PAGER="less -iR"
    PERL_LOCAL_LIB_ROOT="/home/ilmari/.perlbrew/libs/25.1d@std"
    PERL_MB_OPT="--install_base /home/ilmari/.perlbrew/libs/25.1d@std"
    PERL_MM_OPT="INSTALL_BASE=/home/ilmari/.perlbrew/libs/25.1d@std"
  @INC:
    /home/ilmari/.perlbrew/libs/25.1d@std/lib/perl5/x86_64-linux
    /home/ilmari/.perlbrew/libs/25.1d@std/lib/perl5
    /home/ilmari/perl5/perlbrew/perls/25.1d/lib/site_perl/5.25.1/x86_64-linux
    /home/ilmari/perl5/perlbrew/perls/25.1d/lib/site_perl/5.25.1
    /home/ilmari/perl5/perlbrew/perls/25.1d/lib/5.25.1/x86_64-linux
    /home/ilmari/perl5/perlbrew/perls/25.1d/lib/5.25.1
    .