Back
From: metabase:user:320bfe00-2aae-11df-837a-5e0a49663a4f
Subject: FAIL POE-Component-Client-BigBrother-1.00 v5.24.1 RC4 GNU/Linux
Date: 2016-10-15T17:36:33Z
This distribution has been tested as part of the CPAN Testers
project, supporting the Perl programming language. See
http://wiki.cpantesters.org/ for more information or email
questions to cpan-testers-discuss@perl.org
--
Dear Sebastien Aperghis-Tramoni,
This is a computer-generated report for POE-Component-Client-BigBrother-1.00
on perl 5.24.1, created by CPAN-Reporter-1.2018.
Thank you for uploading your work to CPAN. However, there was a problem
testing your distribution.
If you think this report is invalid, please consult the CPAN Testers Wiki
for suggestions on how to avoid getting FAIL reports for missing library
or binary dependencies, unsupported operating systems, and so on:
http://wiki.cpantesters.org/wiki/CPANAuthorNotes
Sections of this report:
* Tester comments
* Program output
* Prerequisites
* Environment and other context
------------------------------
TESTER COMMENTS
------------------------------
Additional comments from tester:
this report is from an automated smoke testing program
and was not reviewed by a human for accuracy
------------------------------
PROGRAM OUTPUT
------------------------------
Output from '/usr/bin/make test':
PERL_DL_NONLAZY=1 "/tmp/basesmoker-reloperl-Amhl/bin/perl" "-MExtUtils::Command::MM" "-MTest::Harness" "-e" "undef *Test::Harness::Switches; test_harness(0, 'blib/lib', 'blib/arch')" t/*.t
# Testing POE::Component::Client::BigBrother 1.00, Perl 5.024001, /tmp/basesmoker-reloperl-Amhl/bin/perl
t/00-load.t .............. ok
t/01-api.t ............... ok
please report this stacktrace to bug-poe@rt.cpan.org at /home/sand/src/perl/repoperls/installed-perls/host/k93x64sid/v5.24.1-RC4/d56f/lib/site_perl/5.24.1/POE/Kernel.pm line 1070.
POE::Kernel::_dispatch_event(POE::Kernel=ARRAY(0x18d5d78), undef, POE::Kernel=ARRAY(0x18d5d78), "_stop", 8, ARRAY(0x20d9038), "/home/sand/src/perl/repoperls/installed-perls/host/k93x64sid/"..., 571, ...) called at /home/sand/src/perl/repoperls/installed-perls/host/k93x64sid/v5.24.1-RC4/d56f/lib/site_perl/5.24.1/POE/Resource/Sessions.pm line 568
POE::Kernel::_data_ses_stop(POE::Kernel=ARRAY(0x18d5d78), 2) called at /home/sand/src/perl/repoperls/installed-perls/host/k93x64sid/v5.24.1-RC4/d56f/lib/site_perl/5.24.1/POE/Resource/Signals.pm line 551
POE::Kernel::_data_sig_free_terminated_sessions(POE::Kernel=ARRAY(0x18d5d78)) called at /home/sand/src/perl/repoperls/installed-perls/host/k93x64sid/v5.24.1-RC4/d56f/lib/site_perl/5.24.1/POE/Kernel.pm line 990
POE::Kernel::_dispatch_signal_event(POE::Kernel=ARRAY(0x18d5d78), POE::Session=ARRAY(0x2081838), POE::Kernel=ARRAY(0x18d5d78), "_signal", 4096, ARRAY(0x20d9008), "/home/sand/src/perl/repoperls/installed-perls/host/k93x64sid/"..., 1136, ...) called at /home/sand/src/perl/repoperls/installed-perls/host/k93x64sid/v5.24.1-RC4/d56f/lib/site_perl/5.24.1/POE/Resource/Events.pm line 382
POE::Kernel::_data_ev_dispatch_due(POE::Kernel=ARRAY(0x18d5d78)) called at /home/sand/src/perl/repoperls/installed-perls/host/k93x64sid/v5.24.1-RC4/d56f/lib/site_perl/5.24.1/POE/Loop/Select.pm line 309
POE::Kernel::loop_do_timeslice(POE::Kernel=ARRAY(0x18d5d78)) called at /home/sand/src/perl/repoperls/installed-perls/host/k93x64sid/v5.24.1-RC4/d56f/lib/site_perl/5.24.1/POE/Loop/Select.pm line 317
POE::Kernel::loop_run(POE::Kernel=ARRAY(0x18d5d78)) called at /home/sand/src/perl/repoperls/installed-perls/host/k93x64sid/v5.24.1-RC4/d56f/lib/site_perl/5.24.1/POE/Kernel.pm line 1291
POE::Kernel::run("POE::Kernel") called at t/10-check-by-pocotcp.t line 129
# Looks like your test exited with 255 just after 5.
t/10-check-by-pocotcp.t ..
Dubious, test returned 255 (wstat 65280, 0xff00)
Failed 12/17 subtests
t/pod-coverage.t ......... ok
t/pod.t .................. ok
Test Summary Report
-------------------
t/10-check-by-pocotcp.t (Wstat: 65280 Tests: 5 Failed: 0)
Non-zero exit status: 255
Parse errors: Bad plan. You planned 17 tests but ran 5.
Files=5, Tests=10, 2 wallclock secs ( 0.03 usr 0.02 sys + 0.36 cusr 0.07 csys = 0.48 CPU)
Result: FAIL
Failed 1/5 test programs. 0/10 subtests failed.
Makefile:846: recipe for target 'test_dynamic' failed
make: *** [test_dynamic] Error 255
------------------------------
PREREQUISITES
------------------------------
Prerequisite modules loaded:
requires:
Module Need Have
------------------- ---- --------
POE 0 1.367
Test::More 0 1.302059
build_requires:
Module Need Have
------------------- ---- --------
ExtUtils::MakeMaker 0 7.24
configure_requires:
Module Need Have
------------------- ---- --------
Module::Build 0.36 0.4220
------------------------------
ENVIRONMENT AND OTHER CONTEXT
------------------------------
Environment variables:
AUTOMATED_TESTING = 1
LANG = C
PATH = /home/sand/bin:/usr/local/bin:/usr/bin:/bin:/usr/games:/usr/local/perl/bin:/usr/X11/bin:/sbin:/usr/sbin
PERL5LIB = /tmp/loop_over_bdir-27631-5Dfo1R/FusionInventory-Agent-2.3.18-0/blib/arch:/tmp/loop_over_bdir-27631-5Dfo1R/FusionInventory-Agent-2.3.18-0/blib/lib
PERL5OPT =
PERL5_CPANPLUS_IS_RUNNING = 22534
PERL5_CPAN_IS_RUNNING = 22534
PERL_CANARY_STABILITY_NOPROMPT = 1
PERL_MM_USE_DEFAULT = 1
SHELL = /usr/bin/zsh
TERM = screen
Perl special variables (and OS-specific diagnostics, for MSWin32):
$^X = /tmp/basesmoker-reloperl-Amhl/bin/perl
$UID/$EUID = 1005 / 1005
$GID = 1005 1005
$EGID = 1005 1005
Perl module toolchain versions installed:
Module Have
------------------- --------
CPAN 2.15
CPAN::Meta 2.150010
Cwd 3.63_01
ExtUtils::CBuilder 0.280225
ExtUtils::Command 7.24
ExtUtils::Install 2.04
ExtUtils::MakeMaker 7.24
ExtUtils::Manifest 1.70
ExtUtils::ParseXS 3.31
File::Spec 3.63_01
JSON 2.90
JSON::PP 2.27400
Module::Build 0.4220
Module::Signature 0.81
Parse::CPAN::Meta 2.150010
Test::Harness 3.36_01
Test::More 1.302059
YAML 1.18
YAML::Syck 1.29
version 0.9917
--
Summary of my perl5 (revision 5 version 24 subversion 1) configuration:
Commit id: 01aeece0064776ef8376d241eb4e3e4692362c23
Platform:
osname=linux, osvers=4.7.0-1-amd64, archname=x86_64-linux-ld
uname='linux k93x64sid 4.7.0-1-amd64 #1 smp debian 4.7.6-1 (2016-10-07) x86_64 gnulinux '
config_args='-Dprefix=/home/sand/src/perl/repoperls/installed-perls/host/k93x64sid/v5.24.1-RC4/d56f -Dmyhostname=k93x64sid -Dinstallusrbinperl=n -Uversiononly -Dusedevel -des -Ui_db -Dlibswanted=cl pthread socket inet nsl gdbm dbm malloc dl ld sun m crypt sec util c cposix posix ucb BSD gdbm_compat -Uuseithreads -Duselongdouble'
hint=recommended, useposix=true, d_sigaction=define
useithreads=undef, usemultiplicity=undef
use64bitint=define, use64bitall=define, uselongdouble=define
usemymalloc=n, bincompat5005=undef
Compiler:
cc='cc', ccflags ='-fwrapv -fno-strict-aliasing -pipe -fstack-protector-strong -I/usr/local/include -D_LARGEFILE_SOURCE -D_FILE_OFFSET_BITS=64',
optimize='-O2',
cppflags='-fwrapv -fno-strict-aliasing -pipe -fstack-protector-strong -I/usr/local/include'
ccversion='', gccversion='6.2.0 20161010', gccosandvers=''
intsize=4, longsize=8, ptrsize=8, doublesize=8, byteorder=12345678, doublekind=3
d_longlong=define, longlongsize=8, d_longdbl=define, longdblsize=16, longdblkind=3
ivtype='long', ivsize=8, nvtype='long double', nvsize=16, Off_t='off_t', lseeksize=8
alignbytes=16, prototype=define
Linker and Libraries:
ld='cc', ldflags =' -fstack-protector-strong -L/usr/local/lib'
libpth=/usr/local/lib /usr/lib/gcc/x86_64-linux-gnu/6/include-fixed /usr/include/x86_64-linux-gnu /usr/lib /lib/x86_64-linux-gnu /lib/../lib /usr/lib/x86_64-linux-gnu /usr/lib/../lib /lib
libs=-lpthread -lnsl -ldl -lm -lcrypt -lutil -lc
perllibs=-lpthread -lnsl -ldl -lm -lcrypt -lutil -lc
libc=libc-2.24.so, so=so, useshrplib=false, libperl=libperl.a
gnulibc_version='2.24'
Dynamic Linking:
dlsrc=dl_dlopen.xs, dlext=so, d_dlsymun=undef, ccdlflags='-Wl,-E'
cccdlflags='-fPIC', lddlflags='-shared -O2 -L/usr/local/lib -fstack-protector-strong'
Characteristics of this binary (from libperl):
Compile-time options: HAS_TIMES PERLIO_LAYERS PERL_COPY_ON_WRITE
PERL_DONT_CREATE_GVSV
PERL_HASH_FUNC_ONE_AT_A_TIME_HARD PERL_MALLOC_WRAP
PERL_PRESERVE_IVUV PERL_USE_DEVEL USE_64_BIT_ALL
USE_64_BIT_INT USE_LARGE_FILES USE_LOCALE
USE_LOCALE_COLLATE USE_LOCALE_CTYPE
USE_LOCALE_NUMERIC USE_LOCALE_TIME USE_LONG_DOUBLE
USE_PERLIO USE_PERL_ATOF
Locally applied patches:
RC4
Built under linux
Compiled at Oct 14 2016 05:18:59
%ENV:
PERL5LIB="/tmp/loop_over_bdir-27631-5Dfo1R/FusionInventory-Agent-2.3.18-0/blib/arch:/tmp/loop_over_bdir-27631-5Dfo1R/FusionInventory-Agent-2.3.18-0/blib/lib"
PERL5OPT=""
PERL5_CPANPLUS_IS_RUNNING="22534"
PERL5_CPAN_IS_RUNNING="22534"
PERL_CANARY_STABILITY_NOPROMPT="1"
PERL_MM_USE_DEFAULT="1"
@INC:
/tmp/loop_over_bdir-27631-5Dfo1R/FusionInventory-Agent-2.3.18-0/blib/arch
/tmp/loop_over_bdir-27631-5Dfo1R/FusionInventory-Agent-2.3.18-0/blib/lib
/home/sand/src/perl/repoperls/installed-perls/host/k93x64sid/v5.24.1-RC4/d56f/lib/site_perl/5.24.1/x86_64-linux-ld
/home/sand/src/perl/repoperls/installed-perls/host/k93x64sid/v5.24.1-RC4/d56f/lib/site_perl/5.24.1
/home/sand/src/perl/repoperls/installed-perls/host/k93x64sid/v5.24.1-RC4/d56f/lib/5.24.1/x86_64-linux-ld
/home/sand/src/perl/repoperls/installed-perls/host/k93x64sid/v5.24.1-RC4/d56f/lib/5.24.1
.