Module-Pluggable v6.3 Perl 5 v5.41.9 x86_64-linux-thread-multi
- Status
- Fail
- From
- Carlos Guevara
- Dist
-
Module-Pluggable v6.3
- Platform
- Perl 5 v5.41.9 x86_64-linux-thread-multi
- Date
- 2025-01-25 05:19:14
- ID
- eada9a0c-dadb-11ef-8f0b-c64f1b9286ca
This distribution has been tested as part of the CPAN Testers
project, supporting the Perl programming language. See
http://wiki.cpantesters.org/ for more information or email
questions to cpan-testers-discuss@perl.org
--
Dear Simon Wistow,
This is a computer-generated report for Module-Pluggable-6.3
on perl 5.41.9, created by CPAN-Reporter-1.2020.
Thank you for uploading your work to CPAN. However, there was a problem
testing your distribution.
If you think this report is invalid, please consult the CPAN Testers Wiki
for suggestions on how to avoid getting FAIL reports for missing library
or binary dependencies, unsupported operating systems, and so on:
http://wiki.cpantesters.org/wiki/CPANAuthorNotes
Sections of this report:
* Tester comments
* Program output
* Prerequisites
* Environment and other context
------------------------------
TESTER COMMENTS
------------------------------
Additional comments from tester:
this report is from an automated smoke testing program
and was not reviewed by a human for accuracy
------------------------------
PROGRAM OUTPUT
------------------------------
Output from '/usr/bin/make test':
PERL_DL_NONLAZY=1 "/home/cpan/bin/perl/bin/perl5.41.9" "-MExtUtils::Command::MM" "-MTest::Harness" "-e" "undef *Test::Harness::Switches; test_harness(0, 'blib/lib', 'blib/arch')" t/*.t
t/01use.t .................... ok
t/02alsoworks.t .............. ok
t/02works.t .................. ok
t/02works_taint.t ............ ok
t/03diffname.t ............... ok
t/04acmedir.t ................ ok
t/04acmedir_single.t ......... ok
t/04acmepath.t ............... ok
t/04acmepath_single.t ........ ok
t/05postpath.t ............... ok
t/06multipath.t .............. ok
t/07instantiate.t ............ ok
t/08nothing.t ................ ok
t/09require.t ................ ok
t/10innerpack.t .............. ok
t/10innerpack_inner.t ........ ok
t/10innerpack_noinner.t ...... ok
t/10innerpack_onefile.t ...... ok
t/10innerpack_override.t ..... ok
t/10innerpack_super.t ........ ok
t/11usetwice.t ............... ok
t/12only.t ................... ok
t/12onlyarray.t .............. ok
t/12onlyregex.t .............. ok
t/12onlyrequire.t ............ ok
t/13except.t ................. ok
t/13exceptarray.t ............ ok
t/13exceptregex.t ............ ok
t/14package.t ................ ok
t/15topicsafe.t .............. ok
t/16different_extension.t .... ok
t/17devel_inner_package.t .... ok
t/18skipped_package.t ........ ok
t/19can_ok_clobber.t ......... ok
t/20dodgy_files.t ............ ok
t/21editor_junk.t ............ ok
t/22trigger.t ................ ok
t/23depth.t .................. ok
Variable "$acc" is not imported at /home/cpan/bin/perl/lib/site_perl/5.41.9/Text/MetaMarkup.pm line 11.
Unknown Text::BibTeX function: "cleanup" at t/24local_inc_object.t line 0.
END failed--call queue aborted.
# Looks like your test exited with 22 just after 5.
t/24local_inc_object.t .......
Dubious, test returned 22 (wstat 5632, 0x1600)
All 5 subtests passed
Couldn't require Text::BibTeX : Can't load '/home/cpan/bin/perl/lib/site_perl/5.41.9/x86_64-linux-thread-multi/auto/Text/BibTeX/BibTeX.so' for module Text::BibTeX: libbtparse.so: cannot open shared object file: No such file or directory at /home/cpan/bin/perl/lib/5.41.9/x86_64-linux-thread-multi/DynaLoader.pm line 206.
at /home/cpan/bin/perl/lib/site_perl/5.41.9/Module/Runtime.pm line 314.
Compilation failed in require at /home/cpan/bin/perl/lib/site_perl/5.41.9/Module/Runtime.pm line 314.
at /home/cpan/.cpan/build/Module-Pluggable-6.3-0/blib/lib/Module/Pluggable.pm line 31.
Couldn't require Text::BibTeX::Bib : Attempt to reload Text/BibTeX.pm aborted.
Compilation failed in require at /home/cpan/bin/perl/lib/site_perl/5.41.9/x86_64-linux-thread-multi/Text/BibTeX/Structure.pm line 29.
BEGIN failed--compilation aborted at /home/cpan/bin/perl/lib/site_perl/5.41.9/x86_64-linux-thread-multi/Text/BibTeX/Structure.pm line 29.
Compilation failed in require at /home/cpan/bin/perl/lib/site_perl/5.41.9/x86_64-linux-thread-multi/Text/BibTeX/BibSort.pm line 23.
BEGIN failed--compilation aborted at /home/cpan/bin/perl/lib/site_perl/5.41.9/x86_64-linux-thread-multi/Text/BibTeX/BibSort.pm line 23.
Compilation failed in require at /home/cpan/bin/perl/lib/site_perl/5.41.9/x86_64-linux-thread-multi/Text/BibTeX/Bib.pm line 455.
BEGIN failed--compilation aborted at /home/cpan/bin/perl/lib/site_perl/5.41.9/x86_64-linux-thread-multi/Text/BibTeX/Bib.pm line 455.
Compilation failed in require at /home/cpan/bin/perl/lib/site_perl/5.41.9/Module/Runtime.pm line 314.
at /home/cpan/.cpan/build/Module-Pluggable-6.3-0/blib/lib/Module/Pluggable.pm line 31.
Couldn't require Text::BibTeX::BibFormat : Attempt to reload Text/BibTeX/Structure.pm aborted.
Compilation failed in require at /home/cpan/bin/perl/lib/site_perl/5.41.9/x86_64-linux-thread-multi/Text/BibTeX/BibFormat.pm line 26.
BEGIN failed--compilation aborted at /home/cpan/bin/perl/lib/site_perl/5.41.9/x86_64-linux-thread-multi/Text/BibTeX/BibFormat.pm line 26.
Compilation failed in require at /home/cpan/bin/perl/lib/site_perl/5.41.9/Module/Runtime.pm line 314.
at /home/cpan/.cpan/build/Module-Pluggable-6.3-0/blib/lib/Module/Pluggable.pm line 31.
Couldn't require Text::BibTeX::BibSort : Attempt to reload Text/BibTeX/BibSort.pm aborted.
Compilation failed in require at /home/cpan/bin/perl/lib/site_perl/5.41.9/Module/Runtime.pm line 314.
at /home/cpan/.cpan/build/Module-Pluggable-6.3-0/blib/lib/Module/Pluggable.pm line 31.
Couldn't require Text::BibTeX::Structure : Attempt to reload Text/BibTeX/Structure.pm aborted.
Compilation failed in require at /home/cpan/bin/perl/lib/site_perl/5.41.9/Module/Runtime.pm line 314.
at /home/cpan/.cpan/build/Module-Pluggable-6.3-0/blib/lib/Module/Pluggable.pm line 31.
Couldn't require Text::BibTeX::Value : Attempt to reload Text/BibTeX.pm aborted.
Compilation failed in require at /home/cpan/bin/perl/lib/site_perl/5.41.9/x86_64-linux-thread-multi/Text/BibTeX/Value.pm line 245.
BEGIN failed--compilation aborted at /home/cpan/bin/perl/lib/site_perl/5.41.9/x86_64-linux-thread-multi/Text/BibTeX/Value.pm line 245.
Compilation failed in require at /home/cpan/bin/perl/lib/site_perl/5.41.9/Module/Runtime.pm line 314.
at /home/cpan/.cpan/build/Module-Pluggable-6.3-0/blib/lib/Module/Pluggable.pm line 31.
Subroutine mark_raw redefined at /home/cpan/bin/perl/lib/site_perl/5.41.9/x86_64-linux-thread-multi/Text/Xslate/PP.pm line 329.
Subroutine unmark_raw redefined at /home/cpan/bin/perl/lib/site_perl/5.41.9/x86_64-linux-thread-multi/Text/Xslate/PP.pm line 338.
Subroutine html_escape redefined at /home/cpan/bin/perl/lib/site_perl/5.41.9/x86_64-linux-thread-multi/Text/Xslate/PP.pm line 345.
Subroutine uri_escape redefined at /home/cpan/bin/perl/lib/site_perl/5.41.9/x86_64-linux-thread-multi/Text/Xslate/PP.pm line 356.
Subroutine is_array_ref redefined at /home/cpan/bin/perl/lib/site_perl/5.41.9/x86_64-linux-thread-multi/Text/Xslate/PP.pm line 366.
Subroutine is_hash_ref redefined at /home/cpan/bin/perl/lib/site_perl/5.41.9/x86_64-linux-thread-multi/Text/Xslate/PP.pm line 367.
Subroutine is_code_ref redefined at /home/cpan/bin/perl/lib/site_perl/5.41.9/x86_64-linux-thread-multi/Text/Xslate/PP.pm line 368.
Subroutine merge_hash redefined at /home/cpan/bin/perl/lib/site_perl/5.41.9/x86_64-linux-thread-multi/Text/Xslate/PP.pm line 370.
Subroutine Text::Xslate::Util::escaped_string redefined at /home/cpan/bin/perl/lib/site_perl/5.41.9/x86_64-linux-thread-multi/Text/Xslate/PP.pm line 328.
Variable "$acc" is not imported at /home/cpan/bin/perl/lib/site_perl/5.41.9/Text/MetaMarkup.pm line 11.
Couldn't require Text::MetaMarkup : Global symbol "$acc" requires explicit package name (did you forget to declare "my $acc"?) at /home/cpan/bin/perl/lib/site_perl/5.41.9/Text/MetaMarkup.pm line 11.
BEGIN not safe after errors--compilation aborted at /home/cpan/bin/perl/lib/site_perl/5.41.9/Text/MetaMarkup.pm line 31.
Compilation failed in require at /home/cpan/bin/perl/lib/site_perl/5.41.9/Module/Runtime.pm line 314.
at /home/cpan/.cpan/build/Module-Pluggable-6.3-0/blib/lib/Module/Pluggable.pm line 31.
Couldn't require Text::MetaMarkup::HTML : Attempt to reload Text/MetaMarkup.pm aborted.
Compilation failed in require at /home/cpan/bin/perl/lib/5.41.9/base.pm line 137.
...propagated at /home/cpan/bin/perl/lib/5.41.9/base.pm line 159.
BEGIN failed--compilation aborted at /home/cpan/bin/perl/lib/site_perl/5.41.9/Text/MetaMarkup/HTML.pm line 2.
Compilation failed in require at /home/cpan/bin/perl/lib/site_perl/5.41.9/Module/Runtime.pm line 314.
at /home/cpan/.cpan/build/Module-Pluggable-6.3-0/blib/lib/Module/Pluggable.pm line 31.
Couldn't require Text::MetaMarkup::HTML::JuerdNL : Attempt to reload Text/MetaMarkup/HTML.pm aborted.
Compilation failed in require at /home/cpan/bin/perl/lib/5.41.9/base.pm line 137.
...propagated at /home/cpan/bin/perl/lib/5.41.9/base.pm line 159.
BEGIN failed--compilation aborted at /home/cpan/bin/perl/lib/site_perl/5.41.9/Text/MetaMarkup/HTML/JuerdNL.pm line 7.
Compilation failed in require at /home/cpan/bin/perl/lib/site_perl/5.41.9/Module/Runtime.pm line 314.
at /home/cpan/.cpan/build/Module-Pluggable-6.3-0/blib/lib/Module/Pluggable.pm line 31.
Couldn't require Text::MetaMarkup::HTML::JuerdNL::Print : Attempt to reload Text/MetaMarkup/HTML/JuerdNL.pm aborted.
Compilation failed in require at /home/cpan/bin/perl/lib/5.41.9/base.pm line 137.
...propagated at /home/cpan/bin/perl/lib/5.41.9/base.pm line 159.
BEGIN failed--compilation aborted at /home/cpan/bin/perl/lib/site_perl/5.41.9/Text/MetaMarkup/HTML/JuerdNL/Print.pm line 2.
Compilation failed in require at /home/cpan/bin/perl/lib/site_perl/5.41.9/Module/Runtime.pm line 314.
at /home/cpan/.cpan/build/Module-Pluggable-6.3-0/blib/lib/Module/Pluggable.pm line 31.
Unknown Text::BibTeX function: "cleanup" at t/24local_inc_package.t line 0.
END failed--call queue aborted.
# Looks like your test exited with 22 just after 1.
t/24local_inc_package.t ......
Dubious, test returned 22 (wstat 5632, 0x1600)
All 1 subtests passed
t/25single_letter_package.t .. ok
t/26inc_hook.t ............... ok
t/27app_fatpacker.t .......... ok
t/28appledouble.t ............ ok
t/29unreadable.t ............. ok
Test Summary Report
-------------------
t/24local_inc_object.t (Wstat: 5632 (exited 22) Tests: 5 Failed: 0)
Non-zero exit status: 22
t/24local_inc_package.t (Wstat: 5632 (exited 22) Tests: 1 Failed: 0)
Non-zero exit status: 22
Files=45, Tests=194, 5 wallclock secs ( 0.09 usr 0.05 sys + 4.10 cusr 1.32 csys = 5.56 CPU)
Result: FAIL
Failed 2/45 test programs. 0/194 subtests failed.
make: *** [Makefile:936: test_dynamic] Error 255
------------------------------
PREREQUISITES
------------------------------
Prerequisite modules loaded:
requires:
Module Need Have
--------------------- ----- --------
Exporter 5.57 5.78
File::Basename 0 2.86
File::Find 0 1.44
File::Spec 3.00 3.93
File::Spec::Functions 0 3.93
if 0 0.0610
perl 5.006 5.041009
Scalar::Util 0 1.68_01
strict 0 1.13
build_requires:
Module Need Have
--------------------- ----- --------
base 0 2.27
Cwd 0 3.92
Data::Dumper 0 2.191
ExtUtils::MakeMaker 0 7.70
File::Copy 0 2.41
File::Find 0 1.44
File::Path 0 2.18
File::Spec::Functions 0 3.93
File::Temp 0 0.2311
FindBin 0 1.54
strict 0 1.13
Test::More 0 1.302209
warnings 0 1.72
configure_requires:
Module Need Have
--------------------- ----- --------
ExtUtils::MakeMaker 0 7.70
------------------------------
ENVIRONMENT AND OTHER CONTEXT
------------------------------
Environment variables:
AUTOMATED_TESTING = 1
DATE_MANIP_TEST_DM5 = 1
LANG = en_US.UTF-8
LC_ALL = C
NONINTERACTIVE_TESTING = 1
NO_NETWORK_TESTING = 1
PATH = /home/cpan/bin/perl/bin:/home/cpan/bin:/usr/share/Modules/bin:/home/cpan/bin:/usr/local/bin:/usr/bin:/usr/local/sbin:/usr/sbin
PERL5LIB = /home/cpan/.cpan/build/Data-GUID-0.051-0/blib/arch:/home/cpan/.cpan/build/Data-GUID-0.051-0/blib/lib:/home/cpan/.cpan/build/Encode-3.21-0/blib/arch:/home/cpan/.cpan/build/Encode-3.21-0/blib/lib:/home/cpan/.cpan/build/Test-Harness-3.50-0/blib/arch:/home/cpan/.cpan/build/Test-Harness-3.50-0/blib/lib:/home/cpan/.cpan/build/Mozilla-CA-20240924-0/blib/arch:/home/cpan/.cpan/build/Mozilla-CA-20240924-0/blib/lib:/home/cpan/.cpan/build/IO-1.55-0/blib/arch:/home/cpan/.cpan/build/IO-1.55-0/blib/lib:/home/cpan/.cpan/build/IO-Socket-SSL-2.089-0/blib/arch:/home/cpan/.cpan/build/IO-Socket-SSL-2.089-0/blib/lib:/home/cpan/.cpan/build/version-0.9933-0/blib/arch:/home/cpan/.cpan/build/version-0.9933-0/blib/lib:/home/cpan/.cpan/build/constant-1.33-0/blib/arch:/home/cpan/.cpan/build/constant-1.33-0/blib/lib:/home/cpan/.cpan/build/Memoize-1.17-0/blib/arch:/home/cpan/.cpan/build/Memoize-1.17-0/blib/lib:/home/cpan/.cpan/build/CPAN-Meta-2.150010-0/blib/arch:/home/cpan/.cpan/build/CPAN-Meta-2.150010-0/blib/lib:/home/cpan/.cpan/build/bignum-0.67-0/blib/arch:/home/cpan/.cpan/build/bignum-0.67-0/blib/lib:/home/cpan/.cpan/build/Params-Util-1.102-0/blib/arch:/home/cpan/.cpan/build/Params-Util-1.102-0/blib/lib:/home/cpan/.cpan/build/ExtUtils-MakeMaker-7.70-0/blib/arch:/home/cpan/.cpan/build/ExtUtils-MakeMaker-7.70-0/blib/lib:/home/cpan/.cpan/build/Time-Piece-1.35-0/blib/arch:/home/cpan/.cpan/build/Time-Piece-1.35-0/blib/lib:/home/cpan/.cpan/build/IO-Compress-2.213-0/blib/arch:/home/cpan/.cpan/build/IO-Compress-2.213-0/blib/lib:/home/cpan/.cpan/build/CPAN-2.38-0/blib/arch:/home/cpan/.cpan/build/CPAN-2.38-0/blib/lib:/home/cpan/.cpan/build/Test-Simple-1.302209-0/blib/arch:/home/cpan/.cpan/build/Test-Simple-1.302209-0/blib/lib
PERL5OPT =
PERL5_CPANPLUS_IS_RUNNING = 2070290
PERL5_CPAN_IS_RUNNING = 2070290
PERL_MM_USE_DEFAULT = 1
PERL_USE_UNSAFE_INC = 1
SHELL = /bin/bash
TERM = screen
TMPDIR = /home/cpan/tmp
Perl special variables (and OS-specific diagnostics, for MSWin32):
$^X = /home/cpan/bin/perl/bin/perl5.41.9
$UID/$EUID = 1001 / 1001
$GID = 1001 1001
$EGID = 1001 1001
Perl module toolchain versions installed:
Module Have
------------------- --------
CPAN 2.38
CPAN::Meta 2.150010
Cwd 3.92
ExtUtils::CBuilder 0.280240
ExtUtils::Command 7.70
ExtUtils::Install 2.22
ExtUtils::MakeMaker 7.70
ExtUtils::Manifest 1.75
ExtUtils::ParseXS 3.57
File::Spec 3.93
JSON 4.10
JSON::PP 4.16
Module::Build 0.4234
Module::Signature 0.89
Parse::CPAN::Meta 2.150010
Test2 1.302209
Test::Harness 3.50
Test::More 1.302209
YAML 1.31
YAML::Syck 1.34
version 0.9933
--
Summary of my perl5 (revision 5 version 41 subversion 9) configuration:
Commit id: 48972dd0c765c295cf54ec12c645db080478546d
Platform:
osname=linux
osvers=5.14.0-503.22.1.el9_5.x86_64
archname=x86_64-linux-thread-multi
uname='linux cjg-rhel9 5.14.0-503.22.1.el9_5.x86_64 #1 smp preempt_dynamic wed jan 15 08:02:15 est 2025 x86_64 x86_64 x86_64 gnulinux '
config_args='-des -Dprefix=/home/cpan/bin/perl -Dscriptdir=/home/cpan/bin/perl/bin -Dusedevel -Duse64bitall -Duseithreads'
hint=recommended
useposix=true
d_sigaction=define
useithreads=define
usemultiplicity=define
use64bitint=define
use64bitall=define
uselongdouble=undef
usemymalloc=n
default_inc_excludes_dot=define
Compiler:
cc='cc'
ccflags ='-D_REENTRANT -D_GNU_SOURCE -fwrapv -fno-strict-aliasing -pipe -fstack-protector-strong -I/usr/local/include -D_LARGEFILE_SOURCE -D_FILE_OFFSET_BITS=64 -D_FORTIFY_SOURCE=2'
optimize='-O2'
cppflags='-D_REENTRANT -D_GNU_SOURCE -fwrapv -fno-strict-aliasing -pipe -fstack-protector-strong -I/usr/local/include'
ccversion=''
gccversion='11.5.0 20240719 (Red Hat 11.5.0-2)'
gccosandvers=''
intsize=4
longsize=8
ptrsize=8
doublesize=8
byteorder=12345678
doublekind=3
d_longlong=define
longlongsize=8
d_longdbl=define
longdblsize=16
longdblkind=3
ivtype='long'
ivsize=8
nvtype='double'
nvsize=8
Off_t='off_t'
lseeksize=8
alignbytes=8
prototype=define
Linker and Libraries:
ld='cc'
ldflags =' -fstack-protector-strong -L/usr/local/lib'
libpth=/usr/local/lib /usr/lib /usr/lib64 /usr/local/lib64
libs=-lpthread -ldb -ldl -lm -lcrypt -lutil -lc
perllibs=-lpthread -ldl -lm -lcrypt -lutil -lc
libc=/lib/../lib64/libc.so.6
so=so
useshrplib=false
libperl=libperl.a
gnulibc_version='2.34'
Dynamic Linking:
dlsrc=dl_dlopen.xs
dlext=so
d_dlsymun=undef
ccdlflags='-Wl,-E'
cccdlflags='-fPIC'
lddlflags='-shared -O2 -L/usr/local/lib -fstack-protector-strong'
Characteristics of this binary (from libperl):
Compile-time options:
HAS_LONG_DOUBLE
HAS_STRTOLD
HAS_TIMES
MULTIPLICITY
PERLIO_LAYERS
PERL_COPY_ON_WRITE
PERL_DONT_CREATE_GVSV
PERL_HASH_FUNC_SIPHASH13
PERL_HASH_USE_SBOX32
PERL_MALLOC_WRAP
PERL_OP_PARENT
PERL_PRESERVE_IVUV
PERL_USE_DEVEL
PERL_USE_SAFE_PUTENV
USE_64_BIT_ALL
USE_64_BIT_INT
USE_ITHREADS
USE_LARGE_FILES
USE_LOCALE
USE_LOCALE_COLLATE
USE_LOCALE_CTYPE
USE_LOCALE_NUMERIC
USE_LOCALE_TIME
USE_PERLIO
USE_PERL_ATOF
USE_REENTRANT_API
USE_THREAD_SAFE_LOCALE
Built under linux
Compiled at Jan 24 2025 03:55:45
%ENV:
PERL5LIB="/home/cpan/.cpan/build/Data-GUID-0.051-0/blib/arch:/home/cpan/.cpan/build/Data-GUID-0.051-0/blib/lib:/home/cpan/.cpan/build/Encode-3.21-0/blib/arch:/home/cpan/.cpan/build/Encode-3.21-0/blib/lib:/home/cpan/.cpan/build/Test-Harness-3.50-0/blib/arch:/home/cpan/.cpan/build/Test-Harness-3.50-0/blib/lib:/home/cpan/.cpan/build/Mozilla-CA-20240924-0/blib/arch:/home/cpan/.cpan/build/Mozilla-CA-20240924-0/blib/lib:/home/cpan/.cpan/build/IO-1.55-0/blib/arch:/home/cpan/.cpan/build/IO-1.55-0/blib/lib:/home/cpan/.cpan/build/IO-Socket-SSL-2.089-0/blib/arch:/home/cpan/.cpan/build/IO-Socket-SSL-2.089-0/blib/lib:/home/cpan/.cpan/build/version-0.9933-0/blib/arch:/home/cpan/.cpan/build/version-0.9933-0/blib/lib:/home/cpan/.cpan/build/constant-1.33-0/blib/arch:/home/cpan/.cpan/build/constant-1.33-0/blib/lib:/home/cpan/.cpan/build/Memoize-1.17-0/blib/arch:/home/cpan/.cpan/build/Memoize-1.17-0/blib/lib:/home/cpan/.cpan/build/CPAN-Meta-2.150010-0/blib/arch:/home/cpan/.cpan/build/CPAN-Meta-2.150010-0/blib/lib:/home/cpan/.cpan/build/bignum-0.67-0/blib/arch:/home/cpan/.cpan/build/bignum-0.67-0/blib/lib:/home/cpan/.cpan/build/Params-Util-1.102-0/blib/arch:/home/cpan/.cpan/build/Params-Util-1.102-0/blib/lib:/home/cpan/.cpan/build/ExtUtils-MakeMaker-7.70-0/blib/arch:/home/cpan/.cpan/build/ExtUtils-MakeMaker-7.70-0/blib/lib:/home/cpan/.cpan/build/Time-Piece-1.35-0/blib/arch:/home/cpan/.cpan/build/Time-Piece-1.35-0/blib/lib:/home/cpan/.cpan/build/IO-Compress-2.213-0/blib/arch:/home/cpan/.cpan/build/IO-Compress-2.213-0/blib/lib:/home/cpan/.cpan/build/CPAN-2.38-0/blib/arch:/home/cpan/.cpan/build/CPAN-2.38-0/blib/lib:/home/cpan/.cpan/build/Test-Simple-1.302209-0/blib/arch:/home/cpan/.cpan/build/Test-Simple-1.302209-0/blib/lib"
PERL5OPT=""
PERL5_CPANPLUS_IS_RUNNING="2070290"
PERL5_CPAN_IS_RUNNING="2070290"
PERL_MM_USE_DEFAULT="1"
PERL_USE_UNSAFE_INC="1"
@INC:
/home/cpan/.cpan/build/Data-GUID-0.051-0/blib/arch
/home/cpan/.cpan/build/Data-GUID-0.051-0/blib/lib
/home/cpan/.cpan/build/Encode-3.21-0/blib/arch
/home/cpan/.cpan/build/Encode-3.21-0/blib/lib
/home/cpan/.cpan/build/Test-Harness-3.50-0/blib/arch
/home/cpan/.cpan/build/Test-Harness-3.50-0/blib/lib
/home/cpan/.cpan/build/Mozilla-CA-20240924-0/blib/arch
/home/cpan/.cpan/build/Mozilla-CA-20240924-0/blib/lib
/home/cpan/.cpan/build/IO-1.55-0/blib/arch
/home/cpan/.cpan/build/IO-1.55-0/blib/lib
/home/cpan/.cpan/build/IO-Socket-SSL-2.089-0/blib/arch
/home/cpan/.cpan/build/IO-Socket-SSL-2.089-0/blib/lib
/home/cpan/.cpan/build/version-0.9933-0/blib/arch
/home/cpan/.cpan/build/version-0.9933-0/blib/lib
/home/cpan/.cpan/build/constant-1.33-0/blib/arch
/home/cpan/.cpan/build/constant-1.33-0/blib/lib
/home/cpan/.cpan/build/Memoize-1.17-0/blib/arch
/home/cpan/.cpan/build/Memoize-1.17-0/blib/lib
/home/cpan/.cpan/build/CPAN-Meta-2.150010-0/blib/arch
/home/cpan/.cpan/build/CPAN-Meta-2.150010-0/blib/lib
/home/cpan/.cpan/build/bignum-0.67-0/blib/arch
/home/cpan/.cpan/build/bignum-0.67-0/blib/lib
/home/cpan/.cpan/build/Params-Util-1.102-0/blib/arch
/home/cpan/.cpan/build/Params-Util-1.102-0/blib/lib
/home/cpan/.cpan/build/ExtUtils-MakeMaker-7.70-0/blib/arch
/home/cpan/.cpan/build/ExtUtils-MakeMaker-7.70-0/blib/lib
/home/cpan/.cpan/build/Time-Piece-1.35-0/blib/arch
/home/cpan/.cpan/build/Time-Piece-1.35-0/blib/lib
/home/cpan/.cpan/build/IO-Compress-2.213-0/blib/arch
/home/cpan/.cpan/build/IO-Compress-2.213-0/blib/lib
/home/cpan/.cpan/build/CPAN-2.38-0/blib/arch
/home/cpan/.cpan/build/CPAN-2.38-0/blib/lib
/home/cpan/.cpan/build/Test-Simple-1.302209-0/blib/arch
/home/cpan/.cpan/build/Test-Simple-1.302209-0/blib/lib
/home/cpan/bin/perl/lib/site_perl/5.41.9/x86_64-linux-thread-multi
/home/cpan/bin/perl/lib/site_perl/5.41.9
/home/cpan/bin/perl/lib/5.41.9/x86_64-linux-thread-multi
/home/cpan/bin/perl/lib/5.41.9
.