Report for POE-Component-Client-BigBrother-1.00

Back
From: metabase:user:323dcade-2aae-11df-837a-5e0a49663a4f
Subject: FAIL POE-Component-Client-BigBrother-1.00 v5.19.2 GNU/Linux
Date: 2013-07-25T22:52:44Z

This distribution has been tested as part of the CPAN Testers
project, supporting the Perl programming language.  See
http://wiki.cpantesters.org/ for more information or email
questions to cpan-testers-discuss@perl.org


--
Dear Sebastien Aperghis-Tramoni,

This is a computer-generated report for POE-Component-Client-BigBrother-1.00
on perl 5.19.2, created by CPAN-Reporter-1.2010.

Thank you for uploading your work to CPAN.  However, there was a problem
testing your distribution.

If you think this report is invalid, please consult the CPAN Testers Wiki
for suggestions on how to avoid getting FAIL reports for missing library
or binary dependencies, unsupported operating systems, and so on:

http://wiki.cpantesters.org/wiki/CPANAuthorNotes

Sections of this report:

    * Tester comments
    * Program output
    * Prerequisites
    * Environment and other context

------------------------------
TESTER COMMENTS
------------------------------

Additional comments from tester:

this report is from an automated smoke testing program
and was not reviewed by a human for accuracy

------------------------------
PROGRAM OUTPUT
------------------------------

Output from '/usr/bin/make test':

PERL_DL_NONLAZY=1 /usr/local/bin/perl5.19.2d-nt@1292fdb2 "-MExtUtils::Command::MM" "-e" "test_harness(0, 'blib/lib', 'blib/arch')" t/*.t
# Testing POE::Component::Client::BigBrother 1.00, Perl 5.019002, /usr/local/bin/perl5.19.2d-nt@1292fdb2
t/00-load.t .............. ok
t/01-api.t ............... ok

#   Failed test 'received[0] == results[0]{message}'
#   at t/10-check-by-pocotcp.t line 138.
#          got: 'page+10 front02,domain,net.sync red files not synchronised'
#     expected: 'status front01,domain,net.cpu red load average is 105.45'

#   Failed test 'received[0] == expected[0]'
#   at t/10-check-by-pocotcp.t line 141.
#          got: 'page+10 front02,domain,net.sync red files not synchronised'
#     expected: 'status front01,domain,net.cpu red load average is 105.45'

#   Failed test 'received[1] == results[1]{message}'
#   at t/10-check-by-pocotcp.t line 138.
#          got: 'status front01,domain,net.cpu red load average is 105.45'
#     expected: 'page+10 front02,domain,net.sync red files not synchronised'

#   Failed test 'received[1] == expected[1]'
#   at t/10-check-by-pocotcp.t line 141.
#          got: 'status front01,domain,net.cpu red load average is 105.45'
#     expected: 'page+10 front02,domain,net.sync red files not synchronised'
# Looks like you failed 4 tests of 17.
t/10-check-by-pocotcp.t .. 
Dubious, test returned 4 (wstat 1024, 0x400)
Failed 4/17 subtests 
t/pod-coverage.t ......... ok
t/pod.t .................. ok

Test Summary Report
-------------------
t/10-check-by-pocotcp.t (Wstat: 1024 Tests: 17 Failed: 4)
  Failed tests:  7-8, 10-11
  Non-zero exit status: 4
Files=5, Tests=22,  2 wallclock secs ( 0.05 usr  0.01 sys +  0.82 cusr  0.06 csys =  0.94 CPU)
Result: FAIL
Failed 1/5 test programs. 4/22 subtests failed.
make: *** [test_dynamic] Error 255

------------------------------
PREREQUISITES
------------------------------

Prerequisite modules loaded:

requires:

    Module              Need Have  
    ------------------- ---- ------
    POE                 0    1.354 
    Test::More          0    0.98  

build_requires:

    Module              Need Have  
    ------------------- ---- ------
    ExtUtils::MakeMaker 0    6.70  

configure_requires:

    Module              Need Have  
    ------------------- ---- ------
    Module::Build       0.36 0.4007


------------------------------
ENVIRONMENT AND OTHER CONTEXT
------------------------------

Environment variables:

    AUTOMATED_TESTING = 1
    LANG = en_US.UTF-8
    PATH = /home/rurban/bin:/usr/local/bin:/usr/bin:/bin:/usr/local/games:/usr/games
    PERL5LIB = 
    PERL5OPT = 
    PERL5_CPANPLUS_IS_RUNNING = 3297
    PERL5_CPAN_IS_RUNNING = 3297
    PERL_EXTUTILS_AUTOINSTALL = --defaultdeps
    PERL_MM_USE_DEFAULT = 1
    SHELL = /bin/bash
    TERM = xterm

Perl special variables (and OS-specific diagnostics, for MSWin32):

    $^X = /usr/local/bin/perl5.19.2d-nt@1292fdb2
    $UID/$EUID = 1000 / 1000
    $GID = 1000 27 124 125 1000
    $EGID = 1000 27 124 125 1000

Perl module toolchain versions installed:

    Module              Have    
    ------------------- --------
    CPAN                2.00    
    CPAN::Meta          2.131560
    Cwd                 3.41    
    ExtUtils::CBuilder  0.280210
    ExtUtils::Command   1.17    
    ExtUtils::Install   1.60    
    ExtUtils::MakeMaker 6.70    
    ExtUtils::Manifest  1.63    
    ExtUtils::ParseXS   3.21    
    File::Spec          3.41    
    JSON                2.59    
    JSON::PP            2.27202 
    Module::Build       0.4007  
    Module::Signature   0.73    
    Parse::CPAN::Meta   1.4405  
    Test::Harness       3.28    
    Test::More          0.98    
    YAML                0.84    
    YAML::Syck          1.27    
    version             0.9902  


--

Summary of my perl5 (revision 5 version 19 subversion 2) configuration:
  Commit id: 1292fdb21b7be8d5744e209a36ec45853896005b
  Platform:
    osname=linux, osvers=3.9-1-amd64, archname=x86_64-linux-debug@1292fdb2
    uname='linux reini 3.9-1-amd64 #1 smp debian 3.9.8-1 x86_64 gnulinux '
    config_args='-de -Dusedevel -Uversiononly -Dinstallman1dir=none -Dinstallman3dir=none -Dinstallsiteman1dir=none -Dinstallsiteman3dir=none -DEBUGGING -Doptimize=-g3 -Uuseithreads -Accflags=''-msse4.2'' -Accflags=''-march=corei7'' -Dcf_email=''rurban@cpanel.net'' -Dperladmin=''rurban@cpanel.net'''
    hint=recommended, useposix=true, d_sigaction=define
    useithreads=undef, usemultiplicity=undef
    useperlio=define, d_sfio=undef, uselargefiles=define, usesocks=undef
    use64bitint=define, use64bitall=define, uselongdouble=undef
    usemymalloc=n, bincompat5005=undef
  Compiler:
    cc='cc', ccflags ='-msse4.2 -march=corei7 -DDEBUGGING -fno-strict-aliasing -pipe -fstack-protector -I/usr/local/include -D_LARGEFILE_SOURCE -D_FILE_OFFSET_BITS=64',
    optimize='-g3',
    cppflags='-msse4.2 -march=corei7 -DDEBUGGING -fno-strict-aliasing -pipe -fstack-protector -I/usr/local/include'
    ccversion='', gccversion='4.7.3', gccosandvers=''
    intsize=4, longsize=8, ptrsize=8, doublesize=8, byteorder=12345678
    d_longlong=define, longlongsize=8, d_longdbl=define, longdblsize=16
    ivtype='long', ivsize=8, nvtype='double', nvsize=8, Off_t='off_t', lseeksize=8
    alignbytes=8, prototype=define
  Linker and Libraries:
    ld='cc', ldflags =' -fstack-protector -L/usr/local/lib'
    libpth=/usr/local/lib /lib/x86_64-linux-gnu /lib/../lib /usr/lib/x86_64-linux-gnu /usr/lib/../lib /lib /usr/lib
    libs=-lnsl -lgdbm -ldb -ldl -lm -lcrypt -lutil -lc -lgdbm_compat
    perllibs=-lnsl -ldl -lm -lcrypt -lutil -lc
    libc=, so=so, useshrplib=false, libperl=libperl.a
    gnulibc_version='2.17'
  Dynamic Linking:
    dlsrc=dl_dlopen.xs, dlext=so, d_dlsymun=undef, ccdlflags='-Wl,-E'
    cccdlflags='-fPIC', lddlflags='-shared -g3 -L/usr/local/lib -fstack-protector'


Characteristics of this binary (from libperl): 
  Compile-time options: DEBUGGING HAS_TIMES PERLIO_LAYERS
                        PERL_DONT_CREATE_GVSV
                        PERL_HASH_FUNC_ONE_AT_A_TIME_HARD PERL_MALLOC_WRAP
                        PERL_NEW_COPY_ON_WRITE PERL_PRESERVE_IVUV
                        PERL_USE_DEVEL USE_64_BIT_ALL USE_64_BIT_INT
                        USE_LARGE_FILES USE_LOCALE USE_LOCALE_COLLATE
                        USE_LOCALE_CTYPE USE_LOCALE_NUMERIC USE_PERLIO
                        USE_PERL_ATOF
  Built under linux
  Compiled at Jul 18 2013 14:57:48
  %ENV:
    PERL5LIB=""
    PERL5OPT=""
    PERL5_CPANPLUS_IS_RUNNING="3297"
    PERL5_CPAN_IS_RUNNING="3297"
    PERL_EXTUTILS_AUTOINSTALL="--defaultdeps"
    PERL_MM_USE_DEFAULT="1"
  @INC:
    /usr/local/lib/perl5/site_perl/5.19.2/x86_64-linux-debug@1292fdb2
    /usr/local/lib/perl5/site_perl/5.19.2
    /usr/local/lib/perl5/5.19.2/x86_64-linux-debug@1292fdb2
    /usr/local/lib/perl5/5.19.2
    /usr/local/lib/perl5/site_perl/5.18.1
    /usr/local/lib/perl5/site_perl/5.18.0
    /usr/local/lib/perl5/site_perl/5.17.11
    /usr/local/lib/perl5/site_perl/5.17.10
    /usr/local/lib/perl5/site_perl/5.17.8
    /usr/local/lib/perl5/site_perl/5.17.7
    /usr/local/lib/perl5/site_perl/5.17.6
    /usr/local/lib/perl5/site_perl/5.17.5
    /usr/local/lib/perl5/site_perl/5.17.4
    /usr/local/lib/perl5/site_perl/5.17.3
    /usr/local/lib/perl5/site_perl/5.17.2
    /usr/local/lib/perl5/site_perl/5.17.1
    /usr/local/lib/perl5/site_perl/5.17.0
    /usr/local/lib/perl5/site_perl/5.17
    /usr/local/lib/perl5/site_perl/5.16.3
    /usr/local/lib/perl5/site_perl/5.16.2
    /usr/local/lib/perl5/site_perl/5.16.1
    /usr/local/lib/perl5/site_perl/5.16.0
    /usr/local/lib/perl5/site_perl/5.15.9
    /usr/local/lib/perl5/site_perl/5.15.8
    /usr/local/lib/perl5/site_perl/5.15.7
    /usr/local/lib/perl5/site_perl/5.15.6
    /usr/local/lib/perl5/site_perl/5.15.5
    /usr/local/lib/perl5/site_perl/5.15.4
    /usr/local/lib/perl5/site_perl/5.14.4
    /usr/local/lib/perl5/site_perl/5.14.3
    /usr/local/lib/perl5/site_perl/5.14.2
    /usr/local/lib/perl5/site_perl/5.14.1
    /usr/local/lib/perl5/site_perl/5.12.4
    /usr/local/lib/perl5/site_perl/5.10.1
    /usr/local/lib/perl5/site_perl/5.8.9
    /usr/local/lib/perl5/site_perl/5.8.8
    /usr/local/lib/perl5/site_perl/5.8.7
    /usr/local/lib/perl5/site_perl/5.8.6
    /usr/local/lib/perl5/site_perl/5.8.5
    /usr/local/lib/perl5/site_perl/5.8.4
    /usr/local/lib/perl5/site_perl/5.8.3
    /usr/local/lib/perl5/site_perl/5.8.2
    /usr/local/lib/perl5/site_perl/5.8.1
    /usr/local/lib/perl5/site_perl/5.6.2
    /usr/local/lib/perl5/site_perl
    .