Report for Kwiki-Test-0.03

Back
From: metabase:user:322078bc-2aae-11df-837a-5e0a49663a4f
Subject: FAIL Kwiki-Test-0.03 v5.13.3 GNU/Linux
Date: 2011-05-15T01:30:29Z

This distribution has been tested as part of the CPAN Testers
project, supporting the Perl programming language.  See
http://wiki.cpantesters.org/ for more information or email
questions to cpan-testers-discuss@perl.org


--

Dear CDENT,

This is a computer-generated error report created automatically by
CPANPLUS, version 0.9105. Testers personal comments may appear
at the end of this report.


Thank you for uploading your work to CPAN.  However, it appears that
there were some problems testing your distribution.

TEST RESULTS:

Below is the error stack from stage 'make test':

[MSG] [Sun May 15 02:29:35 2011] cp lib/Spoon/Hooks.pm blib/lib/Spoon/Hooks.pm
cp lib/Spoon/Formatter.pm blib/lib/Spoon/Formatter.pm
cp lib/Spoon/CGI.pm blib/lib/Spoon/CGI.pm
cp lib/Spoon.pm blib/lib/Spoon.pm
cp lib/Spoon/Template.pm blib/lib/Spoon/Template.pm
cp lib/Spoon/Hub.pm blib/lib/Spoon/Hub.pm
cp lib/Spoon/DataObject.pm blib/lib/Spoon/DataObject.pm
cp lib/Spoon/Command.pm blib/lib/Spoon/Command.pm
cp lib/Spoon/Utils.pm blib/lib/Spoon/Utils.pm
cp lib/Spoon/Registry.pm blib/lib/Spoon/Registry.pm
cp lib/Spoon/Plugin.pm blib/lib/Spoon/Plugin.pm
cp lib/Spoon/IndexList.pm blib/lib/Spoon/IndexList.pm
cp lib/Spoon/Headers.pm blib/lib/Spoon/Headers.pm
cp lib/Spoon/ContentObject.pm blib/lib/Spoon/ContentObject.pm
cp lib/Spoon/Trace.pm blib/lib/Spoon/Trace.pm
cp lib/Spoon/Template/TT2.pm blib/lib/Spoon/Template/TT2.pm
cp lib/Spoon/Cookie.pm blib/lib/Spoon/Cookie.pm
cp lib/Spoon/MetadataObject.pm blib/lib/Spoon/MetadataObject.pm
cp lib/Spoon/Base.pm blib/lib/Spoon/Base.pm
cp lib/Spoon/Installer.pm blib/lib/Spoon/Installer.pm
cp lib/Spoon/Config.pm blib/lib/Spoon/Config.pm
Manifying blib/man3/Spoon::Hooks.3
Manifying blib/man3/Spoon::Formatter.3
Manifying blib/man3/Spoon::CGI.3
Manifying blib/man3/Spoon::Hub.3
Manifying blib/man3/Spoon::Template.3
Manifying blib/man3/Spoon.3
Manifying blib/man3/Spoon::DataObject.3
Manifying blib/man3/Spoon::Command.3
Manifying blib/man3/Spoon::Utils.3
Manifying blib/man3/Spoon::Registry.3
Manifying blib/man3/Spoon::Plugin.3
Manifying blib/man3/Spoon::ContentObject.3
Manifying blib/man3/Spoon::Template::TT2.3
Manifying blib/man3/Spoon::Cookie.3
Manifying blib/man3/Spoon::MetadataObject.3
Manifying blib/man3/Spoon::Base.3
Manifying blib/man3/Spoon::Config.3
Manifying blib/man3/Spoon::Installer.3

[MSG] [Sun May 15 02:29:35 2011] Sending test report for 'Spoon-0.24'
[MSG] [Sun May 15 02:29:35 2011] Ok, not sending test report
[MSG] [Sun May 15 02:29:35 2011] cp lib/Kwiki.pm blib/lib/Kwiki.pm
cp lib/Kwiki/Formatter.pm blib/lib/Kwiki/Formatter.pm
cp lib/Kwiki/BrowserDetect.pm blib/lib/Kwiki/BrowserDetect.pm
cp lib/Kwiki/Widgets.pm blib/lib/Kwiki/Widgets.pm
cp lib/Kwiki/Pages.pm blib/lib/Kwiki/Pages.pm
cp lib/Kwiki/Toolbar.pm blib/lib/Kwiki/Toolbar.pm
cp lib/Kwiki/Base.pm blib/lib/Kwiki/Base.pm
cp lib/Kwiki/Pane.pm blib/lib/Kwiki/Pane.pm
cp lib/Kwiki/Edit.pm blib/lib/Kwiki/Edit.pm
cp lib/Kwiki/Template.pm blib/lib/Kwiki/Template.pm
cp lib/Kwiki/WebFile.pm blib/lib/Kwiki/WebFile.pm
cp lib/Kwiki/Theme.pm blib/lib/Kwiki/Theme.pm
cp lib/Kwiki/Preferences.pm blib/lib/Kwiki/Preferences.pm
cp lib/Kwiki/Users.pm blib/lib/Kwiki/Users.pm
cp lib/Kwiki/CSS.pm blib/lib/Kwiki/CSS.pm
cp lib/Kwiki/Files.pm blib/lib/Kwiki/Files.pm
cp lib/Kwiki/Plugin.pm blib/lib/Kwiki/Plugin.pm
cp lib/Kwiki/Hub.pm blib/lib/Kwiki/Hub.pm
cp lib/Kwiki/Archive.pm blib/lib/Kwiki/Archive.pm
cp lib/Kwiki/Javascript.pm blib/lib/Kwiki/Javascript.pm
cp lib/Kwiki/Theme/Basic.pm blib/lib/Kwiki/Theme/Basic.pm
cp lib/Kwiki/ContentObject.pm blib/lib/Kwiki/ContentObject.pm
cp lib/Kwiki/Command.pm blib/lib/Kwiki/Command.pm
cp lib/Kwiki/Installer.pm blib/lib/Kwiki/Installer.pm
cp lib/Kwiki/Status.pm blib/lib/Kwiki/Status.pm
cp lib/Kwiki/Registry.pm blib/lib/Kwiki/Registry.pm
cp lib/Kwiki/Icons.pm blib/lib/Kwiki/Icons.pm
cp lib/Kwiki/Config.pm blib/lib/Kwiki/Config.pm
cp lib/Kwiki/Cookie.pm blib/lib/Kwiki/Cookie.pm
cp lib/Kwiki/Display.pm blib/lib/Kwiki/Display.pm
cp lib/Kwiki/CGI.pm blib/lib/Kwiki/CGI.pm
cp lib/Kwiki/Template/TT2.pm blib/lib/Kwiki/Template/TT2.pm
cp kwiki blib/script/kwiki
/home/cpan/pit/thr/perl-5.13.3/bin/perl5.13.3 -Iinc -MExtUtils::MY -e 'MY->fixin(shift)' -- blib/script/kwiki
Manifying blib/man1/kwiki.1
Manifying blib/man3/Kwiki.3
Manifying blib/man3/Kwiki::Users.3
Manifying blib/man3/Kwiki::CSS.3
Manifying blib/man3/Kwiki::Formatter.3
Manifying blib/man3/Kwiki::Files.3
Manifying blib/man3/Kwiki::Plugin.3
Manifying blib/man3/Kwiki::Hub.3
Manifying blib/man3/Kwiki::Widgets.3
Manifying blib/man3/Kwiki::Archive.3
Manifying blib/man3/Kwiki::Javascript.3
Manifying blib/man3/Kwiki::Theme::Basic.3
Manifying blib/man3/Kwiki::ContentObject.3
Manifying blib/man3/Kwiki::Command.3
Manifying blib/man3/Kwiki::Pages.3
Manifying blib/man3/Kwiki::Installer.3
Manifying blib/man3/Kwiki::Toolbar.3
Manifying blib/man3/Kwiki::Status.3
Manifying blib/man3/Kwiki::Base.3
Manifying blib/man3/Kwiki::Registry.3
Manifying blib/man3/Kwiki::Icons.3
Manifying blib/man3/Kwiki::Config.3
Manifying blib/man3/Kwiki::Cookie.3
Manifying blib/man3/Kwiki::Display.3
Manifying blib/man3/Kwiki::Edit.3
Manifying blib/man3/Kwiki::Template.3
Manifying blib/man3/Kwiki::Theme.3
Manifying blib/man3/Kwiki::WebFile.3
Manifying blib/man3/Kwiki::Preferences.3
Manifying blib/man3/Kwiki::CGI.3
Manifying blib/man3/Kwiki::Template::TT2.3

[MSG] [Sun May 15 02:29:35 2011] Sending test report for 'Kwiki-0.39'
[MSG] [Sun May 15 02:29:35 2011] Ok, not sending test report
[MSG] [Sun May 15 02:29:35 2011] cp lib/Kwiki/Test.pm blib/lib/Kwiki/Test.pm
Manifying blib/man3/Kwiki::Test.3

[ERROR] [Sun May 15 02:29:36 2011] MAKE TEST failed: PERL_DL_NONLAZY=1 /home/cpan/pit/thr/perl-5.13.3/bin/perl5.13.3 "-MExtUtils::Command::MM" "-e" "test_harness(0, 'inc', 'blib/lib', 'blib/arch')" t/*.t
Subroutine Kwiki::Test::io redefined at /home/cpan/pit/thr/conf/perl-5.13.3/.cpanplus/5.13.3/build/IO-All-0.41/blib/lib/IO/All/Base.pm line 24.

Kwiki software installed! Point your browser at this location.

cannot remove path when cwd is /home/cpan/pit/thr/conf/perl-5.13.3/.cpanplus/5.13.3/build/Kwiki-Test-0.03/kwiki for /home/cpan/pit/thr/conf/perl-5.13.3/.cpanplus/5.13.3/build/Kwiki-Test-0.03/kwiki:  at /home/cpan/pit/thr/conf/perl-5.13.3/.cpanplus/5.13.3/build/IO-All-0.41/blib/lib/IO/All/Dir.pm line 181
t/makes-system.t ... ok
Subroutine Kwiki::Test::io redefined at /home/cpan/pit/thr/conf/perl-5.13.3/.cpanplus/5.13.3/build/IO-All-0.41/blib/lib/IO/All/Base.pm line 24.
unable to mkdir /home/cpan/pit/thr/conf/perl-5.13.3/.cpanplus/5.13.3/build/Kwiki-Test-0.03/kwiki
Can't make new Kwiki in a non-empty directory
# Looks like your test exited with 255 before it could output anything.
t/pages.t .......... 
Dubious, test returned 255 (wstat 65280, 0xff00)
Failed 7/7 subtests 
Subroutine Kwiki::Test::io redefined at /home/cpan/pit/thr/conf/perl-5.13.3/.cpanplus/5.13.3/build/IO-All-0.41/blib/lib/IO/All/Base.pm line 24.
unable to mkdir /home/cpan/pit/thr/conf/perl-5.13.3/.cpanplus/5.13.3/build/Kwiki-Test-0.03/kwiki
Can't make new Kwiki in a non-empty directory
# Looks like your test exited with 255 before it could output anything.
t/simple_hook.t .... 
Dubious, test returned 255 (wstat 65280, 0xff00)
Failed 3/3 subtests 
Subroutine Kwiki::Test::io redefined at /home/cpan/pit/thr/conf/perl-5.13.3/.cpanplus/5.13.3/build/IO-All-0.41/blib/lib/IO/All/Base.pm line 24.
unable to mkdir /home/cpan/pit/thr/conf/perl-5.13.3/.cpanplus/5.13.3/build/Kwiki-Test-0.03/kwiki
Can't make new Kwiki in a non-empty directory
# Looks like your test exited with 255 before it could output anything.
t/simple_widget.t .. 
Dubious, test returned 255 (wstat 65280, 0xff00)
Failed 2/2 subtests 

Test Summary Report
-------------------
t/pages.t        (Wstat: 65280 Tests: 0 Failed: 0)
  Non-zero exit status: 255
  Parse errors: Bad plan.  You planned 7 tests but ran 0.
t/simple_hook.t  (Wstat: 65280 Tests: 0 Failed: 0)
  Non-zero exit status: 255
  Parse errors: Bad plan.  You planned 3 tests but ran 0.
t/simple_widget.t (Wstat: 65280 Tests: 0 Failed: 0)
  Non-zero exit status: 255
  Parse errors: Bad plan.  You planned 2 tests but ran 0.
Files=4, Tests=6,  0 wallclock secs ( 0.03 usr  0.01 sys +  0.54 cusr  0.07 csys =  0.65 CPU)
Result: FAIL
Failed 3/4 test programs. 0/6 subtests failed.
make: *** [test_dynamic] Error 255

[MSG] [Sun May 15 02:29:36 2011] DEFAULT 'proceed_on_test_failure' HANDLER RETURNING 'sub return value'

PREREQUISITES:

Here is a list of prerequisites you specified and versions we
managed to load:

	  Module Name                        Have     Want
	  Kwiki                              0.39     0.37

Perl module toolchain versions installed:
	Module Name                        Have
	CPANPLUS                         0.9105
	CPANPLUS::Dist::Build              0.56
	Cwd                                3.33
	ExtUtils::CBuilder             0.280202
	ExtUtils::Command                  1.16
	ExtUtils::Install                  1.55
	ExtUtils::MakeMaker              6.5601
	ExtUtils::Manifest                 1.58
	ExtUtils::ParseXS                2.2206
	File::Spec                         3.33
	Module::Build                    0.3800
	Test::Harness                      3.23
	Test::More                         0.98
	version                            0.88

******************************** NOTE ********************************
The comments above are created mechanically, possibly without manual
checking by the sender.  As there are many people performing automatic
tests on each upload to CPAN, it is likely that you will receive
identical messages about the same problem.

If you believe that the message is mistaken, please reply to the first
one with correction and/or additional informations, and do not take
it personally.  We appreciate your patience. :)
**********************************************************************

Additional comments:


This report was machine-generated by CPANPLUS::Dist::YACSmoke 0.62.
Powered by minismokebox version 0.44

------------------------------
ENVIRONMENT AND OTHER CONTEXT
------------------------------

Environment variables:

    AUTOMATED_TESTING = 1
    LANG = en_US
    LC_COLLATE = C
    PATH = /usr/local/bin:/usr/bin:/bin:/usr/games:/usr/lib64/java/bin:/usr/lib64/qt/bin:/usr/share/texmf/bin:.
    PERL5LIB = :/home/cpan/pit/thr/conf/perl-5.13.3/.cpanplus/5.13.3/build/IO-String-1.08/blib/lib:/home/cpan/pit/thr/conf/perl-5.13.3/.cpanplus/5.13.3/build/IO-String-1.08/blib/arch:/home/cpan/pit/thr/conf/perl-5.13.3/.cpanplus/5.13.3/build/IO-All-0.41/blib/lib:/home/cpan/pit/thr/conf/perl-5.13.3/.cpanplus/5.13.3/build/IO-All-0.41/blib/arch:/home/cpan/pit/thr/conf/perl-5.13.3/.cpanplus/5.13.3/build/Spiffy-0.30/blib/lib:/home/cpan/pit/thr/conf/perl-5.13.3/.cpanplus/5.13.3/build/Spiffy-0.30/blib/arch:/home/cpan/pit/thr/conf/perl-5.13.3/.cpanplus/5.13.3/build/AppConfig-1.66/blib/lib:/home/cpan/pit/thr/conf/perl-5.13.3/.cpanplus/5.13.3/build/AppConfig-1.66/blib/arch:/home/cpan/pit/thr/conf/perl-5.13.3/.cpanplus/5.13.3/build/Template-Toolkit-2.22/blib/lib:/home/cpan/pit/thr/conf/perl-5.13.3/.cpanplus/5.13.3/build/Template-Toolkit-2.22/blib/arch:/home/cpan/pit/thr/conf/perl-5.13.3/.cpanplus/5.13.3/build/URI-1.58/blib/lib:/home/cpan/pit/thr/conf/perl-5.13.3/.cpanplus/5.13.3/build/URI-1.58/blib/arch:/home/cpan/pit/thr/conf/perl-5.13.3/.cpanplus/5.13.3/build/Spoon-0.24/blib/lib:/home/cpan/pit/thr/conf/perl-5.13.3/.cpanplus/5.13.3/build/Spoon-0.24/blib/arch:/home/cpan/pit/thr/conf/perl-5.13.3/.cpanplus/5.13.3/build/Kwiki-0.39/blib/lib:/home/cpan/pit/thr/conf/perl-5.13.3/.cpanplus/5.13.3/build/Kwiki-0.39/blib/arch:/home/cpan/pit/thr/conf/perl-5.13.3/.cpanplus/5.13.3/build/Kwiki-Test-0.03/blib/lib:/home/cpan/pit/thr/conf/perl-5.13.3/.cpanplus/5.13.3/build/Kwiki-Test-0.03/blib/arch
    PERL5_CPANPLUS_IS_RUNNING = 3453
    PERL5_CPANPLUS_IS_VERSION = 0.9105
    PERL5_MINISMOKEBOX = 0.44
    PERL5_YACSMOKE_BASE = /home/cpan/pit/thr/conf/perl-5.13.3
    PERL_EXTUTILS_AUTOINSTALL = --defaultdeps
    PERL_MM_USE_DEFAULT = 1
    SHELL = /bin/bash
    TERM = screen

Perl special variables (and OS-specific diagnostics, for MSWin32):

    Perl: $^X = /home/cpan/pit/thr/perl-5.13.3/bin/perl5.13.3
    UID:  $<  = 1001
    EUID: $>  = 1001
    GID:  $(  = 100 100
    EGID: $)  = 100 100


-------------------------------


--

Summary of my perl5 (revision 5 version 13 subversion 3) configuration:
   
  Platform:
    osname=linux, osvers=2.6.33.4, archname=x86_64-linux-thread-multi
    uname='linux slack64 2.6.33.4 #3 smp wed may 12 23:13:09 cdt 2010 x86_64 intel(r) xeon(r) cpu e5520 @ 2.27ghz genuineintel gnulinux '
    config_args='-des -Dprefix=/home/cpan/pit/thr/perl-5.13.3 -Dusethreads -Dusedevel'
    hint=recommended, useposix=true, d_sigaction=define
    useithreads=define, usemultiplicity=define
    useperlio=define, d_sfio=undef, uselargefiles=define, usesocks=undef
    use64bitint=define, use64bitall=define, uselongdouble=undef
    usemymalloc=n, bincompat5005=undef
  Compiler:
    cc='cc', ccflags ='-D_REENTRANT -D_GNU_SOURCE -fno-strict-aliasing -pipe -fstack-protector -I/usr/local/include -D_LARGEFILE_SOURCE -D_FILE_OFFSET_BITS=64',
    optimize='-O2',
    cppflags='-D_REENTRANT -D_GNU_SOURCE -fno-strict-aliasing -pipe -fstack-protector -I/usr/local/include'
    ccversion='', gccversion='4.4.4', gccosandvers=''
    intsize=4, longsize=8, ptrsize=8, doublesize=8, byteorder=12345678
    d_longlong=define, longlongsize=8, d_longdbl=define, longdblsize=16
    ivtype='long', ivsize=8, nvtype='double', nvsize=8, Off_t='off_t', lseeksize=8
    alignbytes=8, prototype=define
  Linker and Libraries:
    ld='cc', ldflags =' -fstack-protector -L/usr/local/lib'
    libpth=/usr/local/lib /lib /usr/lib /lib64 /usr/lib64 /usr/local/lib64
    libs=-lnsl -lgdbm -ldb -ldl -lm -lcrypt -lutil -lpthread -lc
    perllibs=-lnsl -ldl -lm -lcrypt -lutil -lpthread -lc
    libc=, so=so, useshrplib=false, libperl=libperl.a
    gnulibc_version='2.11.1'
  Dynamic Linking:
    dlsrc=dl_dlopen.xs, dlext=so, d_dlsymun=undef, ccdlflags='-Wl,-E'
    cccdlflags='-fPIC', lddlflags='-shared -O2 -L/usr/local/lib -fstack-protector'


Characteristics of this binary (from libperl): 
  Compile-time options: MULTIPLICITY PERL_DONT_CREATE_GVSV
                        PERL_IMPLICIT_CONTEXT PERL_MALLOC_WRAP PERL_USE_DEVEL
                        USE_64_BIT_ALL USE_64_BIT_INT USE_ITHREADS
                        USE_LARGE_FILES USE_PERLIO USE_PERL_ATOF
                        USE_REENTRANT_API
  Built under linux
  Compiled at Feb 18 2011 12:04:52
  %ENV:
    PERL5LIB=":/home/cpan/pit/thr/conf/perl-5.13.3/.cpanplus/5.13.3/build/IO-String-1.08/blib/lib:/home/cpan/pit/thr/conf/perl-5.13.3/.cpanplus/5.13.3/build/IO-String-1.08/blib/arch:/home/cpan/pit/thr/conf/perl-5.13.3/.cpanplus/5.13.3/build/IO-All-0.41/blib/lib:/home/cpan/pit/thr/conf/perl-5.13.3/.cpanplus/5.13.3/build/IO-All-0.41/blib/arch:/home/cpan/pit/thr/conf/perl-5.13.3/.cpanplus/5.13.3/build/Spiffy-0.30/blib/lib:/home/cpan/pit/thr/conf/perl-5.13.3/.cpanplus/5.13.3/build/Spiffy-0.30/blib/arch:/home/cpan/pit/thr/conf/perl-5.13.3/.cpanplus/5.13.3/build/AppConfig-1.66/blib/lib:/home/cpan/pit/thr/conf/perl-5.13.3/.cpanplus/5.13.3/build/AppConfig-1.66/blib/arch:/home/cpan/pit/thr/conf/perl-5.13.3/.cpanplus/5.13.3/build/Template-Toolkit-2.22/blib/lib:/home/cpan/pit/thr/conf/perl-5.13.3/.cpanplus/5.13.3/build/Template-Toolkit-2.22/blib/arch:/home/cpan/pit/thr/conf/perl-5.13.3/.cpanplus/5.13.3/build/URI-1.58/blib/lib:/home/cpan/pit/thr/conf/perl-5.13.3/.cpanplus/5.13.3/build/URI-1.58/blib/arch:/home/cpan/pit/thr/conf/perl-5.13.3/.cpanplus/5.13.3/build/Spoon-0.24/blib/lib:/home/cpan/pit/thr/conf/perl-5.13.3/.cpanplus/5.13.3/build/Spoon-0.24/blib/arch:/home/cpan/pit/thr/conf/perl-5.13.3/.cpanplus/5.13.3/build/Kwiki-0.39/blib/lib:/home/cpan/pit/thr/conf/perl-5.13.3/.cpanplus/5.13.3/build/Kwiki-0.39/blib/arch:/home/cpan/pit/thr/conf/perl-5.13.3/.cpanplus/5.13.3/build/Kwiki-Test-0.03/blib/lib:/home/cpan/pit/thr/conf/perl-5.13.3/.cpanplus/5.13.3/build/Kwiki-Test-0.03/blib/arch"
    PERL5_CPANPLUS_IS_RUNNING="3453"
    PERL5_CPANPLUS_IS_VERSION="0.9105"
    PERL5_MINISMOKEBOX="0.44"
    PERL5_YACSMOKE_BASE="/home/cpan/pit/thr/conf/perl-5.13.3"
    PERL_EXTUTILS_AUTOINSTALL="--defaultdeps"
    PERL_MM_USE_DEFAULT="1"
  @INC:
    /home/cpan/pit/thr/conf/perl-5.13.3/.cpanplus/5.13.3/build/IO-String-1.08/blib/lib
    /home/cpan/pit/thr/conf/perl-5.13.3/.cpanplus/5.13.3/build/IO-String-1.08/blib/arch
    /home/cpan/pit/thr/conf/perl-5.13.3/.cpanplus/5.13.3/build/IO-All-0.41/blib/lib
    /home/cpan/pit/thr/conf/perl-5.13.3/.cpanplus/5.13.3/build/IO-All-0.41/blib/arch
    /home/cpan/pit/thr/conf/perl-5.13.3/.cpanplus/5.13.3/build/Spiffy-0.30/blib/lib
    /home/cpan/pit/thr/conf/perl-5.13.3/.cpanplus/5.13.3/build/Spiffy-0.30/blib/arch
    /home/cpan/pit/thr/conf/perl-5.13.3/.cpanplus/5.13.3/build/AppConfig-1.66/blib/lib
    /home/cpan/pit/thr/conf/perl-5.13.3/.cpanplus/5.13.3/build/AppConfig-1.66/blib/arch
    /home/cpan/pit/thr/conf/perl-5.13.3/.cpanplus/5.13.3/build/Template-Toolkit-2.22/blib/lib
    /home/cpan/pit/thr/conf/perl-5.13.3/.cpanplus/5.13.3/build/Template-Toolkit-2.22/blib/arch
    /home/cpan/pit/thr/conf/perl-5.13.3/.cpanplus/5.13.3/build/URI-1.58/blib/lib
    /home/cpan/pit/thr/conf/perl-5.13.3/.cpanplus/5.13.3/build/URI-1.58/blib/arch
    /home/cpan/pit/thr/conf/perl-5.13.3/.cpanplus/5.13.3/build/Spoon-0.24/blib/lib
    /home/cpan/pit/thr/conf/perl-5.13.3/.cpanplus/5.13.3/build/Spoon-0.24/blib/arch
    /home/cpan/pit/thr/conf/perl-5.13.3/.cpanplus/5.13.3/build/Kwiki-0.39/blib/lib
    /home/cpan/pit/thr/conf/perl-5.13.3/.cpanplus/5.13.3/build/Kwiki-0.39/blib/arch
    /home/cpan/pit/thr/conf/perl-5.13.3/.cpanplus/5.13.3/build/Kwiki-Test-0.03/blib/lib
    /home/cpan/pit/thr/conf/perl-5.13.3/.cpanplus/5.13.3/build/Kwiki-Test-0.03/blib/arch
    /home/cpan/pit/thr/perl-5.13.3/lib/site_perl/5.13.3/x86_64-linux-thread-multi
    /home/cpan/pit/thr/perl-5.13.3/lib/site_perl/5.13.3
    /home/cpan/pit/thr/perl-5.13.3/lib/5.13.3/x86_64-linux-thread-multi
    /home/cpan/pit/thr/perl-5.13.3/lib/5.13.3
    .