Back
From: metabase:user:322078bc-2aae-11df-837a-5e0a49663a4f
Subject: FAIL Test-Harness-FileFilter-0.01 v5.8.9 FreeBSD
Date: 2012-01-10T22:24:54Z
This distribution has been tested as part of the CPAN Testers
project, supporting the Perl programming language. See
http://wiki.cpantesters.org/ for more information or email
questions to cpan-testers-discuss@perl.org
--
Dear CLAESJAC,
This is a computer-generated error report created automatically by
CPANPLUS, version 0.9115. Testers personal comments may appear
at the end of this report.
Thank you for uploading your work to CPAN. However, it appears that
there were some problems testing your distribution.
TEST RESULTS:
Below is the error stack from stage 'make test':
[MSG] [Tue Jan 10 22:19:26 2012] cp lib/Test/Harness/FileFilter.pm blib/lib/Test/Harness/FileFilter.pm
Manifying blib/man3/Test::Harness::FileFilter.3
[ERROR] [Tue Jan 10 22:24:48 2012] MAKE TEST failed: PERL_DL_NONLAZY=1 /usr/home/cpan/pit/bare/perl-5.8.9/bin/perl "-MExtUtils::Command::MM" "-e" "test_harness(0, 'blib/lib', 'blib/arch')" t/*.t
# Testing Test::Harness::FileFilter 0.01, Perl 5.008009, /usr/home/cpan/pit/bare/perl-5.8.9/bin/perl
t/00-load.t ....... ok
# Testing HARNESS_IGNORE_FILES
Deep recursion on anonymous subroutine at /usr/home/cpan/pit/bare/conf/perl-5.8.9/.cpanplus/5.8.9/build/Test-Harness-FileFilter-0.01/blib/lib/Test/Harness/FileFilter.pm line 41.
t/01-ignore.t .....
Failed 1/2 subtests
# Testing HARNESS_ACCEPT_FILES
Deep recursion on anonymous subroutine at /usr/home/cpan/pit/bare/conf/perl-5.8.9/.cpanplus/5.8.9/build/Test-Harness-FileFilter-0.01/blib/lib/Test/Harness/FileFilter.pm line 41.
t/02-accept.t .....
Failed 1/2 subtests
t/pod-coverage.t .. skipped: Test::Pod::Coverage 1.04 required for testing POD coverage
t/pod.t ........... skipped: Test::Pod 1.14 required for testing POD
Test Summary Report
-------------------
t/01-ignore.t (Wstat: 9 Tests: 1 Failed: 0)
Non-zero wait status: 9
Parse errors: Bad plan. You planned 2 tests but ran 1.
t/02-accept.t (Wstat: 9 Tests: 1 Failed: 0)
Non-zero wait status: 9
Parse errors: Bad plan. You planned 2 tests but ran 1.
Files=5, Tests=3, 321 wallclock secs ( 0.05 usr 0.00 sys + 36.87 cusr 3.22 csys = 40.14 CPU)
Result: FAIL
Failed 2/5 test programs. 0/3 subtests failed.
*** Error code 255
Stop in /usr/home/cpan/pit/bare/conf/perl-5.8.9/.cpanplus/5.8.9/build/Test-Harness-FileFilter-0.01.
[MSG] [Tue Jan 10 22:24:48 2012] DEFAULT 'proceed_on_test_failure' HANDLER RETURNING 'sub return value'
PREREQUISITES:
Here is a list of prerequisites you specified and versions we
managed to load:
Module Name Have Want
ExtUtils::MakeMaker 6.62 0
File::Spec 3.33 0
Test::Harness 3.23 0
Test::More 0.98 0
Perl module toolchain versions installed:
Module Name Have
CPANPLUS 0.9115
CPANPLUS::Dist::Build 0.60
Cwd 3.33
ExtUtils::CBuilder 0.280202
ExtUtils::Command 1.16
ExtUtils::Install 1.54
ExtUtils::MakeMaker 6.62
ExtUtils::Manifest 1.60
ExtUtils::ParseXS 3.11
File::Spec 3.33
Module::Build 0.3800
Test::Harness 3.23
Test::More 0.98
version 0.95
******************************** NOTE ********************************
The comments above are created mechanically, possibly without manual
checking by the sender. As there are many people performing automatic
tests on each upload to CPAN, it is likely that you will receive
identical messages about the same problem.
If you believe that the message is mistaken, please reply to the first
one with correction and/or additional informations, and do not take
it personally. We appreciate your patience. :)
**********************************************************************
Additional comments:
This report was machine-generated by CPANPLUS::Dist::YACSmoke 0.66.
Powered by minismokebox version 0.54
------------------------------
ENVIRONMENT AND OTHER CONTEXT
------------------------------
Environment variables:
AUTOMATED_TESTING = 1
PATH = /sbin:/bin:/usr/sbin:/usr/bin:/usr/games:/usr/local/sbin:/usr/local/bin:/home/cpan/bin
PERL5LIB = :/usr/home/cpan/pit/bare/conf/perl-5.8.9/.cpanplus/5.8.9/build/Test-Harness-FileFilter-0.01/blib/lib:/usr/home/cpan/pit/bare/conf/perl-5.8.9/.cpanplus/5.8.9/build/Test-Harness-FileFilter-0.01/blib/arch
PERL5_CPANPLUS_IS_RUNNING = 5672
PERL5_CPANPLUS_IS_VERSION = 0.9115
PERL5_MINISMOKEBOX = 0.54
PERL5_YACSMOKE_BASE = /usr/home/cpan/pit/bare/conf/perl-5.8.9
PERL_EXTUTILS_AUTOINSTALL = --defaultdeps
PERL_MM_USE_DEFAULT = 1
SHELL = /usr/local/bin/bash
TERM = screen
Perl special variables (and OS-specific diagnostics, for MSWin32):
Perl: $^X = /usr/home/cpan/pit/bare/perl-5.8.9/bin/perl
UID: $< = 1002
EUID: $> = 1002
GID: $( = 1002 1002
EGID: $) = 1002 1002
-------------------------------
--
Summary of my perl5 (revision 5 version 8 subversion 9) configuration:
Platform:
osname=freebsd, osvers=9.0-rc3, archname=amd64-freebsd
uname='freebsd fremen 9.0-rc3 freebsd 9.0-rc3 #0: sun dec 4 08:56:36 utc 2011 root@farrell.cse.buffalo.edu:usrobjusrsrcsysgeneric amd64 '
config_args='-des -Dprefix=/usr/home/cpan/pit/bare/perl-5.8.9'
hint=recommended, useposix=true, d_sigaction=define
usethreads=undef use5005threads=undef useithreads=undef usemultiplicity=undef
useperlio=define d_sfio=undef uselargefiles=define usesocks=undef
use64bitint=define use64bitall=define uselongdouble=undef
usemymalloc=n, bincompat5005=undef
Compiler:
cc='cc', ccflags ='-DHAS_FPSETMASK -DHAS_FLOATINGPOINT_H -fno-strict-aliasing -pipe -I/usr/local/include',
optimize='-O',
cppflags='-DHAS_FPSETMASK -DHAS_FLOATINGPOINT_H -fno-strict-aliasing -pipe -I/usr/local/include'
ccversion='', gccversion='4.2.1 20070831 patched [FreeBSD]', gccosandvers=''
intsize=4, longsize=8, ptrsize=8, doublesize=8, byteorder=12345678
d_longlong=define, longlongsize=8, d_longdbl=define, longdblsize=16
ivtype='long', ivsize=8, nvtype='double', nvsize=8, Off_t='off_t', lseeksize=8
alignbytes=8, prototype=define
Linker and Libraries:
ld='cc', ldflags ='-Wl,-E -L/usr/local/lib'
libpth=/usr/lib /usr/local/lib
libs=-lgdbm -lm -lcrypt -lutil -lc
perllibs=-lm -lcrypt -lutil -lc
libc=, so=so, useshrplib=false, libperl=libperl.a
gnulibc_version=''
Dynamic Linking:
dlsrc=dl_dlopen.xs, dlext=so, d_dlsymun=undef, ccdlflags=' '
cccdlflags='-DPIC -fPIC', lddlflags='-shared -L/usr/local/lib'
Characteristics of this binary (from libperl):
Compile-time options: PERL_MALLOC_WRAP USE_64_BIT_ALL USE_64_BIT_INT
USE_FAST_STDIO USE_LARGE_FILES USE_PERLIO
Built under freebsd
Compiled at Dec 14 2011 19:03:35
%ENV:
PERL5LIB=":/usr/home/cpan/pit/bare/conf/perl-5.8.9/.cpanplus/5.8.9/build/Test-Harness-FileFilter-0.01/blib/lib:/usr/home/cpan/pit/bare/conf/perl-5.8.9/.cpanplus/5.8.9/build/Test-Harness-FileFilter-0.01/blib/arch"
PERL5_CPANPLUS_IS_RUNNING="5672"
PERL5_CPANPLUS_IS_VERSION="0.9115"
PERL5_MINISMOKEBOX="0.54"
PERL5_YACSMOKE_BASE="/usr/home/cpan/pit/bare/conf/perl-5.8.9"
PERL_EXTUTILS_AUTOINSTALL="--defaultdeps"
PERL_MM_USE_DEFAULT="1"
@INC:
/usr/home/cpan/pit/bare/conf/perl-5.8.9/.cpanplus/5.8.9/build/Test-Harness-FileFilter-0.01/blib/lib
/usr/home/cpan/pit/bare/conf/perl-5.8.9/.cpanplus/5.8.9/build/Test-Harness-FileFilter-0.01/blib/arch
/usr/home/cpan/pit/bare/perl-5.8.9/lib/5.8.9/amd64-freebsd
/usr/home/cpan/pit/bare/perl-5.8.9/lib/5.8.9
/usr/home/cpan/pit/bare/perl-5.8.9/lib/site_perl/5.8.9/amd64-freebsd
/usr/home/cpan/pit/bare/perl-5.8.9/lib/site_perl/5.8.9
.