Report for HTML-Zoom-Parser-HH5P-0.002

Back
From: metabase:user:314402c4-2aae-11df-837a-5e0a49663a4f
Subject: FAIL HTML-Zoom-Parser-HH5P-0.002 v5.12.5 GNU/Linux
Date: 2014-05-27T05:01:11Z

This distribution has been tested as part of the CPAN Testers
project, supporting the Perl programming language.  See
http://wiki.cpantesters.org/ for more information or email
questions to cpan-testers-discuss@perl.org


--
Dear Toby Inkster,

This is a computer-generated report for HTML-Zoom-Parser-HH5P-0.002
on perl 5.12.5, created by CPAN-Reporter-1.2011.

Thank you for uploading your work to CPAN.  However, there was a problem
testing your distribution.

If you think this report is invalid, please consult the CPAN Testers Wiki
for suggestions on how to avoid getting FAIL reports for missing library
or binary dependencies, unsupported operating systems, and so on:

http://wiki.cpantesters.org/wiki/CPANAuthorNotes

Sections of this report:

    * Tester comments
    * Program output
    * Prerequisites
    * Environment and other context

------------------------------
TESTER COMMENTS
------------------------------

Additional comments from tester:

none provided

------------------------------
PROGRAM OUTPUT
------------------------------

Output from '/usr/bin/make test':

PERL_DL_NONLAZY=1 /bbbike/perl-5.12.5/bin/perl "-MExtUtils::Command::MM" "-MTest::Harness" "-e" "undef *Test::Harness::Switches; test_harness(0, 'inc', 'blib/lib', 'blib/arch')" t/hzphp-00-compile.t t/hzphp-actions.t t/hzphp-apply.t t/hzphp-balance.t t/hzphp-doctype.t t/hzphp-dwim-autoload.t t/hzphp-flush.t t/hzphp-forms.t t/hzphp-parser_weirdness.t t/hzphp-repeat_bugfixes.t t/hzphp-selectors.t t/hzphp-span.t t/hzphp-todo-repeat.t
t/hzphp-00-compile.t ........ ok
t/hzphp-actions.t ........... skipped: TODO
Can't use string ("HTML::HTML5::Parser") as a HASH ref while "strict refs" in use at /opt/perl-5.12.5/lib/site_perl/5.12.5/HTML/HTML5/Parser.pm line 389.
# Looks like your test exited with 255 before it could output anything.
t/hzphp-apply.t ............. 
Dubious, test returned 255 (wstat 65280, 0xff00)
No subtests run 
Can't use string ("HTML::HTML5::Parser") as a HASH ref while "strict refs" in use at /opt/perl-5.12.5/lib/site_perl/5.12.5/HTML/HTML5/Parser.pm line 389.
t/hzphp-balance.t ........... 
Dubious, test returned 255 (wstat 65280, 0xff00)
No subtests run 
Can't use string ("HTML::HTML5::Parser") as a HASH ref while "strict refs" in use at /opt/perl-5.12.5/lib/site_perl/5.12.5/HTML/HTML5/Parser.pm line 389.
# Looks like your test exited with 255 before it could output anything.
t/hzphp-doctype.t ........... 
Dubious, test returned 255 (wstat 65280, 0xff00)
No subtests run 
Can't use string ("HTML::HTML5::Parser") as a HASH ref while "strict refs" in use at /opt/perl-5.12.5/lib/site_perl/5.12.5/HTML/HTML5/Parser.pm line 389.
t/hzphp-dwim-autoload.t ..... 
Dubious, test returned 255 (wstat 65280, 0xff00)
No subtests run 
t/hzphp-flush.t ............. ok
t/hzphp-forms.t ............. skipped: TODO
t/hzphp-parser_weirdness.t .. skipped: TODO
Can't use string ("HTML::HTML5::Parser") as a HASH ref while "strict refs" in use at /opt/perl-5.12.5/lib/site_perl/5.12.5/HTML/HTML5/Parser.pm line 389.
t/hzphp-repeat_bugfixes.t ... 
Dubious, test returned 255 (wstat 65280, 0xff00)
No subtests run 

#   Failed test '*[attr] works'
#   at t/hzphp-selectors.t line 57.
#          got: '<div frew="yo">grg</div><div class="waargh"></div>'
#     expected: '<div frew="yo">grg</div><span frew="ay">grg</span><div class="waargh"></div>'

#   Failed test 'E[attr=val] works'
#   at t/hzphp-selectors.t line 75.
#          got: '<div class="waargh"></div>'
#     expected: '<div frew="yo">grg</div><div class="waargh"></div>'

#   Failed test 'Multiple selectors: el[attr=bar],[attr=foo]'
#   at t/hzphp-selectors.t line 161.
#          got: '1'
#     expected: '2'
# Looks like you failed 3 tests of 20.
t/hzphp-selectors.t ......... 
Dubious, test returned 3 (wstat 768, 0x300)
Failed 3/20 subtests 
t/hzphp-span.t .............. ok
t/hzphp-todo-repeat.t ....... skipped: Totally doesn't work yet

Test Summary Report
-------------------
t/hzphp-apply.t           (Wstat: 65280 Tests: 0 Failed: 0)
  Non-zero exit status: 255
  Parse errors: No plan found in TAP output
t/hzphp-balance.t         (Wstat: 65280 Tests: 0 Failed: 0)
  Non-zero exit status: 255
  Parse errors: No plan found in TAP output
t/hzphp-doctype.t         (Wstat: 65280 Tests: 0 Failed: 0)
  Non-zero exit status: 255
  Parse errors: No plan found in TAP output
t/hzphp-dwim-autoload.t   (Wstat: 65280 Tests: 0 Failed: 0)
  Non-zero exit status: 255
  Parse errors: No plan found in TAP output
t/hzphp-repeat_bugfixes.t (Wstat: 65280 Tests: 0 Failed: 0)
  Non-zero exit status: 255
  Parse errors: No plan found in TAP output
t/hzphp-selectors.t       (Wstat: 768 Tests: 20 Failed: 3)
  Failed tests:  5, 7, 17
  Non-zero exit status: 3
Files=13, Tests=24,  8 wallclock secs ( 0.08 usr  0.07 sys +  2.66 cusr  0.58 csys =  3.39 CPU)
Result: FAIL
Failed 6/13 test programs. 3/24 subtests failed.
make: *** [test_dynamic] Error 255

------------------------------
PREREQUISITES
------------------------------

Prerequisite modules loaded:

requires:

    Module                Need     Have    
    --------------------- -------- --------
    ExtUtils::MakeMaker   6.59     6.98    
    HTML::HTML5::Entities 0        0.003   
    HTML::HTML5::Parser   0.206    0.301   
    HTML::Zoom            0.009007 0.009007
    Moo                   1.000000 1.004005
    namespace::clean      0        0.25    
    perl                  5.008    5.012005
    strictures            1        1.005004
    XML::LibXML           2        2.0116  

build_requires:

    Module                Need     Have    
    --------------------- -------- --------
    ExtUtils::MakeMaker   6.59     6.98    
    strictures            1        1.005004

configure_requires:

    Module                Need     Have    
    --------------------- -------- --------
    ExtUtils::MakeMaker   6.59     6.98    


------------------------------
ENVIRONMENT AND OTHER CONTEXT
------------------------------

Environment variables:

    DBIC_NO_WARN_BAD_PERL = 1
    LANG = C
    PATH = /usr/local/bin:/usr/bin:/bin:/usr/local/sbin:/usr/sbin:/sbin:/home/eserte/bin/linux-gnu:/home/eserte/bin/sh:/home/eserte/bin:/usr/games:/home/eserte/devel:/home/eserte/src/srezic-misc/scripts
    PERL5LIB = /home/eserte/.cpan/build/HTML-Zoom-0.009007-SNJ4x3/blib/arch:/home/eserte/.cpan/build/HTML-Zoom-0.009007-SNJ4x3/blib/lib:/home/eserte/.cpan/build/Data-JavaScript-Anon-1.03-n0bsUH/blib/arch:/home/eserte/.cpan/build/Data-JavaScript-Anon-1.03-n0bsUH/blib/lib:/home/eserte/.cpan/build/Class-Default-1.51-A8tOMf/blib/arch:/home/eserte/.cpan/build/Class-Default-1.51-A8tOMf/blib/lib:/home/eserte/.cpan/build/HTML-Widget-Factory-0.201-YSFShF/blib/arch:/home/eserte/.cpan/build/HTML-Widget-Factory-0.201-YSFShF/blib/lib:/home/eserte/.cpan/build/HTML-XSSLint-0.01-lto0mR/blib/arch:/home/eserte/.cpan/build/HTML-XSSLint-0.01-lto0mR/blib/lib:/home/eserte/.cpan/build/Set-Tiny-0.01-_Qkit0/blib/arch:/home/eserte/.cpan/build/Set-Tiny-0.01-_Qkit0/blib/lib
    PERL5OPT = 
    PERL5_CPANPLUS_IS_RUNNING = 19258
    PERL5_CPAN_IS_RUNNING = 19258
    PERL5_CPAN_IS_RUNNING_IN_RECURSION = 30555,19258
    PERLDOC = -MPod::Perldoc::ToTextOverstrike
    PERL_BATCH = yes
    PERL_CPAN_REPORTER_CONFIG = /var/tmp/cpansmoker-1001/v2lUvUROAI_config.ini
    PERL_EXTUTILS_AUTOINSTALL = --defaultdeps
    PERL_HTML_DISPLAY_CLASS = HTML::Display::Mozilla
    SHELL = /bin/zsh
    TERM = screen
    TMPDIR = /var/tmp/cpansmoker-1001

Perl special variables (and OS-specific diagnostics, for MSWin32):

    $^X = /bbbike/perl-5.12.5/bin/perl
    $UID/$EUID = 1001 / 1001
    $GID = 1001 109 1001
    $EGID = 1001 109 1001

Perl module toolchain versions installed:

    Module              Have    
    ------------------- --------
    CPAN                1.94_56 
    CPAN::Meta          2.141170
    Cwd                 3.47    
    ExtUtils::CBuilder  0.280216
    ExtUtils::Command   1.16    
    ExtUtils::Install   1.55    
    ExtUtils::MakeMaker 6.98    
    ExtUtils::Manifest  1.60    
    ExtUtils::ParseXS   3.24    
    File::Spec          3.47    
    JSON                2.90    
    JSON::PP            2.27203 
    Module::Build       0.4205  
    Module::Signature   0.73    
    Parse::CPAN::Meta   1.4414  
    Test::Harness       3.30    
    Test::More          1.001003
    YAML                0.90    
    YAML::Syck          1.27    
    version             0.9908  


--

Summary of my perl5 (revision 5 version 12 subversion 5) configuration:
   
  Platform:
    osname=linux, osvers=3.2.0-4-amd64, archname=x86_64-linux
    uname='linux eserte 3.2.0-4-amd64 #1 smp debian 3.2.57-3 x86_64 gnulinux '
    config_args='-ds -e -Dprefix=/opt/perl-5.12.5'
    hint=recommended, useposix=true, d_sigaction=define
    useithreads=undef, usemultiplicity=undef
    useperlio=define, d_sfio=undef, uselargefiles=define, usesocks=undef
    use64bitint=define, use64bitall=define, uselongdouble=undef
    usemymalloc=n, bincompat5005=undef
  Compiler:
    cc='cc', ccflags ='-fno-strict-aliasing -pipe -fstack-protector -I/usr/local/include -D_LARGEFILE_SOURCE -D_FILE_OFFSET_BITS=64',
    optimize='-O2',
    cppflags='-fno-strict-aliasing -pipe -fstack-protector -I/usr/local/include'
    ccversion='', gccversion='4.7.2', gccosandvers=''
    intsize=4, longsize=8, ptrsize=8, doublesize=8, byteorder=12345678
    d_longlong=define, longlongsize=8, d_longdbl=define, longdblsize=16
    ivtype='long', ivsize=8, nvtype='double', nvsize=8, Off_t='off_t', lseeksize=8
    alignbytes=8, prototype=define
  Linker and Libraries:
    ld='cc', ldflags =' -fstack-protector -L/usr/local/lib'
    libpth=/usr/local/lib /lib/x86_64-linux-gnu /lib/../lib /usr/lib/x86_64-linux-gnu /usr/lib/../lib /lib /usr/lib
    libs=-lnsl -ldb -ldl -lm -lcrypt -lutil -lc
    perllibs=-lnsl -ldl -lm -lcrypt -lutil -lc
    libc=, so=so, useshrplib=false, libperl=libperl.a
    gnulibc_version='2.13'
  Dynamic Linking:
    dlsrc=dl_dlopen.xs, dlext=so, d_dlsymun=undef, ccdlflags='-Wl,-E'
    cccdlflags='-fPIC', lddlflags='-shared -O2 -L/usr/local/lib -fstack-protector'


Characteristics of this binary (from libperl): 
  Compile-time options: PERL_DONT_CREATE_GVSV PERL_MALLOC_WRAP USE_64_BIT_ALL
                        USE_64_BIT_INT USE_LARGE_FILES USE_PERLIO
                        USE_PERL_ATOF
  Built under linux
  Compiled at May 15 2014 14:26:58
  %ENV:
    PERL5LIB="/home/eserte/.cpan/build/HTML-Zoom-0.009007-SNJ4x3/blib/arch:/home/eserte/.cpan/build/HTML-Zoom-0.009007-SNJ4x3/blib/lib:/home/eserte/.cpan/build/Data-JavaScript-Anon-1.03-n0bsUH/blib/arch:/home/eserte/.cpan/build/Data-JavaScript-Anon-1.03-n0bsUH/blib/lib:/home/eserte/.cpan/build/Class-Default-1.51-A8tOMf/blib/arch:/home/eserte/.cpan/build/Class-Default-1.51-A8tOMf/blib/lib:/home/eserte/.cpan/build/HTML-Widget-Factory-0.201-YSFShF/blib/arch:/home/eserte/.cpan/build/HTML-Widget-Factory-0.201-YSFShF/blib/lib:/home/eserte/.cpan/build/HTML-XSSLint-0.01-lto0mR/blib/arch:/home/eserte/.cpan/build/HTML-XSSLint-0.01-lto0mR/blib/lib:/home/eserte/.cpan/build/Set-Tiny-0.01-_Qkit0/blib/arch:/home/eserte/.cpan/build/Set-Tiny-0.01-_Qkit0/blib/lib"
    PERL5OPT=""
    PERL5_CPANPLUS_IS_RUNNING="19258"
    PERL5_CPAN_IS_RUNNING="19258"
    PERL5_CPAN_IS_RUNNING_IN_RECURSION="30555,19258"
    PERLDOC="-MPod::Perldoc::ToTextOverstrike"
    PERL_BATCH="yes"
    PERL_CPAN_REPORTER_CONFIG="/var/tmp/cpansmoker-1001/v2lUvUROAI_config.ini"
    PERL_EXTUTILS_AUTOINSTALL="--defaultdeps"
    PERL_HTML_DISPLAY_CLASS="HTML::Display::Mozilla"
  @INC:
    /home/eserte/.cpan/build/HTML-Zoom-0.009007-SNJ4x3/blib/arch
    /home/eserte/.cpan/build/HTML-Zoom-0.009007-SNJ4x3/blib/lib
    /home/eserte/.cpan/build/Data-JavaScript-Anon-1.03-n0bsUH/blib/arch
    /home/eserte/.cpan/build/Data-JavaScript-Anon-1.03-n0bsUH/blib/lib
    /home/eserte/.cpan/build/Class-Default-1.51-A8tOMf/blib/arch
    /home/eserte/.cpan/build/Class-Default-1.51-A8tOMf/blib/lib
    /home/eserte/.cpan/build/HTML-Widget-Factory-0.201-YSFShF/blib/arch
    /home/eserte/.cpan/build/HTML-Widget-Factory-0.201-YSFShF/blib/lib
    /home/eserte/.cpan/build/HTML-XSSLint-0.01-lto0mR/blib/arch
    /home/eserte/.cpan/build/HTML-XSSLint-0.01-lto0mR/blib/lib
    /home/eserte/.cpan/build/Set-Tiny-0.01-_Qkit0/blib/arch
    /home/eserte/.cpan/build/Set-Tiny-0.01-_Qkit0/blib/lib
    /opt/perl-5.12.5/lib/site_perl/5.12.5/x86_64-linux
    /opt/perl-5.12.5/lib/site_perl/5.12.5
    /opt/perl-5.12.5/lib/5.12.5/x86_64-linux
    /opt/perl-5.12.5/lib/5.12.5
    .