Module-Install-TestTarget v0.19 Perl 5 v5.41.14 amd64-freebsd
- Status
- Fail
- From
- Carlos Guevara
- Dist
-
Module-Install-TestTarget v0.19
- Platform
- Perl 5 v5.41.14 amd64-freebsd
- Date
- 2025-06-08 21:24:12
- ID
- ec04492c-44ae-11f0-b2b4-db97f3e92c61
This distribution has been tested as part of the CPAN Testers
project, supporting the Perl programming language. See
http://wiki.cpantesters.org/ for more information or email
questions to cpan-testers-discuss@perl.org
--
Dear Yuji Shimada,
This is a computer-generated report for Module-Install-TestTarget-0.19
on perl 5.41.14, created by CPAN-Reporter-1.2020.
Thank you for uploading your work to CPAN. However, there was a problem
testing your distribution.
If you think this report is invalid, please consult the CPAN Testers Wiki
for suggestions on how to avoid getting FAIL reports for missing library
or binary dependencies, unsupported operating systems, and so on:
http://wiki.cpantesters.org/wiki/CPANAuthorNotes
Sections of this report:
* Tester comments
* Program output
* Prerequisites
* Environment and other context
------------------------------
TESTER COMMENTS
------------------------------
Additional comments from tester:
this report is from an automated smoke testing program
and was not reviewed by a human for accuracy
------------------------------
PROGRAM OUTPUT
------------------------------
Output from '/usr/bin/make test':
PERL_DL_NONLAZY=1 "/home/cpan/bin/perl/bin/perl5.41.14" "-MExtUtils::Command::MM" "-MTest::Harness" "-e" "undef *Test::Harness::Switches; test_harness(0, 'blib/lib', 'blib/arch')" t/*.t t/*/*.t
# You have make command: make
t/00_compile.t .......................... ok
# Failed test 'overwrote test_dynamic'
# at t/default_make_test/with_extra_tests.t line 9.
# undef
# doesn't match '(?^:-MFoo::Bar)'
# Looks like you failed 1 test of 2.
t/default_make_test/with_extra_tests.t ..
Dubious, test returned 1 (wstat 256, 0x100)
Failed 1/2 subtests
t/test_target/alias.t ................... ok
Unescaped left brace in regex is passed through in regex; marked by <-- HERE in m/\$\$ENV{ <-- HERE {q{{FOO}}}} = q{{bar}};/ at t/test_target/env.t line 10.
Unescaped left brace in regex is passed through in regex; marked by <-- HERE in m/\$\$ENV{{ <-- HERE q{{FOO}}}} = q{{bar}};/ at t/test_target/env.t line 10.
Unescaped left brace in regex is passed through in regex; marked by <-- HERE in m/\$\$ENV{{q{ <-- HERE {FOO}}}} = q{{bar}};/ at t/test_target/env.t line 10.
Unescaped left brace in regex is passed through in regex; marked by <-- HERE in m/\$\$ENV{{q{{ <-- HERE FOO}}}} = q{{bar}};/ at t/test_target/env.t line 10.
Unescaped left brace in regex is passed through in regex; marked by <-- HERE in m/\$\$ENV{{q{{FOO}}}} = q{ <-- HERE {bar}};/ at t/test_target/env.t line 10.
Unescaped left brace in regex is passed through in regex; marked by <-- HERE in m/\$\$ENV{{q{{FOO}}}} = q{{ <-- HERE bar}};/ at t/test_target/env.t line 10.
Unescaped left brace in regex is passed through in regex; marked by <-- HERE in m/\$\$ENV{ <-- HERE {q{{BA\\}}R}}}} = q{{ba\\}}z}};/ at t/test_target/env.t line 11.
Unescaped left brace in regex is passed through in regex; marked by <-- HERE in m/\$\$ENV{{ <-- HERE q{{BA\\}}R}}}} = q{{ba\\}}z}};/ at t/test_target/env.t line 11.
Unescaped left brace in regex is passed through in regex; marked by <-- HERE in m/\$\$ENV{{q{ <-- HERE {BA\\}}R}}}} = q{{ba\\}}z}};/ at t/test_target/env.t line 11.
Unescaped left brace in regex is passed through in regex; marked by <-- HERE in m/\$\$ENV{{q{{ <-- HERE BA\\}}R}}}} = q{{ba\\}}z}};/ at t/test_target/env.t line 11.
Unescaped left brace in regex is passed through in regex; marked by <-- HERE in m/\$\$ENV{{q{{BA\\}}R}}}} = q{ <-- HERE {ba\\}}z}};/ at t/test_target/env.t line 11.
Unescaped left brace in regex is passed through in regex; marked by <-- HERE in m/\$\$ENV{{q{{BA\\}}R}}}} = q{{ <-- HERE ba\\}}z}};/ at t/test_target/env.t line 11.
Unescaped left brace in regex is passed through in regex; marked by <-- HERE in m/\$\$ENV{ <-- HERE q{FOO}} = q{bar};/ at t/test_target/env.t line 14.
Unescaped left brace in regex is passed through in regex; marked by <-- HERE in m/\$\$ENV{q{ <-- HERE FOO}} = q{bar};/ at t/test_target/env.t line 14.
Unescaped left brace in regex is passed through in regex; marked by <-- HERE in m/\$\$ENV{q{FOO}} = q{ <-- HERE bar};/ at t/test_target/env.t line 14.
Unescaped left brace in regex is passed through in regex; marked by <-- HERE in m/\$\$ENV{ <-- HERE q{BA\\}R}} = q{ba\\}z};/ at t/test_target/env.t line 15.
Unescaped left brace in regex is passed through in regex; marked by <-- HERE in m/\$\$ENV{q{ <-- HERE BA\\}R}} = q{ba\\}z};/ at t/test_target/env.t line 15.
Unescaped left brace in regex is passed through in regex; marked by <-- HERE in m/\$\$ENV{q{BA\\}R}} = q{ <-- HERE ba\\}z};/ at t/test_target/env.t line 15.
Unescaped left brace in regex is passed through in regex; marked by <-- HERE in m/\\\$\$ENV{ <-- HERE q{FOO}} = q{bar};/ at t/test_target/env.t line 18.
Unescaped left brace in regex is passed through in regex; marked by <-- HERE in m/\\\$\$ENV{q{ <-- HERE FOO}} = q{bar};/ at t/test_target/env.t line 18.
Unescaped left brace in regex is passed through in regex; marked by <-- HERE in m/\\\$\$ENV{q{FOO}} = q{ <-- HERE bar};/ at t/test_target/env.t line 18.
Unescaped left brace in regex is passed through in regex; marked by <-- HERE in m/\\\$\$ENV{ <-- HERE q{BA\\}R}} = q{ba\\}z};/ at t/test_target/env.t line 19.
Unescaped left brace in regex is passed through in regex; marked by <-- HERE in m/\\\$\$ENV{q{ <-- HERE BA\\}R}} = q{ba\\}z};/ at t/test_target/env.t line 19.
Unescaped left brace in regex is passed through in regex; marked by <-- HERE in m/\\\$\$ENV{q{BA\\}R}} = q{ <-- HERE ba\\}z};/ at t/test_target/env.t line 19.
t/test_target/env.t ..................... ok
t/test_target/includes.t ................ ok
Unescaped left brace in regex is passed through in regex; marked by <-- HERE in m/sub { <-- HERE { print scalar localtime }}->\(\); / at t/test_target/insert_on_finalize.t line 11.
Unescaped left brace in regex is passed through in regex; marked by <-- HERE in m/sub {{ <-- HERE print scalar localtime }}->\(\); / at t/test_target/insert_on_finalize.t line 11.
Unescaped left brace in regex is passed through in regex; marked by <-- HERE in m/\$\$ENV{ <-- HERE {__TEST__}} = 1/ at t/test_target/insert_on_finalize.t line 12.
Unescaped left brace in regex is passed through in regex; marked by <-- HERE in m/\$\$ENV{{ <-- HERE __TEST__}} = 1/ at t/test_target/insert_on_finalize.t line 12.
Unescaped left brace in regex is passed through in regex; marked by <-- HERE in m/sub { <-- HERE print scalar localtime }->\(\); / at t/test_target/insert_on_finalize.t line 15.
Unescaped left brace in regex is passed through in regex; marked by <-- HERE in m/\$\$ENV{ <-- HERE __TEST__} = 1/ at t/test_target/insert_on_finalize.t line 16.
Unescaped left brace in regex is passed through in regex; marked by <-- HERE in m/sub { <-- HERE print scalar localtime }->\(\); / at t/test_target/insert_on_finalize.t line 19.
Unescaped left brace in regex is passed through in regex; marked by <-- HERE in m/\\\$\$ENV{ <-- HERE __TEST__} = 1/ at t/test_target/insert_on_finalize.t line 20.
t/test_target/insert_on_finalize.t ...... ok
Unescaped left brace in regex is passed through in regex; marked by <-- HERE in m/sub { <-- HERE { print scalar localtime }}->\(\); / at t/test_target/insert_on_prepare.t line 11.
Unescaped left brace in regex is passed through in regex; marked by <-- HERE in m/sub {{ <-- HERE print scalar localtime }}->\(\); / at t/test_target/insert_on_prepare.t line 11.
Unescaped left brace in regex is passed through in regex; marked by <-- HERE in m/\$\$ENV{ <-- HERE {__TEST__}} = 1/ at t/test_target/insert_on_prepare.t line 12.
Unescaped left brace in regex is passed through in regex; marked by <-- HERE in m/\$\$ENV{{ <-- HERE __TEST__}} = 1/ at t/test_target/insert_on_prepare.t line 12.
Unescaped left brace in regex is passed through in regex; marked by <-- HERE in m/sub { <-- HERE print scalar localtime }->\(\); / at t/test_target/insert_on_prepare.t line 15.
Unescaped left brace in regex is passed through in regex; marked by <-- HERE in m/\$\$ENV{ <-- HERE __TEST__} = 1/ at t/test_target/insert_on_prepare.t line 16.
Unescaped left brace in regex is passed through in regex; marked by <-- HERE in m/sub { <-- HERE print scalar localtime }->\(\); / at t/test_target/insert_on_prepare.t line 19.
Unescaped left brace in regex is passed through in regex; marked by <-- HERE in m/\\\$\$ENV{ <-- HERE __TEST__} = 1/ at t/test_target/insert_on_prepare.t line 20.
t/test_target/insert_on_prepare.t ....... ok
t/test_target/load_modules.t ............ ok
Unescaped left brace in regex is passed through in regex; marked by <-- HERE in m/do { <-- HERE { local \$\$@; do './tool/bar.pl'; die \$\$@ if \$\$@ }};/ at t/test_target/run_on_finalize.t line 10.
Unescaped left brace in regex is passed through in regex; marked by <-- HERE in m/do {{ <-- HERE local \$\$@; do './tool/bar.pl'; die \$\$@ if \$\$@ }};/ at t/test_target/run_on_finalize.t line 10.
Unescaped left brace in regex is passed through in regex; marked by <-- HERE in m/do { <-- HERE local \$\$@; do './tool/bar.pl'; die \$\$@ if \$\$@ };/ at t/test_target/run_on_finalize.t line 13.
Unescaped left brace in regex is passed through in regex; marked by <-- HERE in m/do { <-- HERE local \\\$\$@; do './tool/bar.pl'; die \\\$\$@ if \\\$\$@ };/ at t/test_target/run_on_finalize.t line 16.
t/test_target/run_on_finalize.t ......... ok
Unescaped left brace in regex is passed through in regex; marked by <-- HERE in m/do { <-- HERE { local \$\$@; do './tool/foo.pl'; die \$\$@ if \$\$@ }};/ at t/test_target/run_on_prepare.t line 10.
Unescaped left brace in regex is passed through in regex; marked by <-- HERE in m/do {{ <-- HERE local \$\$@; do './tool/foo.pl'; die \$\$@ if \$\$@ }};/ at t/test_target/run_on_prepare.t line 10.
Unescaped left brace in regex is passed through in regex; marked by <-- HERE in m/do { <-- HERE local \$\$@; do './tool/foo.pl'; die \$\$@ if \$\$@ };/ at t/test_target/run_on_prepare.t line 13.
Unescaped left brace in regex is passed through in regex; marked by <-- HERE in m/do { <-- HERE local \\\$\$@; do './tool/foo.pl'; die \\\$\$@ if \\\$\$@ };/ at t/test_target/run_on_prepare.t line 16.
t/test_target/run_on_prepare.t .......... ok
t/test_target/tests.t ................... ok
Test Summary Report
-------------------
t/default_make_test/with_extra_tests.t (Wstat: 256 (exited 1) Tests: 2 Failed: 1)
Failed test: 2
Non-zero exit status: 1
Files=11, Tests=29, 4 wallclock secs ( 0.04 usr 0.01 sys + 3.47 cusr 0.54 csys = 4.05 CPU)
Result: FAIL
Failed 1/11 test programs. 1/29 subtests failed.
*** Error code 255
Stop.
make: stopped in /home/cpan/.cpan/build/Module-Install-TestTarget-0.19-0
------------------------------
PREREQUISITES
------------------------------
Prerequisite modules loaded:
requires:
Module Need Have
------------------- ---- --------
Module::Install 1.00 1.21
Test::More 0.96 1.302214
Test::Requires 0 0.11
build_requires:
Module Need Have
------------------- ---- --------
ExtUtils::MakeMaker 0 7.76
configure_requires:
Module Need Have
------------------- ---- --------
ExtUtils::MakeMaker 0 7.76
------------------------------
ENVIRONMENT AND OTHER CONTEXT
------------------------------
Environment variables:
AUTOMATED_TESTING = 1
DATE_MANIP_TEST_DM5 = 1
LANG = C.UTF-8
LC_ALL = C
NONINTERACTIVE_TESTING = 1
NO_NETWORK_TESTING = 1
PATH = /home/cpan/bin/perl/bin:/home/cpan/bin:/sbin:/bin:/usr/sbin:/usr/bin:/usr/local/sbin:/usr/local/bin:/home/cpan/bin
PERL5LIB =
PERL5OPT =
PERL5_CPANPLUS_IS_RUNNING = 88114
PERL5_CPAN_IS_RUNNING = 88114
PERL_MM_USE_DEFAULT = 1
PERL_USE_UNSAFE_INC = 1
SHELL = /usr/local/bin/bash
TERM = screen
TMPDIR = /home/cpan/tmp
Perl special variables (and OS-specific diagnostics, for MSWin32):
$^X = /home/cpan/bin/perl/bin/perl5.41.14
$UID/$EUID = 1002 / 1002
$GID = 1002 1002
$EGID = 1002 1002
Perl module toolchain versions installed:
Module Have
------------------- --------
CPAN 2.38
CPAN::Meta 2.150010
Cwd 3.94
ExtUtils::CBuilder 0.280241
ExtUtils::Command 7.76
ExtUtils::Install 2.22
ExtUtils::MakeMaker 7.76
ExtUtils::Manifest 1.75
ExtUtils::ParseXS 3.57
File::Spec 3.94
JSON 4.10
JSON::PP 4.16
Module::Build 0.4234
Module::Signature 0.89
Parse::CPAN::Meta 2.150010
Test2 1.302214
Test::Harness 3.50
Test::More 1.302214
YAML 1.31
YAML::Syck n/a
version 0.9933
--
Summary of my perl5 (revision 5 version 41 subversion 14) configuration:
Commit id: 6fbe2c7e05ae0e078795b74815bcefd10be12c56
Platform:
osname=freebsd
osvers=14.2-release-p1
archname=amd64-freebsd
uname='freebsd cjg-freebsd14 14.2-release-p1 freebsd 14.2-release-p1 generic amd64 '
config_args='-des -Dprefix=/home/cpan/bin/perl -Dscriptdir=/home/cpan/bin/perl/bin -Dusedevel -Duse64bitall'
hint=recommended
useposix=true
d_sigaction=define
useithreads=undef
usemultiplicity=undef
use64bitint=define
use64bitall=define
uselongdouble=undef
usemymalloc=n
default_inc_excludes_dot=define
Compiler:
cc='cc'
ccflags ='-DHAS_FPSETMASK -DHAS_FLOATINGPOINT_H -DNO_POSIX_2008_LOCALE -fno-strict-aliasing -pipe -fstack-protector-strong -I/usr/local/include'
optimize='-O2'
cppflags='-DHAS_FPSETMASK -DHAS_FLOATINGPOINT_H -DNO_POSIX_2008_LOCALE -fno-strict-aliasing -pipe -fstack-protector-strong -I/usr/local/include'
ccversion=''
gccversion='FreeBSD Clang 18.1.6 (https://github.com/llvm/llvm-project.git llvmorg-18.1.6-0-g1118c2e05e67)'
gccosandvers=''
intsize=4
longsize=8
ptrsize=8
doublesize=8
byteorder=12345678
doublekind=3
d_longlong=define
longlongsize=8
d_longdbl=define
longdblsize=16
longdblkind=3
ivtype='long'
ivsize=8
nvtype='double'
nvsize=8
Off_t='off_t'
lseeksize=8
alignbytes=8
prototype=define
Linker and Libraries:
ld='cc'
ldflags ='-Wl,-E -fstack-protector-strong -L/usr/local/lib'
libpth=/usr/lib /usr/local/lib /usr/lib/clang/18/lib
libs=-lpthread -lgdbm -ldl -lm -lcrypt -lutil -lc
perllibs=-lpthread -ldl -lm -lcrypt -lutil -lc
libc=
so=so
useshrplib=false
libperl=libperl.a
gnulibc_version=''
Dynamic Linking:
dlsrc=dl_dlopen.xs
dlext=so
d_dlsymun=undef
ccdlflags=' '
cccdlflags='-DPIC -fPIC'
lddlflags='-shared -L/usr/local/lib -fstack-protector-strong'
Characteristics of this binary (from libperl):
Compile-time options:
HAS_LONG_DOUBLE
HAS_STRTOLD
HAS_TIMES
PERLIO_LAYERS
PERL_COPY_ON_WRITE
PERL_DONT_CREATE_GVSV
PERL_HASH_FUNC_SIPHASH13
PERL_HASH_USE_SBOX32
PERL_MALLOC_WRAP
PERL_OP_PARENT
PERL_PRESERVE_IVUV
PERL_USE_DEVEL
PERL_USE_SAFE_PUTENV
USE_64_BIT_ALL
USE_64_BIT_INT
USE_LARGE_FILES
USE_LOCALE
USE_LOCALE_COLLATE
USE_LOCALE_CTYPE
USE_LOCALE_NUMERIC
USE_LOCALE_TIME
USE_PERLIO
USE_PERL_ATOF
Built under freebsd
Compiled at Jun 8 2025 16:00:13
%ENV:
PERL5LIB=""
PERL5OPT=""
PERL5_CPANPLUS_IS_RUNNING="88114"
PERL5_CPAN_IS_RUNNING="88114"
PERL_MM_USE_DEFAULT="1"
PERL_USE_UNSAFE_INC="1"
@INC:
/home/cpan/bin/perl/lib/site_perl/5.41.14/amd64-freebsd
/home/cpan/bin/perl/lib/site_perl/5.41.14
/home/cpan/bin/perl/lib/5.41.14/amd64-freebsd
/home/cpan/bin/perl/lib/5.41.14
.