Report for File-Serialize-1.0.0

Back
From: metabase:user:320bfe00-2aae-11df-837a-5e0a49663a4f
Subject: FAIL File-Serialize-1.0.0 v5.22.1 GNU/Linux
Date: 2016-02-25T05:09:18Z

This distribution has been tested as part of the CPAN Testers
project, supporting the Perl programming language.  See
http://wiki.cpantesters.org/ for more information or email
questions to cpan-testers-discuss@perl.org


--
Dear Yanick Champoux,

This is a computer-generated report for File-Serialize-1.0.0
on perl 5.22.1, created by CPAN-Reporter-1.2015.

Thank you for uploading your work to CPAN.  However, there was a problem
testing your distribution.

If you think this report is invalid, please consult the CPAN Testers Wiki
for suggestions on how to avoid getting FAIL reports for missing library
or binary dependencies, unsupported operating systems, and so on:

http://wiki.cpantesters.org/wiki/CPANAuthorNotes

Sections of this report:

    * Tester comments
    * Program output
    * Prerequisites
    * Environment and other context

------------------------------
TESTER COMMENTS
------------------------------

Additional comments from tester:

this report is from an automated smoke testing program
and was not reviewed by a human for accuracy

------------------------------
PROGRAM OUTPUT
------------------------------

Output from '/usr/bin/make test':

PERL_DL_NONLAZY=1 "/home/sand/src/perl/repoperls/installed-perls/perl/v5.22.1/109d/bin/perl" "-MExtUtils::Command::MM" "-MTest::Harness" "-e" "undef *Test::Harness::Switches; test_harness(0, 'blib/lib', 'blib/arch')" t/*.t
t/00-compile.t .......... ok
# 
# Versions for all modules listed in MYMETA.json (including optional ones):
# 
# === Configure Requires ===
# 
#     Module              Want    Have
#     ------------------- ---- -------
#     ExtUtils::MakeMaker  any 7.11_04
# 
# === Build Requires ===
# 
#     Module              Want    Have
#     ------------------- ---- -------
#     ExtUtils::MakeMaker  any 7.11_04
# 
# === Test Requires ===
# 
#     Module              Want         Have
#     ------------------- ---- ------------
#     ExtUtils::MakeMaker  any      7.11_04
#     File::Spec           any         3.62
#     IO::Handle           any         1.35
#     IPC::Open3           any         1.18
#     Test::Exception      any         0.43
#     Test::More           any 1.302013_012
#     Test::Requires       any         0.10
#     Test::Warnings       any        0.026
#     utf8                 any         1.17
# 
# === Test Recommends ===
# 
#     Module         Want     Have
#     ---------- -------- --------
#     CPAN::Meta 2.120900 2.150005
# 
# === Runtime Requires ===
# 
#     Module            Want     Have
#     ----------------- ---- --------
#     Class::Load        any     0.23
#     Exporter::Tiny     any    0.042
#     List::AllUtils     any     0.09
#     List::MoreUtils    any    0.413
#     List::Util        1.41 1.42_001
#     Module::Info       any     0.37
#     Module::Pluggable  any      5.2
#     Module::Runtime    any    0.014
#     Moo                any 2.000002
#     Moo::Role          any 2.000002
#     Path::Tiny         any    0.079
#     feature            any     1.40
#     parent             any    0.232
#     strict             any     1.09
#     warnings           any     1.34
# 
# === Runtime Recommends ===
# 
#     Module        Want     Have
#     ------------- ---- --------
#     JSON::MaybeXS  any 1.003005
#     YAML::Tiny     any     1.69
# 
t/00-report-prereqs.t ... ok
Can't call method "file" on an undefined value at /tmp/loop_over_bdir-12586-AQ1B_1/File-Serialize-1.0.0-cI3FkU/blib/lib/File/Serialize/Serializer.pm line 34.
# Looks like your test exited with 2 before it could output anything.
t/add_extension.t ....... 
Dubious, test returned 2 (wstat 512, 0x200)
Failed 3/3 subtests 
    # No tests run!

#   Failed test 'No tests run for subtest "File::Serialize::Serializer::JSON::MaybeXS"'
#   at t/basic.t line 30.
Can't call method "file" on an undefined value at /tmp/loop_over_bdir-12586-AQ1B_1/File-Serialize-1.0.0-cI3FkU/blib/lib/File/Serialize/Serializer.pm line 34.
# Tests were run but no plan was declared and done_testing() was not seen.
# Looks like your test exited with 2 just after 1.
t/basic.t ............... 
Dubious, test returned 2 (wstat 512, 0x200)
Failed 1/1 subtests 
Can't call method "file" on an undefined value at /tmp/loop_over_bdir-12586-AQ1B_1/File-Serialize-1.0.0-cI3FkU/blib/lib/File/Serialize/Serializer.pm line 34.
# Looks like your test exited with 2 before it could output anything.
t/defaults.t ............ 
Dubious, test returned 2 (wstat 512, 0x200)
Failed 3/3 subtests 
Can't call method "file" on an undefined value at /tmp/loop_over_bdir-12586-AQ1B_1/File-Serialize-1.0.0-cI3FkU/blib/lib/File/Serialize/Serializer.pm line 34.
# Looks like your test exited with 2 before it could output anything.
t/json-allow-non-ref.t .. 
Dubious, test returned 2 (wstat 512, 0x200)
Failed 2/2 subtests 
Can't call method "file" on an undefined value at /tmp/loop_over_bdir-12586-AQ1B_1/File-Serialize-1.0.0-cI3FkU/blib/lib/File/Serialize/Serializer.pm line 34.
# Looks like your test exited with 2 before it could output anything.
t/transerialize.t ....... 
Dubious, test returned 2 (wstat 512, 0x200)
Failed 13/13 subtests 
Can't call method "file" on an undefined value at /tmp/loop_over_bdir-12586-AQ1B_1/File-Serialize-1.0.0-cI3FkU/blib/lib/File/Serialize/Serializer.pm line 34.
t/utf8.t ................ 
Dubious, test returned 2 (wstat 512, 0x200)
No subtests run 

Test Summary Report
-------------------
t/add_extension.t     (Wstat: 512 Tests: 0 Failed: 0)
  Non-zero exit status: 2
  Parse errors: Bad plan.  You planned 3 tests but ran 0.
t/basic.t             (Wstat: 512 Tests: 1 Failed: 1)
  Failed test:  1
  Non-zero exit status: 2
  Parse errors: No plan found in TAP output
t/defaults.t          (Wstat: 512 Tests: 0 Failed: 0)
  Non-zero exit status: 2
  Parse errors: Bad plan.  You planned 3 tests but ran 0.
t/json-allow-non-ref.t (Wstat: 512 Tests: 0 Failed: 0)
  Non-zero exit status: 2
  Parse errors: Bad plan.  You planned 2 tests but ran 0.
t/transerialize.t     (Wstat: 512 Tests: 0 Failed: 0)
  Non-zero exit status: 2
  Parse errors: Bad plan.  You planned 13 tests but ran 0.
t/utf8.t              (Wstat: 512 Tests: 0 Failed: 0)
  Non-zero exit status: 2
  Parse errors: No plan found in TAP output
Files=8, Tests=9,  4 wallclock secs ( 0.04 usr  0.06 sys +  1.74 cusr  0.32 csys =  2.16 CPU)
Result: FAIL
Failed 6/8 test programs. 1/9 subtests failed.
Makefile:935: recipe for target 'test_dynamic' failed
make: *** [test_dynamic] Error 2

------------------------------
PREREQUISITES
------------------------------

Prerequisite modules loaded:

requires:

    Module              Need     Have        
    ------------------- -------- ------------
    Class::Load         0        0.23        
    Exporter::Tiny      0        0.042       
    feature             0        1.40        
    List::AllUtils      0        0.09        
    List::MoreUtils     0        0.413       
    List::Util          1.41     1.42_001    
    Module::Info        0        0.37        
    Module::Pluggable   0        5.2         
    Module::Runtime     0        0.014       
    Moo                 0        2.000002    
    Moo::Role           0        2.000002    
    parent              0        0.232       
    Path::Tiny          0        0.079       
    perl                5.016000 5.022001    
    strict              0        1.09        
    warnings            0        1.34        

build_requires:

    Module              Need     Have        
    ------------------- -------- ------------
    ExtUtils::MakeMaker 0        7.11_04     
    File::Spec          0        3.62        
    IO::Handle          0        1.35        
    IPC::Open3          0        1.18        
    Test::Exception     0        0.43        
    Test::More          0        1.302013_012
    Test::Requires      0        0.10        
    Test::Warnings      0        0.026       
    utf8                0        1.17        

configure_requires:

    Module              Need     Have        
    ------------------- -------- ------------
    ExtUtils::MakeMaker 0        7.11_04     


------------------------------
ENVIRONMENT AND OTHER CONTEXT
------------------------------

Environment variables:

    AUTOMATED_TESTING = 1
    LANG = en_US.UTF-8
    LANGUAGE = en_US:en
    PATH = /usr/lib/ccache:/home/sand/bin:/usr/local/bin:/usr/lib/ccache:/usr/bin:/bin:/usr/games:/usr/local/perl/bin:/usr/X11/bin:/sbin:/usr/sbin
    PERL5LIB = 
    PERL5OPT = 
    PERL5_CPANPLUS_IS_RUNNING = 12587
    PERL5_CPAN_IS_RUNNING = 12587
    PERL_MM_USE_DEFAULT = 1
    SHELL = /usr/bin/zsh
    TERM = screen

Perl special variables (and OS-specific diagnostics, for MSWin32):

    $^X = /home/sand/src/perl/repoperls/installed-perls/perl/v5.22.1/109d/bin/perl
    $UID/$EUID = 1005 / 1005
    $GID = 1005 1005
    $EGID = 1005 1005

Perl module toolchain versions installed:

    Module              Have        
    ------------------- ------------
    CPAN                2.11        
    CPAN::Meta          2.150005    
    Cwd                 3.62        
    ExtUtils::CBuilder  0.280224    
    ExtUtils::Command   7.11_04     
    ExtUtils::Install   2.04        
    ExtUtils::MakeMaker 7.11_04     
    ExtUtils::Manifest  1.70        
    ExtUtils::ParseXS   3.28        
    File::Spec          3.62        
    JSON                2.90        
    JSON::PP            2.27300     
    Module::Build       0.4216      
    Module::Signature   0.79        
    Parse::CPAN::Meta   1.4417      
    Test::Harness       3.36        
    Test::More          1.302013_012
    YAML                1.15        
    YAML::Syck          1.29        
    version             0.9914      


--

Summary of my perl5 (revision 5 version 22 subversion 1) configuration:
  Derived from: 0ab152a1d10861997fe3e1b985cc92f142f4cec7
  Platform:
    osname=linux, osvers=4.3.0-1-amd64, archname=x86_64-linux-thread-multi-ld
    uname='linux k83 4.3.0-1-amd64 #1 smp debian 4.3.3-7 (2016-01-19) x86_64 gnulinux '
    config_args='-Dprefix=/home/sand/src/perl/repoperls/installed-perls/perl/v5.22.1/109d -Dmyhostname=k83 -Dinstallusrbinperl=n -Uversiononly -Dusedevel -des -Ui_db -Dlibswanted=cl pthread socket inet nsl gdbm dbm malloc dl ld sun m crypt sec util c cposix posix ucb BSD gdbm_compat -Duseithreads -Duselongdouble -DDEBUGGING=-g'
    hint=recommended, useposix=true, d_sigaction=define
    useithreads=define, usemultiplicity=define
    use64bitint=define, use64bitall=define, uselongdouble=define
    usemymalloc=n, bincompat5005=undef
  Compiler:
    cc='cc', ccflags ='-D_REENTRANT -D_GNU_SOURCE -fwrapv -fno-strict-aliasing -pipe -fstack-protector-strong -I/usr/local/include -D_LARGEFILE_SOURCE -D_FILE_OFFSET_BITS=64',
    optimize='-O2 -g',
    cppflags='-D_REENTRANT -D_GNU_SOURCE -fwrapv -fno-strict-aliasing -pipe -fstack-protector-strong -I/usr/local/include'
    ccversion='', gccversion='5.3.1 20160121', gccosandvers=''
    intsize=4, longsize=8, ptrsize=8, doublesize=8, byteorder=12345678, doublekind=3
    d_longlong=define, longlongsize=8, d_longdbl=define, longdblsize=16, longdblkind=3
    ivtype='long', ivsize=8, nvtype='long double', nvsize=16, Off_t='off_t', lseeksize=8
    alignbytes=16, prototype=define
  Linker and Libraries:
    ld='cc', ldflags =' -fstack-protector-strong -L/usr/local/lib'
    libpth=/usr/local/lib /usr/lib/gcc/x86_64-linux-gnu/5/include-fixed /usr/include/x86_64-linux-gnu /usr/lib /lib/x86_64-linux-gnu /lib/../lib /usr/lib/x86_64-linux-gnu /usr/lib/../lib /lib
    libs=-lpthread -lnsl -lgdbm -ldl -lm -lcrypt -lutil -lc -lgdbm_compat
    perllibs=-lpthread -lnsl -ldl -lm -lcrypt -lutil -lc
    libc=libc-2.21.so, so=so, useshrplib=false, libperl=libperl.a
    gnulibc_version='2.21'
  Dynamic Linking:
    dlsrc=dl_dlopen.xs, dlext=so, d_dlsymun=undef, ccdlflags='-Wl,-E'
    cccdlflags='-fPIC', lddlflags='-shared -O2 -g -L/usr/local/lib -fstack-protector-strong'


Characteristics of this binary (from libperl): 
  Compile-time options: HAS_TIMES MULTIPLICITY PERLIO_LAYERS
                        PERL_DONT_CREATE_GVSV
                        PERL_HASH_FUNC_ONE_AT_A_TIME_HARD
                        PERL_IMPLICIT_CONTEXT PERL_MALLOC_WRAP
                        PERL_NEW_COPY_ON_WRITE PERL_PRESERVE_IVUV
                        PERL_USE_DEVEL USE_64_BIT_ALL USE_64_BIT_INT
                        USE_ITHREADS USE_LARGE_FILES USE_LOCALE
                        USE_LOCALE_COLLATE USE_LOCALE_CTYPE
                        USE_LOCALE_NUMERIC USE_LOCALE_TIME USE_LONG_DOUBLE
                        USE_PERLIO USE_PERL_ATOF USE_REENTRANT_API
  Locally applied patches:
	uncommitted-changes
	Devel::PatchPerl 1.40
  Built under linux
  Compiled at Jan 31 2016 20:33:40
  %ENV:
    PERL5LIB=""
    PERL5OPT=""
    PERL5_CPANPLUS_IS_RUNNING="12587"
    PERL5_CPAN_IS_RUNNING="12587"
    PERL_MM_USE_DEFAULT="1"
  @INC:
    /home/sand/src/perl/repoperls/installed-perls/perl/v5.22.1/109d/lib/site_perl/5.22.1/x86_64-linux-thread-multi-ld
    /home/sand/src/perl/repoperls/installed-perls/perl/v5.22.1/109d/lib/site_perl/5.22.1
    /home/sand/src/perl/repoperls/installed-perls/perl/v5.22.1/109d/lib/5.22.1/x86_64-linux-thread-multi-ld
    /home/sand/src/perl/repoperls/installed-perls/perl/v5.22.1/109d/lib/5.22.1
    .