Mojolicious-Command-generate-lexicont v0.05 Perl 5 v5.27.6 OpenBSD.amd64-openbsd
- Status
- Fail
- From
- Alceu Rodrigues de Freitas Junior
- Dist
-
Mojolicious-Command-generate-lexicont v0.05
- Platform
- Perl 5 v5.27.6 OpenBSD.amd64-openbsd
- Date
- 2017-12-27 19:48:33
- ID
- ec1176b4-eb3e-11e7-9edf-dea9304e736c
This distribution has been tested as part of the CPAN Testers
project, supporting the Perl programming language. See
http://wiki.cpantesters.org/ for more information or email
questions to cpan-testers-discuss@perl.org
--
Dear Tetsuya Tatsumi,
This is a computer-generated report for Mojolicious-Command-generate-lexicont-0.05
on perl 5.27.6, created by CPAN-Reporter-1.2018.
Thank you for uploading your work to CPAN. However, there was a problem
testing your distribution.
If you think this report is invalid, please consult the CPAN Testers Wiki
for suggestions on how to avoid getting FAIL reports for missing library
or binary dependencies, unsupported operating systems, and so on:
http://wiki.cpantesters.org/wiki/CPANAuthorNotes
Sections of this report:
* Tester comments
* Program output
* Prerequisites
* Environment and other context
------------------------------
TESTER COMMENTS
------------------------------
Additional comments from tester:
this report is from an automated smoke testing program
and was not reviewed by a human for accuracy
------------------------------
PROGRAM OUTPUT
------------------------------
Output from './Build test':
t/args_0_1.t ....................... ok
t/args_2.t ......................... ok
t/args_3.t ......................... ok
t/cannot_translate.t ............... ok
t/config_file_read_error.t ......... ok
# Failed test 'ja json key1'
# at t/json_1.t line 30.
Wide character in print at /home/vegeta/perl5/perlbrew/perls/perl-5.27.6/lib/site_perl/5.27.6/Test2/Formatter/TAP.pm line 113.
# got: undef
# expected: 'æÂ¥æÂ¬èªÂ'
# Failed test 'ja json key2'
# at t/json_1.t line 31.
Wide character in print at /home/vegeta/perl5/perlbrew/perls/perl-5.27.6/lib/site_perl/5.27.6/Test2/Formatter/TAP.pm line 113.
# got: 'æÂ¥æÂ¬èªÂ'
# expected: 'è±èªÂ'
# Failed test 'en json key1'
# at t/json_1.t line 37.
# got: undef
# expected: 'Japanese'
# Failed test 'en json key2'
# at t/json_1.t line 38.
# got: 'Japanese'
# expected: 'English'
# Looks like you failed 4 tests of 6.
t/json_1.t .........................
Dubious, test returned 4 (wstat 1024, 0x400)
Failed 4/6 subtests
t/json_2.t ......................... ok
t/json_3.t ......................... ok
t/lingua_translate_create_error.t .. ok
# Failed test 'correct japanese'
# at t/org.t line 30.
Wide character in print at /home/vegeta/perl5/perlbrew/perls/perl-5.27.6/lib/site_perl/5.27.6/Test2/Formatter/TAP.pm line 113.
# Structures begin differing at:
# $got->{key3} = Does not exist
# $expected->{key3} = 'è±èªÂ'
# Looks like you failed 1 test of 18.
t/org.t ............................
Dubious, test returned 1 (wstat 256, 0x100)
Failed 1/18 subtests
t/src_lexicon_notfound.t ........... ok
Test Summary Report
-------------------
t/json_1.t (Wstat: 1024 Tests: 6 Failed: 4)
Failed tests: 3-6
Non-zero exit status: 4
t/org.t (Wstat: 256 Tests: 18 Failed: 1)
Failed test: 4
Non-zero exit status: 1
Files=11, Tests=62, 8 wallclock secs ( 0.08 usr 0.09 sys + 5.03 cusr 1.65 csys = 6.85 CPU)
Result: FAIL
Failed 2/11 test programs. 5/62 subtests failed.
------------------------------
PREREQUISITES
------------------------------
Prerequisite modules loaded:
requires:
Module Need Have
------------------- -------- --------
Config::PL 0 0.02
Encode 0 2.93
Module::Load 0 0.32
Mojo::Base 0 0
perl 5.008005 5.027006
build_requires:
Module Need Have
------------------- -------- --------
JSON 0 2.97001
Mojolicious 0 7.59
Test::Exception 0 0.43
Test::More 0 1.302120
Test::Warn 0 0.32
configure_requires:
Module Need Have
------------------- -------- --------
CPAN::Meta 0 2.150010
CPAN::Meta::Prereqs 0 2.150010
Module::Build 0.38 0.4224
------------------------------
ENVIRONMENT AND OTHER CONTEXT
------------------------------
Environment variables:
AUTOMATED_TESTING = 1
DBD_MYSQL_TESTDB = test
DBD_MYSQL_TESTHOST = localhost
DBD_MYSQL_TESTPASSWORD =
DBD_MYSQL_TESTPORT = 3306
DBD_MYSQL_TESTUSER = vegeta
EXTENDED_TESTING = 1
PATH = /home/vegeta/perl5/perlbrew/bin:/home/vegeta/perl5/perlbrew/perls/perl-5.27.6/bin:/home/vegeta/bin:/usr/bin:/bin:/usr/sbin:/sbin:/usr/X11R6/bin:/usr/local/bin:/usr/local/sbin
PERL5LIB =
PERL5OPT =
PERL5_CPANPLUS_IS_RUNNING = 84713
PERL5_CPAN_IS_RUNNING = 84713
PERL5_CPAN_IS_RUNNING_IN_RECURSION = 78864,84713
PERLBREW_HOME = /home/vegeta/.perlbrew
PERLBREW_MANPATH = /home/vegeta/perl5/perlbrew/perls/perl-5.27.6/man
PERLBREW_PATH = /home/vegeta/perl5/perlbrew/bin:/home/vegeta/perl5/perlbrew/perls/perl-5.27.6/bin
PERLBREW_PERL = perl-5.27.6
PERLBREW_ROOT = /home/vegeta/perl5/perlbrew
PERLBREW_SHELLRC_VERSION = 0.82
PERLBREW_VERSION = 0.82
PERL_CR_SMOKER_CURRENT = Mojolicious-Command-generate-lexicont-0.05
PERL_EXTUTILS_AUTOINSTALL = --defaultdeps
PERL_MM_USE_DEFAULT = 1
PERL_USE_UNSAFE_INC = 1
SHELL = /usr/local/bin/bash
TERM = xterm
Perl special variables (and OS-specific diagnostics, for MSWin32):
$^X = /home/vegeta/perl5/perlbrew/perls/perl-5.27.6/bin/perl5.27.6
$UID/$EUID = 1002 / 1002
$GID = 1002 1002 1001
$EGID = 1002 1002 1001
Perl module toolchain versions installed:
Module Have
------------------- --------
CPAN 2.20
CPAN::Meta 2.150010
Cwd 3.62
ExtUtils::CBuilder 0.280230
ExtUtils::Command 7.31_05
ExtUtils::Install 2.14
ExtUtils::MakeMaker 7.31_05
ExtUtils::Manifest 1.70
ExtUtils::ParseXS 3.35
File::Spec 3.62
JSON 2.97001
JSON::PP 2.97001
Module::Build 0.4224
Module::Signature n/a
Parse::CPAN::Meta 2.150010
Test::Harness 3.39
Test::More 1.302120
YAML 1.24
YAML::Syck n/a
version 0.9918
--
Summary of my perl5 (revision 5 version 27 subversion 6) configuration:
Platform:
osname=openbsd
osvers=6.2
archname=OpenBSD.amd64-openbsd
uname='openbsd cpan-smoker-openbsd 6.2 generic.mp#134 amd64 '
config_args='-de -Dprefix=/home/vegeta/perl5/perlbrew/perls/perl-5.27.6 -Dusedevel -Aeval:scriptdir=/home/vegeta/perl5/perlbrew/perls/perl-5.27.6/bin'
hint=recommended
useposix=true
d_sigaction=define
useithreads=undef
usemultiplicity=undef
use64bitint=define
use64bitall=define
uselongdouble=undef
usemymalloc=n
default_inc_excludes_dot=define
bincompat5005=undef
Compiler:
cc='cc'
ccflags ='-fno-strict-aliasing -pipe -fstack-protector-strong -I/usr/local/include -D_FORTIFY_SOURCE=2'
optimize='-O2'
cppflags='-fno-strict-aliasing -pipe -fstack-protector-strong -I/usr/local/include'
ccversion=''
gccversion='4.2.1 Compatible OpenBSD Clang 4.0.0 (tags/RELEASE_400/final)'
gccosandvers=''
intsize=4
longsize=8
ptrsize=8
doublesize=8
byteorder=12345678
doublekind=3
d_longlong=define
longlongsize=8
d_longdbl=define
longdblsize=16
longdblkind=3
ivtype='long'
ivsize=8
nvtype='double'
nvsize=8
Off_t='off_t'
lseeksize=8
alignbytes=8
prototype=define
Linker and Libraries:
ld='cc'
ldflags ='-Wl,-E -fstack-protector-strong -L/usr/local/lib'
libpth=/usr/lib /usr/local/lib
libs=-lpthread -lm -lutil -lc
perllibs=-lpthread -lm -lutil -lc
libc=/usr/lib/libc.so.90.0
so=so
useshrplib=false
libperl=libperl.a
gnulibc_version=''
Dynamic Linking:
dlsrc=dl_dlopen.xs
dlext=so
d_dlsymun=undef
ccdlflags=' '
cccdlflags='-DPIC -fPIC '
lddlflags='-shared -fPIC -L/usr/local/lib -fstack-protector-strong'
Characteristics of this binary (from libperl):
Compile-time options:
HAS_TIMES
PERLIO_LAYERS
PERL_COPY_ON_WRITE
PERL_DONT_CREATE_GVSV
PERL_MALLOC_WRAP
PERL_OP_PARENT
PERL_PRESERVE_IVUV
PERL_USE_DEVEL
USE_64_BIT_ALL
USE_64_BIT_INT
USE_LARGE_FILES
USE_LOCALE
USE_LOCALE_COLLATE
USE_LOCALE_CTYPE
USE_LOCALE_NUMERIC
USE_LOCALE_TIME
USE_PERLIO
USE_PERL_ATOF
Locally applied patches:
Devel::PatchPerl 1.48
Built under openbsd
Compiled at Dec 20 2017 19:39:07
%ENV:
PERL5LIB=""
PERL5OPT=""
PERL5_CPANPLUS_IS_RUNNING="84713"
PERL5_CPAN_IS_RUNNING="84713"
PERL5_CPAN_IS_RUNNING_IN_RECURSION="78864,84713"
PERLBREW_HOME="/home/vegeta/.perlbrew"
PERLBREW_MANPATH="/home/vegeta/perl5/perlbrew/perls/perl-5.27.6/man"
PERLBREW_PATH="/home/vegeta/perl5/perlbrew/bin:/home/vegeta/perl5/perlbrew/perls/perl-5.27.6/bin"
PERLBREW_PERL="perl-5.27.6"
PERLBREW_ROOT="/home/vegeta/perl5/perlbrew"
PERLBREW_SHELLRC_VERSION="0.82"
PERLBREW_VERSION="0.82"
PERL_CR_SMOKER_CURRENT="Mojolicious-Command-generate-lexicont-0.05"
PERL_EXTUTILS_AUTOINSTALL="--defaultdeps"
PERL_MM_USE_DEFAULT="1"
PERL_USE_UNSAFE_INC="1"
@INC:
/home/vegeta/perl5/perlbrew/perls/perl-5.27.6/lib/site_perl/5.27.6/OpenBSD.amd64-openbsd
/home/vegeta/perl5/perlbrew/perls/perl-5.27.6/lib/site_perl/5.27.6
/home/vegeta/perl5/perlbrew/perls/perl-5.27.6/lib/5.27.6/OpenBSD.amd64-openbsd
/home/vegeta/perl5/perlbrew/perls/perl-5.27.6/lib/5.27.6
.