Back
From: metabase:user:320bfe00-2aae-11df-837a-5e0a49663a4f
Subject: FAIL HTML-TreeBuilderX-ASP_NET-0.09 v5.15.9 GNU/Linux
Date: 2012-05-19T11:15:21Z
This distribution has been tested as part of the CPAN Testers
project, supporting the Perl programming language. See
http://wiki.cpantesters.org/ for more information or email
questions to cpan-testers-discuss@perl.org
--
Dear Evan Carroll,
This is a computer-generated report for HTML-TreeBuilderX-ASP_NET-0.09
on perl 5.15.9, created by CPAN-Reporter-1.2006.
Thank you for uploading your work to CPAN. However, there was a problem
testing your distribution.
If you think this report is invalid, please consult the CPAN Testers Wiki
for suggestions on how to avoid getting FAIL reports for missing library
or binary dependencies, unsupported operating systems, and so on:
http://wiki.cpantesters.org/wiki/CPANAuthorNotes
Sections of this report:
* Tester comments
* Program output
* Prerequisites
* Environment and other context
------------------------------
TESTER COMMENTS
------------------------------
Additional comments from tester:
this report is from an automated smoke testing program
and was not reviewed by a human for accuracy
------------------------------
PROGRAM OUTPUT
------------------------------
Output from '/usr/bin/make test':
PERL_DL_NONLAZY=1 /home/sand/src/perl/repoperls/installed-perls/perl/v5.15.8-234-g789326d/127e/bin/perl "-MExtUtils::Command::MM" "-e" "test_harness(0, 'inc', 'blib/lib', 'blib/arch')" t/00-load.t t/01-bad_const.t t/02-good_const.t t/03-helperFunc.t t/10-traits.t t/boilerplate.t t/pod.t
# Testing HTML::TreeBuilderX::ASP_NET 0.09, Perl 5.015009, /home/sand/src/perl/repoperls/installed-perls/perl/v5.15.8-234-g789326d/127e/bin/perl
t/00-load.t ........ ok
t/01-bad_const.t ... ok
Use of uninitialized value in lc at /home/src/perl/repoperls/installed-perls/perl/v5.15.8-234-g789326d/127e/lib/site_perl/5.15.9/HTTP/Request/Form.pm line 40.
Use of uninitialized value in lc at /home/src/perl/repoperls/installed-perls/perl/v5.15.8-234-g789326d/127e/lib/site_perl/5.15.9/HTTP/Request/Form.pm line 40.
Use of uninitialized value in lc at /home/src/perl/repoperls/installed-perls/perl/v5.15.8-234-g789326d/127e/lib/site_perl/5.15.9/HTTP/Request/Form.pm line 40.
Use of uninitialized value in lc at /home/src/perl/repoperls/installed-perls/perl/v5.15.8-234-g789326d/127e/lib/site_perl/5.15.9/HTTP/Request/Form.pm line 40.
Use of uninitialized value in lc at /home/src/perl/repoperls/installed-perls/perl/v5.15.8-234-g789326d/127e/lib/site_perl/5.15.9/HTTP/Request/Form.pm line 40.
Use of uninitialized value in lc at /home/src/perl/repoperls/installed-perls/perl/v5.15.8-234-g789326d/127e/lib/site_perl/5.15.9/HTTP/Request/Form.pm line 40.
Use of uninitialized value in lc at /home/src/perl/repoperls/installed-perls/perl/v5.15.8-234-g789326d/127e/lib/site_perl/5.15.9/HTTP/Request/Form.pm line 40.
Use of uninitialized value in lc at /home/src/perl/repoperls/installed-perls/perl/v5.15.8-234-g789326d/127e/lib/site_perl/5.15.9/HTTP/Request/Form.pm line 40.
t/02-good_const.t .. ok
t/03-helperFunc.t .. ok
# Failed test 'htmlElement trait construction is good!!'
# at t/10-traits.t line 19.
# Failed test 'Success with use! (failed without the parent form)'
# at t/10-traits.t line 25.
# 'Can't locate object method "meta" via package "HTML::Element" at /tmp/loop_over_bdir-YpM5K8/HTML-TreeBuilderX-ASP_NET-0.09-c1YLSG/blib/lib/HTML/TreeBuilderX/ASP_NET/Roles/htmlElement.pm line 19.
# '
# doesn't match '(?^:<form>)'
Can't locate object method "meta" via package "HTML::Element" at /tmp/loop_over_bdir-YpM5K8/HTML-TreeBuilderX-ASP_NET-0.09-c1YLSG/blib/lib/HTML/TreeBuilderX/ASP_NET/Roles/htmlElement.pm line 19.
# 5 tests planned, but 3 ran.
# 2 tests of 3 failed.
# Looks like your test exited with 255 just after 3.
t/10-traits.t ......
Dubious, test returned 255 (wstat 65280, 0xff00)
Failed 4/5 subtests
t/boilerplate.t .... ok
t/pod.t ............ ok
Test Summary Report
-------------------
t/10-traits.t (Wstat: 65280 Tests: 3 Failed: 2)
Failed tests: 2-3
Non-zero exit status: 255
Parse errors: Bad plan. You planned 5 tests but ran 3.
t/boilerplate.t (Wstat: 0 Tests: 2 Failed: 0)
TODO passed: 1-2
Files=7, Tests=25, 2 wallclock secs ( 0.05 usr 0.01 sys + 1.75 cusr 0.17 csys = 1.98 CPU)
Result: FAIL
Failed 1/7 test programs. 2/25 subtests failed.
make: *** [test_dynamic] Error 255
------------------------------
PREREQUISITES
------------------------------
Prerequisite modules loaded:
requires:
Module Need Have
------------------- ---- ------------
Class::MOP 0 2.0602
ExtUtils::MakeMaker 6.42 6.63_02
HTML::TreeBuilder 0 4.2
HTTP::Request::Form 0 0.952
Moose 0.89 2.0602
MooseX::Traits 0 0.11
MooseX::Types 0.19 0.35
Test::More 0 1.005000_005
build_requires:
Module Need Have
------------------- ---- ------------
ExtUtils::MakeMaker 0 6.63_02
configure_requires:
Module Need Have
------------------- ---- ------------
ExtUtils::MakeMaker 6.42 6.63_02
------------------------------
ENVIRONMENT AND OTHER CONTEXT
------------------------------
Environment variables:
AUTOMATED_TESTING = 1
LANG = en_US.UTF-8
LANGUAGE = en_US:en
PATH = /home/sand/bin:/usr/local/bin:/usr/bin:/bin:/usr/bin/X11:/usr/games:/usr/local/perl/bin:/usr/X11/bin:/sbin:/usr/sbin
PERL5LIB =
PERL5OPT =
PERL5_CPANPLUS_IS_RUNNING = 23474
PERL5_CPAN_IS_RUNNING = 23474
PERL_MM_USE_DEFAULT = 1
SHELL = /usr/bin/zsh
TERM = screen
Perl special variables (and OS-specific diagnostics, for MSWin32):
$^X = /home/sand/src/perl/repoperls/installed-perls/perl/v5.15.8-234-g789326d/127e/bin/perl
$UID/$EUID = 1005 / 1005
$GID = 1005 1005
$EGID = 1005 1005
Perl module toolchain versions installed:
Module Have
------------------- ------------
CPAN 1.9800
CPAN::Meta 2.120921
Cwd 3.39_02
ExtUtils::CBuilder 0.280206
ExtUtils::Command 1.17
ExtUtils::Install 1.58
ExtUtils::MakeMaker 6.63_02
ExtUtils::Manifest 1.61
ExtUtils::ParseXS 3.16
File::Spec 3.39_02
JSON 2.53
JSON::PP 2.27200
Module::Build 0.40
Module::Signature 0.68
Parse::CPAN::Meta 1.4404
Test::Harness 3.23
Test::More 1.005000_005
YAML 0.81
YAML::Syck 1.20
version 0.99
--
Summary of my perl5 (revision 5 version 15 subversion 9) configuration:
Commit id: 789326ddfc9b0148440ce6eb9de74ac655a9dc5d
Platform:
osname=linux, osvers=3.2.0-1-amd64, archname=x86_64-linux-ld
uname='linux k83 3.2.0-1-amd64 #1 smp fri feb 17 05:17:36 utc 2012 x86_64 gnulinux '
config_args='-Dprefix=/home/src/perl/repoperls/installed-perls/perl/v5.15.8-234-g789326d/127e -Dmyhostname=k83 -Dinstallusrbinperl=n -Uversiononly -Dusedevel -des -Ui_db -Uuseithreads -Duselongdouble -DDEBUGGING=-g'
hint=recommended, useposix=true, d_sigaction=define
useithreads=undef, usemultiplicity=undef
useperlio=define, d_sfio=undef, uselargefiles=define, usesocks=undef
use64bitint=define, use64bitall=define, uselongdouble=define
usemymalloc=n, bincompat5005=undef
Compiler:
cc='cc', ccflags ='-fno-strict-aliasing -pipe -fstack-protector -I/usr/local/include -D_LARGEFILE_SOURCE -D_FILE_OFFSET_BITS=64',
optimize='-O2 -g',
cppflags='-fno-strict-aliasing -pipe -fstack-protector -I/usr/local/include'
ccversion='', gccversion='4.6.3', gccosandvers=''
intsize=4, longsize=8, ptrsize=8, doublesize=8, byteorder=12345678
d_longlong=define, longlongsize=8, d_longdbl=define, longdblsize=16
ivtype='long', ivsize=8, nvtype='long double', nvsize=16, Off_t='off_t', lseeksize=8
alignbytes=16, prototype=define
Linker and Libraries:
ld='cc', ldflags =' -fstack-protector -L/usr/local/lib'
libpth=/usr/local/lib /lib/x86_64-linux-gnu /lib/../lib /usr/lib/x86_64-linux-gnu /usr/lib/../lib /lib /usr/lib
libs=-lnsl -ldb -ldl -lm -lcrypt -lutil -lc
perllibs=-lnsl -ldl -lm -lcrypt -lutil -lc
libc=, so=so, useshrplib=false, libperl=libperl.a
gnulibc_version='2.13'
Dynamic Linking:
dlsrc=dl_dlopen.xs, dlext=so, d_dlsymun=undef, ccdlflags='-Wl,-E'
cccdlflags='-fPIC', lddlflags='-shared -O2 -g -L/usr/local/lib -fstack-protector'
Characteristics of this binary (from libperl):
Compile-time options: HAS_TIMES PERLIO_LAYERS PERL_DONT_CREATE_GVSV
PERL_MALLOC_WRAP PERL_PRESERVE_IVUV PERL_USE_DEVEL
USE_64_BIT_ALL USE_64_BIT_INT USE_LARGE_FILES
USE_LOCALE USE_LOCALE_COLLATE USE_LOCALE_CTYPE
USE_LOCALE_NUMERIC USE_LONG_DOUBLE USE_PERLIO
USE_PERL_ATOF
Built under linux
Compiled at Mar 20 2012 15:53:15
%ENV:
PERL5LIB=""
PERL5OPT=""
PERL5_CPANPLUS_IS_RUNNING="23474"
PERL5_CPAN_IS_RUNNING="23474"
PERL_MM_USE_DEFAULT="1"
@INC:
/home/src/perl/repoperls/installed-perls/perl/v5.15.8-234-g789326d/127e/lib/site_perl/5.15.9/x86_64-linux-ld
/home/src/perl/repoperls/installed-perls/perl/v5.15.8-234-g789326d/127e/lib/site_perl/5.15.9
/home/src/perl/repoperls/installed-perls/perl/v5.15.8-234-g789326d/127e/lib/5.15.9/x86_64-linux-ld
/home/src/perl/repoperls/installed-perls/perl/v5.15.8-234-g789326d/127e/lib/5.15.9
.