Report for Geo-Google-PolylineEncoder-0.06

Back
From: metabase:user:320bfe00-2aae-11df-837a-5e0a49663a4f
Subject: FAIL Geo-Google-PolylineEncoder-0.06 v5.16.3 GNU/Linux
Date: 2013-09-11T22:02:59Z

This distribution has been tested as part of the CPAN Testers
project, supporting the Perl programming language.  See
http://wiki.cpantesters.org/ for more information or email
questions to cpan-testers-discuss@perl.org


--
Dear Robert Rothenberg,

This is a computer-generated report for Geo-Google-PolylineEncoder-0.06
on perl 5.16.3, created by CPAN-Reporter-1.2010.

Thank you for uploading your work to CPAN.  However, there was a problem
testing your distribution.

If you think this report is invalid, please consult the CPAN Testers Wiki
for suggestions on how to avoid getting FAIL reports for missing library
or binary dependencies, unsupported operating systems, and so on:

http://wiki.cpantesters.org/wiki/CPANAuthorNotes

Sections of this report:

    * Tester comments
    * Program output
    * Prerequisites
    * Environment and other context

------------------------------
TESTER COMMENTS
------------------------------

Additional comments from tester:

this report is from an automated smoke testing program
and was not reviewed by a human for accuracy

------------------------------
PROGRAM OUTPUT
------------------------------

Output from './Build test':


#   Failed test 'encode_signed_number: 53.926935'
#   at t/01_basic.t line 32.
#          got: 'irchI'
#     expected: 'krchI'

#   Failed test 'ex2 points'
#   at t/01_basic.t line 130.
#          got: 'irchIwzo}@EqKa@}KaAuKwByOgFw\mD}SsCgO{Je`@_BsJ'
#     expected: 'krchIwzo}@CqKa@}KaAwKwBwOgFw\mD}SsCgO{Je`@_BqJ'

#   Failed test 'ex2 all points'
#   at t/01_basic.t line 157.
#          got: 'irchIwzo}@EqKa@}KaAuKwByOyAuJmCaQmD}SsCgOgDuMsEoQ_BsJ'
#     expected: 'krchIwzo}@CqKa@}KaAwKwBwOyAuJmCaQmD}SsCgOgDuMsEoQ_BqJ'
# Looks like you failed 3 tests of 108.
t/01_basic.t ......... 
Dubious, test returned 3 (wstat 768, 0x300)
Failed 3/108 subtests 
	(less 68 skipped subtests: 37 okay)
t/encoding_bugs.t .... ok

#   Failed test 'ex4 levels'
#   at t/mt_mitchell_csv.t line 41.
#          got: 'P@B@D??@@?D?CA?B?CA?G@B@@B??@???A??@AA?B??AH@???@B@A@BAG?A?A@@??D@BAB@EACBBDC@AB@G@A??C@@D???A@BI@@@C?A?@C@B@B?AG?@@C?C@C???@@?D@B???GBCC?BGABE???FCBAEBB??B?G?@DBC@?D?@DGBBBBCBGDDDCGBFDBDBDCIBCFCCDBFDAHBDFCFEBCEBBIBDCBGCEECCEDFBCEEBECFBCBHCFACDBFCCBHDEBFCCBGBEBCDBEBFBDBGDBFBBECDCIBFBCCFBBEBHBDECCECFCEBJCDCGDBECGDCFCBBECGBECBCFCBHCECCFCCEBEDCGCBFCDBFCIDBCFBDBFBBFDCFBDBBEGDBDFCCJBDBBEE@CHBDBDDCFBECJBCDFBDEFCBFCCHBDBCFCCECCFCDBDCCFBBDBGCBCCBECBGCDCCHBEBEBECCGDECKBCGBBDECBBECBFBCFBBCCFACCGBDDBGBCBFCDAGBBEFBCDBFCBDBGBDCBDCJBEBBDCECHCDDCGCEBCDGBCBDDBFCBDBFCFEBBFBACGEBHCBCFBCBECECECDBP'
#     expected: 'P@B@D??@@?D?CA?B?CA?G@B@@B??@???A??@AA?B??AH@???@B@A@BAG?A?A@@??D@BAB@EACBBDC@AB@G@A??C@@D???A@BI@@@C?A?@C@B@B?AG?@@C?C@C???@?@D@B???GBCC?BGABE???FCAAEBB??B?G?@DBC@?D?@DGBBBBCBGDDDCGBFDBDBDCIBCFCCDBFDAHBDFCFEBCEBBIBDCBGCEECCEDFBCEEBECFBCBHCFACDBFCCBHDEBFCCBGBFBCDBEBEBDBGDBFBBECDCIBFBCCFBBEBHBDECCECFCEBJCDCGDBECGDCFCBBECGBECBCFCBHCECCFCCEBEDCGCBFCDBFCIDBCFBDBFBBFDCFBDBBEGDBDFCCJBDBBEE@CHBDBDDCFBECJBCDFBDEFCBFCCHBDBCFCCECCFCDBDCCFBBDBGCBCCBECBGCDCCHBEBEBECCGDECKBCGBBDECBBECBFBCFBBCCFACCGBDDBGBCBFCDAGBBEFBCDBFCBDBGBDCBDCJBEBBDCECHCDDCGCEBCDGBCBDDBFCBDBFCFEBBFBACGEBHCBCFBCBECECECDBP'

#   Failed test 'ex5 levels'
#   at t/mt_mitchell_csv.t line 81.
#          got: 'G?@@???A??B??A@??@???@??A?@?B????A???@?A????A?@A??@???A@??@@A??????A@@@?A?A@?@?@?B??A??@?A@B?@A?A@??@??B?@??A?@@??@@A??@@?@?A???B?A?@?A???B@@?A???A?@??@?@?A?@?A@?A??@?@?B?A???A??@?B?@@??@?A?@?C?@?A@?@?A@?A???@?A?@???A??B?@??A??@?@@?A??A?@?A?B@??A?@?A??A@?A?@??@A@?@A??C?@??@@?B?@?@@?A?@?C??@A?@@A??A??B?@??A??@??A?@?@??A??@?A?????@??A?@??B?@?@?@??A@@?C??A??@@???@??A??A????A??A?@@?A???A?@A??@A??@?A??@?A?@??@?C?@??@?@?B?@@?A?@??@A???@@?A??@?A?A@??A??A@?B???A???@?@?@?@?G'
#     expected: 'G?@@???A??B??A@??@???@??A?@?B????A???@?A????A?@A?@???A@??@@A??????A@@@?A?A@?@?@?B??A??@?A@B?@A?A@??@??B?@??A?@@??@@A??@@?@?A???B?A?@?A???B@@?A???A?A??@?@?@?@?A@?A??@?@?B?A???A??@?B?@@??@?A?@?C?@?A@?@?A@?A???@?A?@???A??B?@??A??@?@@?A??A?@?A?B@??A?@?A??A@?A?@??@A@?@A??C?@??@@?B?@?@@?A?@?C??@A?@@A??A??B?@??A??@??A?@?@??A??@?A?????@??A?@??B?@?@?@??A@@?C??A??@@???@??A??A????A??A?@@?A???A?@A??@A??@?A??@?A?@??@?C?@??@?@?B?@@?A?@??@A???@@?A??@?A?A@??A??A@?B???A???@?@?@?@?G'

#   Failed test 'decode: num points == expected num points'
#   at t/mt_mitchell_csv.t line 91.
#          got: '470'
#     expected: '469'
# Looks like you failed 3 tests of 3178.
t/mt_mitchell_csv.t .. 
Dubious, test returned 3 (wstat 768, 0x300)
Failed 3/3178 subtests 
	(less 3165 skipped subtests: 10 okay)
t/small_gpx_file.t ... skipped: Geo::Gpx not available

Test Summary Report
-------------------
t/01_basic.t       (Wstat: 768 Tests: 108 Failed: 3)
  Failed tests:  6, 29, 55
  Non-zero exit status: 3
t/mt_mitchell_csv.t (Wstat: 768 Tests: 3178 Failed: 3)
  Failed tests:  4, 1765, 1768
  Non-zero exit status: 3
Files=4, Tests=3626,  1 wallclock secs ( 0.27 usr  0.01 sys +  0.36 cusr  0.02 csys =  0.66 CPU)
Result: FAIL
Failed 2/4 test programs. 6/3626 subtests failed.

------------------------------
PREREQUISITES
------------------------------

Prerequisite modules loaded:

requires:

    Module        Need   Have    
    ------------- ------ --------
    accessors     0.02   1.01    
    perl          v5.6.0 5.016003

build_requires:

    Module        Need   Have    
    ------------- ------ --------
    IO::File      0.01   1.16    
    Module::Build 0.20   0.4007  
    Test::More    0.01   0.98    

configure_requires:

    Module        Need   Have    
    ------------- ------ --------
    Module::Build 0.40   0.4007  


------------------------------
ENVIRONMENT AND OTHER CONTEXT
------------------------------

Environment variables:

    AUTOMATED_TESTING = 1
    LANG = en_US.UTF-8
    LANGUAGE = en_US:en
    PATH = /usr/lib/ccache:/home/sand/bin:/usr/local/bin:/usr/bin:/bin:/usr/bin/X11:/usr/games:/usr/local/perl/bin:/usr/X11/bin:/sbin:/usr/sbin
    PERL5LIB = 
    PERL5OPT = 
    PERL5_CPANPLUS_IS_RUNNING = 22754
    PERL5_CPAN_IS_RUNNING = 22754
    PERL_MM_USE_DEFAULT = 1
    SHELL = /usr/bin/zsh
    TERM = screen

Perl special variables (and OS-specific diagnostics, for MSWin32):

    $^X = /home/sand/src/perl/repoperls/installed-perls/perl/v5.16.3/a2da/bin/perl
    $UID/$EUID = 1005 / 1005
    $GID = 1005 1005
    $EGID = 1005 1005

Perl module toolchain versions installed:

    Module              Have    
    ------------------- --------
    CPAN                2.00    
    CPAN::Meta          2.132140
    Cwd                 3.40    
    ExtUtils::CBuilder  0.280210
    ExtUtils::Command   1.17    
    ExtUtils::Install   1.58    
    ExtUtils::MakeMaker 6.76    
    ExtUtils::Manifest  1.63    
    ExtUtils::ParseXS   3.16    
    File::Spec          3.40    
    JSON                2.59    
    JSON::PP            2.27202 
    Module::Build       0.4007  
    Module::Signature   0.73    
    Parse::CPAN::Meta   1.4406  
    Test::Harness       3.28    
    Test::More          0.98    
    YAML                0.84    
    YAML::Syck          1.27    
    version             0.9904  


--

Summary of my perl5 (revision 5 version 16 subversion 3) configuration:
  Commit id: fd04d42d38f4751b981eb6e9213ee1ab8ef11ea6
  Platform:
    osname=linux, osvers=3.10-2-amd64, archname=x86_64-linux-thread-multi-ld
    uname='linux k83 3.10-2-amd64 #1 smp debian 3.10.7-1 (2013-08-17) x86_64 gnulinux '
    config_args='-Dprefix=/home/sand/src/perl/repoperls/installed-perls/perl/v5.16.3/a2da -Dmyhostname=k83 -Dinstallusrbinperl=n -Uversiononly -Dusedevel -des -Ui_db -Duseithreads -Duselongdouble -DDEBUGGING=-g'
    hint=recommended, useposix=true, d_sigaction=define
    useithreads=define, usemultiplicity=define
    useperlio=define, d_sfio=undef, uselargefiles=define, usesocks=undef
    use64bitint=define, use64bitall=define, uselongdouble=define
    usemymalloc=n, bincompat5005=undef
  Compiler:
    cc='cc', ccflags ='-D_REENTRANT -D_GNU_SOURCE -fno-strict-aliasing -pipe -fstack-protector -I/usr/local/include -D_LARGEFILE_SOURCE -D_FILE_OFFSET_BITS=64',
    optimize='-O2 -g',
    cppflags='-D_REENTRANT -D_GNU_SOURCE -fno-strict-aliasing -pipe -fstack-protector -I/usr/local/include'
    ccversion='', gccversion='4.8.1', gccosandvers=''
    intsize=4, longsize=8, ptrsize=8, doublesize=8, byteorder=12345678
    d_longlong=define, longlongsize=8, d_longdbl=define, longdblsize=16
    ivtype='long', ivsize=8, nvtype='long double', nvsize=16, Off_t='off_t', lseeksize=8
    alignbytes=16, prototype=define
  Linker and Libraries:
    ld='cc', ldflags =' -fstack-protector -L/usr/local/lib'
    libpth=/usr/local/lib /lib/x86_64-linux-gnu /lib/../lib /usr/lib/x86_64-linux-gnu /usr/lib/../lib /lib /usr/lib
    libs=-lnsl -lgdbm -ldb -ldl -lm -lcrypt -lutil -lpthread -lc -lgdbm_compat
    perllibs=-lnsl -ldl -lm -lcrypt -lutil -lpthread -lc
    libc=, so=so, useshrplib=false, libperl=libperl.a
    gnulibc_version='2.17'
  Dynamic Linking:
    dlsrc=dl_dlopen.xs, dlext=so, d_dlsymun=undef, ccdlflags='-Wl,-E'
    cccdlflags='-fPIC', lddlflags='-shared -O2 -g -L/usr/local/lib -fstack-protector'


Characteristics of this binary (from libperl): 
  Compile-time options: HAS_TIMES MULTIPLICITY PERLIO_LAYERS
                        PERL_DONT_CREATE_GVSV PERL_IMPLICIT_CONTEXT
                        PERL_MALLOC_WRAP PERL_PRESERVE_IVUV PERL_USE_DEVEL
                        USE_64_BIT_ALL USE_64_BIT_INT USE_ITHREADS
                        USE_LARGE_FILES USE_LOCALE USE_LOCALE_COLLATE
                        USE_LOCALE_CTYPE USE_LOCALE_NUMERIC USE_LONG_DOUBLE
                        USE_PERLIO USE_PERL_ATOF USE_REENTRANT_API
  Built under linux
  Compiled at Sep  3 2013 06:00:22
  %ENV:
    PERL5LIB=""
    PERL5OPT=""
    PERL5_CPANPLUS_IS_RUNNING="22754"
    PERL5_CPAN_IS_RUNNING="22754"
    PERL_MM_USE_DEFAULT="1"
  @INC:
    /home/sand/src/perl/repoperls/installed-perls/perl/v5.16.3/a2da/lib/site_perl/5.16.3/x86_64-linux-thread-multi-ld
    /home/sand/src/perl/repoperls/installed-perls/perl/v5.16.3/a2da/lib/site_perl/5.16.3
    /home/sand/src/perl/repoperls/installed-perls/perl/v5.16.3/a2da/lib/5.16.3/x86_64-linux-thread-multi-ld
    /home/sand/src/perl/repoperls/installed-perls/perl/v5.16.3/a2da/lib/5.16.3
    .