XML-LibXML-SAX-ChunkParser v0.00008 Perl 5 v5.18.4 amd64-freebsd

Status
Fail
From
Slaven Rezić (SREZIC)
Dist
XML-LibXML-SAX-ChunkParser v0.00008
Platform
Perl 5 v5.18.4 amd64-freebsd
Date
2017-12-13 19:22:13
ID
ec48862c-e03a-11e7-bcc3-c53e19cb68e6
This distribution has been tested as part of the CPAN Testers
project, supporting the Perl programming language.  See
http://wiki.cpantesters.org/ for more information or email
questions to cpan-testers-discuss@perl.org


--
Dear Daisuke Maki,

This is a computer-generated report for XML-LibXML-SAX-ChunkParser-0.00008
on perl 5.18.4, created by CPAN-Reporter-1.2018.

Thank you for uploading your work to CPAN.  However, there was a problem
testing your distribution.

If you think this report is invalid, please consult the CPAN Testers Wiki
for suggestions on how to avoid getting FAIL reports for missing library
or binary dependencies, unsupported operating systems, and so on:

http://wiki.cpantesters.org/wiki/CPANAuthorNotes

Sections of this report:

    * Tester comments
    * Program output
    * Prerequisites
    * Environment and other context

------------------------------
TESTER COMMENTS
------------------------------

Additional comments from tester:

none provided

------------------------------
PROGRAM OUTPUT
------------------------------

Output from './Build test':

t/00_compile.t .. ok
# parsing chunk '<?xml v'
# parsing chunk 'ersion="1.0"?>'

#   Failed test 'event should be start_document'
#   at t/01_basic.t line 104.
#          got: 'set_document_locator'
#     expected: 'start_document'

#   Failed test 'event should be xml_decl'
#   at t/01_basic.t line 104.
#          got: 'start_document'
#     expected: 'xml_decl'

#   Failed test at t/01_basic.t line 105.
#     Structures begin differing at:
#          $got->{Version} = Does not exist
#     $expected->{Version} = '1.0'

#   Failed test 'event should be start_prefix_mapping'
#   at t/01_basic.t line 104.
#          got: 'xml_decl'
#     expected: 'start_prefix_mapping'

#   Failed test at t/01_basic.t line 105.
#     Structures begin differing at:
#          $got->{NamespaceURI} = Does not exist
#     $expected->{NamespaceURI} = 'http://foobar.com'
# parsing chunk '<foo xml'
# parsing chunk 'ns="http://foobar.com">'

#   Failed test 'event should be start_element'
#   at t/01_basic.t line 104.
#          got: 'start_prefix_mapping'
#     expected: 'start_element'

#   Failed test at t/01_basic.t line 105.
#     Structures begin differing at:
#          $got->{Attributes} = Does not exist
#     $expected->{Attributes} = HASH(0x42e646f0)

#   Failed test at t/01_basic.t line 105.
#     Structures begin differing at:
#          $got->{Name} = 'foo'
#     $expected->{Name} = 'bar'
# parsing chunk '<'
# parsing chunk 'bar x="1"'
# parsing chunk '>'

#   Failed test at t/01_basic.t line 105.
#     Structures begin differing at:
#          $got->{Attributes}{{}x} = HASH(0x443c4060)
#     $expected->{Attributes}{{}x} = Does not exist
# parsing chunk '<baz>whoopla</b'

#   Failed test 'event should be characters'
#   at t/01_basic.t line 104.
#          got: 'start_element'
#     expected: 'characters'

#   Failed test at t/01_basic.t line 105.
#     Structures begin differing at:
#          $got->{LocalName} = 'baz'
#     $expected->{LocalName} = Does not exist

#   Failed test 'event should be end_element'
#   at t/01_basic.t line 104.
#          got: 'characters'
#     expected: 'end_element'

#   Failed test at t/01_basic.t line 105.
#     Structures begin differing at:
#          $got->{NamespaceURI} = Does not exist
#     $expected->{NamespaceURI} = 'http://foobar.com'
# parsing chunk 'az>'

#   Failed test at t/01_basic.t line 105.
#     Structures begin differing at:
#          $got->{LocalName} = 'baz'
#     $expected->{LocalName} = 'bar'
# parsing chunk '<'
# parsing chunk '/'
# parsing chunk 'bar>'

#   Failed test at t/01_basic.t line 105.
#     Structures begin differing at:
#          $got->{Name} = 'bar'
#     $expected->{Name} = 'foo'
# parsing chunk '</foo>'

#   Failed test 'event should be end_prefix_mapping'
#   at t/01_basic.t line 104.
#          got: 'end_element'
#     expected: 'end_prefix_mapping'

#   Failed test at t/01_basic.t line 105.
#     Structures begin differing at:
#          $got->{Name} = 'foo'
#     $expected->{Name} = Does not exist

#   Failed test 'event should be '
#   at t/01_basic.t line 104.
#          got: 'end_prefix_mapping'
#     expected: undef

#   Failed test at t/01_basic.t line 105.
#     Structures begin differing at:
#          $got->{NamespaceURI} = 'http://foobar.com'
#     $expected->{NamespaceURI} = Does not exist
# Looks like you planned 23 tests but ran 25.
# Looks like you failed 19 tests of 25 run.
t/01_basic.t .... 
Dubious, test returned 19 (wstat 4864, 0x1300)
Failed 17/23 subtests 
t/rt94173.t ..... ok

Test Summary Report
-------------------
t/01_basic.t  (Wstat: 4864 Tests: 25 Failed: 19)
  Failed tests:  2, 4-9, 11, 13-17, 19, 21-25
  Non-zero exit status: 19
  Parse errors: Bad plan.  You planned 23 tests but ran 25.
Files=3, Tests=29,  0 wallclock secs ( 0.02 usr  0.01 sys +  0.31 cusr  0.10 csys =  0.45 CPU)
Result: FAIL
Failed 1/3 test programs. 19/29 subtests failed.

------------------------------
PREREQUISITES
------------------------------

Prerequisite modules loaded:

requires:

    Module              Need Have    
    ------------------- ---- --------
    XML::LibXML         1.66 2.0132  
    XML::SAX            0    0.99    

build_requires:

    Module              Need Have    
    ------------------- ---- --------
    ExtUtils::CBuilder  0    0.280230
    ExtUtils::MakeMaker 6.36 7.30    
    Test::Fatal         0    0.014   
    Test::More          0    1.302106

configure_requires:

    Module              Need Have    
    ------------------- ---- --------
    CPAN::Meta          0    2.150010
    CPAN::Meta::Prereqs 0    2.150010
    Module::Build       0.38 0.4224  


------------------------------
ENVIRONMENT AND OTHER CONTEXT
------------------------------

Environment variables:

    PATH = /usr/local/bin:/usr/bin:/bin:/usr/local/sbin:/usr/sbin:/sbin:/home/cpansand/bin/freebsd12.0:/home/cpansand/bin/sh:/home/cpansand/bin:/usr/games:/home/cpansand/devel:/home/eserte/src/srezic-misc/scripts
    PERL5LIB = 
    PERL5OPT = 
    PERL5_CPANPLUS_IS_RUNNING = 34864
    PERL5_CPAN_IS_RUNNING = 34864
    PERL5_CPAN_IS_RUNNING_IN_RECURSION = 30639,34864
    PERLDOC = -MPod::Perldoc::ToTextOverstrike
    PERL_BATCH = yes
    PERL_CANARY_STABILITY_NOPROMPT = 1
    PERL_CPAN_REPORTER_CONFIG = /var/tmp/cpansmoker-1023/2017121400/cpanreporter_000_config.ini
    PERL_EXTUTILS_AUTOINSTALL = --defaultdeps
    SHELL = /usr/local/bin/zsh
    TERM = screen
    TMPDIR = /var/tmp/cpansmoker-1023/2017121400

Perl special variables (and OS-specific diagnostics, for MSWin32):

    $^X = /usr/perl5.18.4p/bin/perl
    $UID/$EUID = 1023 / 1023
    $GID = 1023 1023
    $EGID = 1023 1023

Perl module toolchain versions installed:

    Module              Have    
    ------------------- --------
    CPAN                2.00    
    CPAN::Meta          2.150010
    Cwd                 3.40    
    ExtUtils::CBuilder  0.280230
    ExtUtils::Command   7.30    
    ExtUtils::Install   2.06    
    ExtUtils::MakeMaker 7.30    
    ExtUtils::Manifest  1.70    
    ExtUtils::ParseXS   3.35    
    File::Spec          3.40    
    JSON                2.94    
    JSON::PP            2.94    
    Module::Build       0.4224  
    Module::Signature   0.81    
    Parse::CPAN::Meta   2.150010
    Test::Harness       3.39    
    Test::More          1.302106
    YAML                1.24    
    YAML::Syck          1.30    
    version             0.9918  


--

Summary of my perl5 (revision 5 version 18 subversion 4) configuration:
   
  Platform:
    osname=freebsd, osvers=12.0-current, archname=amd64-freebsd
    uname='freebsd ali1.bbbike.org 12.0-current freebsd 12.0-current #0 bd8385a990e(master)-dirty: fri nov 17 03:13:11 utc 2017 root@ali1.bbbike.org:usrobjhomeprojectsfreebsdamd64.amd64sysgeneric-nodebug amd64 '
    config_args='-ds -e -Dprefix=/usr/perl5.18.4p -Dcf_email=srezic@cpan.org -Doptimize=-O2 -pipe'
    hint=recommended, useposix=true, d_sigaction=define
    useithreads=undef, usemultiplicity=undef
    useperlio=define, d_sfio=undef, uselargefiles=define, usesocks=undef
    use64bitint=define, use64bitall=define, uselongdouble=undef
    usemymalloc=n, bincompat5005=undef
  Compiler:
    cc='cc', ccflags ='-DHAS_FPSETMASK -DHAS_FLOATINGPOINT_H -fno-strict-aliasing -pipe -fstack-protector -I/usr/local/include',
    optimize='-O2 -pipe',
    cppflags='-DHAS_FPSETMASK -DHAS_FLOATINGPOINT_H -fno-strict-aliasing -pipe -fstack-protector -I/usr/local/include'
    ccversion='', gccversion='4.2.1 Compatible FreeBSD Clang 5.0.0 (tags/RELEASE_500/final 312559)', gccosandvers=''
    intsize=4, longsize=8, ptrsize=8, doublesize=8, byteorder=12345678
    d_longlong=define, longlongsize=8, d_longdbl=define, longdblsize=16
    ivtype='long', ivsize=8, nvtype='double', nvsize=8, Off_t='off_t', lseeksize=8
    alignbytes=8, prototype=define
  Linker and Libraries:
    ld='cc', ldflags ='-pthread -Wl,-E  -fstack-protector -L/usr/local/lib'
    libpth=/usr/lib /usr/local/lib
    libs=-lgdbm -lm -lcrypt -lutil -lc
    perllibs=-lm -lcrypt -lutil -lc
    libc=, so=so, useshrplib=false, libperl=libperl.a
    gnulibc_version=''
  Dynamic Linking:
    dlsrc=dl_dlopen.xs, dlext=so, d_dlsymun=undef, ccdlflags=' '
    cccdlflags='-DPIC -fPIC', lddlflags='-shared  -L/usr/local/lib -fstack-protector'


Characteristics of this binary (from libperl): 
  Compile-time options: HAS_TIMES PERLIO_LAYERS PERL_DONT_CREATE_GVSV
                        PERL_HASH_FUNC_ONE_AT_A_TIME_HARD PERL_MALLOC_WRAP
                        PERL_PRESERVE_IVUV PERL_SAWAMPERSAND USE_64_BIT_ALL
                        USE_64_BIT_INT USE_LARGE_FILES USE_LOCALE
                        USE_LOCALE_COLLATE USE_LOCALE_CTYPE
                        USE_LOCALE_NUMERIC USE_PERLIO USE_PERL_ATOF
  Built under freebsd
  Compiled at Nov 17 2017 06:44:20
  %ENV:
    PERL5LIB=""
    PERL5OPT=""
    PERL5_CPANPLUS_IS_RUNNING="34864"
    PERL5_CPAN_IS_RUNNING="34864"
    PERL5_CPAN_IS_RUNNING_IN_RECURSION="30639,34864"
    PERLDOC="-MPod::Perldoc::ToTextOverstrike"
    PERL_BATCH="yes"
    PERL_CANARY_STABILITY_NOPROMPT="1"
    PERL_CPAN_REPORTER_CONFIG="/var/tmp/cpansmoker-1023/2017121400/cpanreporter_000_config.ini"
    PERL_EXTUTILS_AUTOINSTALL="--defaultdeps"
  @INC:
    /usr/perl5.18.4p/lib/site_perl/5.18.4/amd64-freebsd
    /usr/perl5.18.4p/lib/site_perl/5.18.4
    /usr/perl5.18.4p/lib/5.18.4/amd64-freebsd
    /usr/perl5.18.4p/lib/5.18.4
    .