KinoSearch v0.30_101 Perl 5 v5.12.1 i686-linux-thread-multi-64int-ld

Status
Fail
From
Graham Crookham (GRAHAMC)
Dist
KinoSearch v0.30_101
Platform
Perl 5 v5.12.1 i686-linux-thread-multi-64int-ld
Date
2010-08-14 20:31:31
ID
ec5f18bc-a7e2-11df-aeb8-d1102da52c9b
This distribution has been tested as part of the CPAN Testers
project, supporting the Perl programming language.  See
http://wiki.cpantesters.org/ for more information or email
questions to cpan-testers-discuss@perl.org


--
Dear Peter Karman,

This is a computer-generated report for KinoSearch-0.30_101
on perl 5.12.1, created by CPAN-Reporter-1.18.

Thank you for uploading your work to CPAN.  However, there was a problem
testing your distribution.

If you think this report is invalid, please consult the CPAN Testers Wiki
for suggestions on how to avoid getting FAIL reports for missing library
or binary dependencies, unsupported operating systems, and so on:

http://wiki.cpantesters.org/wiki/CPANAuthorNotes

Sections of this report:

    * Tester comments
    * Program output
    * Prerequisites
    * Environment and other context

------------------------------
TESTER COMMENTS
------------------------------

Additional comments from tester:

this report is from an automated smoke testing program
and was not reviewed by a human for accuracy

------------------------------
PROGRAM OUTPUT
------------------------------

Output from './Build test':

t/001-build_indexes.t ................ ok
t/002-kinosearch.t ................... ok
t/015-sort_external.t ................ ok
t/018-host.t ......................... ok
t/021-vtable.t ....................... ok
t/023-stepper.t ...................... ok
t/025-debug.t ........................ skipped: DEBUG not enabled
t/026-serialization.t ................ ok
t/028-sortexrun.t .................... skipped: Disabled until test ported to C
t/050-ramfile.t ...................... ok
t/051-fsfile.t ....................... ok
t/102-strings_io.t ................... ok
t/105-folder.t ....................... ok
t/106-locking.t ...................... ok
t/109-read_locking.t ................. ok
t/110-shared_lock.t .................. ok
t/111-index_manager.t ................ ok
t/150-polyanalyzer.t ................. ok
t/151-analyzer.t ..................... ok
t/152-inversion.t .................... ok
t/153-case_folder.t .................. ok
t/154-tokenizer.t .................... ok
t/155-stopalizer.t ................... ok
t/156-stemmer.t ...................... ok
t/200-doc.t .......................... ok
t/201-hit_doc.t ...................... ok
t/204-doc_reader.t ................... ok
t/205-seg_reader.t ................... ok
t/206-snapshot.t ..................... ok
t/207-seg_lexicon.t .................. ok
t/208-terminfo.t ..................... ok
t/209-seg_lexicon_heavy.t ............ ok
t/210-deldocs.t ...................... ok
t/211-seg_posting_list.t ............. ok
t/213-segment_merging.t .............. ok
t/214-spec_field.t ................... ok
t/215-term_vectors.t ................. ok
t/216-schema.t ....................... ok
t/217-poly_lexicon.t ................. ok
t/218-del_merging.t .................. ok
t/219-byte_buf_doc.t ................. ok
t/220-zlib_doc.t ..................... ok
t/221-sort_writer.t .................. ok
t/224-lex_reader.t ................... ok
t/233-background_merger.t ............ ok
t/302-many_fields.t .................. ok
t/303-highlighter.t .................. ok
t/304-verify_utf8.t .................. ok
t/305-indexer.t ...................... ok
t/306-dynamic_schema.t ............... ok
t/308-simple.t ....................... ok
t/309-span.t ......................... ok
t/310-heat_map.t ..................... ok
t/400-match_posting.t ................ ok
t/501-termquery.t .................... ok
t/502-phrasequery.t .................. ok
t/504-similarity.t ................... ok
t/505-hit_queue.t .................... ok
t/506-collector.t .................... ok
t/507-filter.t ....................... ok
t/508-hits.t ......................... ok
t/509-poly_searcher.t ................ ok
t/510-remote_search.t ................ ok
t/511-sort_spec.t .................... ok
t/513-matcher.t ...................... ok
t/514-and_scorer.t ................... ok
t/515-range_query.t .................. ok
t/518-or_scorer.t .................... ok
t/519-req_opt_scorer.t ............... ok
t/520-match_doc.t .................... ok
t/523-and_query.t .................... ok
t/524-poly_query.t ................... ok
t/525-match_all_query.t .............. ok
t/526-not_query.t .................... ok
t/527-req_opt_query.t ................ ok
t/528-leaf_query.t ................... ok
t/529-no_match_query.t ............... ok
t/532-sort_collector.t ............... ok
t/601-queryparser.t .................. ok
t/602-boosts.t ....................... ok
t/603-query_boosts.t ................. ok
t/604-simple_search.t ................ ok
t/605-store_pos_boost.t .............. ok
t/606-proximity.t .................... ok
t/607-queryparser_multi_field.t ...... ok
t/610-queryparser_logic.t ............ ok
t/611-queryparser_syntax.t ........... ok
t/612-leak-trace.t ................... skipped: require Test::LeakTrace
t/613-proximityquery.t ............... ok
t/701-uscon.t ........................ ok
t/999-remove_indexes.t ............... ok
t/binding/000-load.t ................. ok
t/binding/016-varray.t ............... ok
t/binding/017-hash.t ................. ok
t/binding/019-obj.t .................. ok
t/binding/022-bytebuf.t .............. ok
t/binding/029-charbuf.t .............. ok
t/binding/034-err.t .................. ok
t/binding/038-lock_free_registry.t ... ok
t/binding/101-simple_io.t ............ ok
t/binding/800-stack.t ................ ok
t/charmonizer/001-integers.t ......... ok
t/charmonizer/002-func_macro.t ....... ok
t/charmonizer/003-headers.t .......... ok
t/charmonizer/004-large_files.t ...... ok
t/charmonizer/005-unused_vars.t ...... ok
t/charmonizer/006-variadic_macros.t .. ok
t/charmonizer/007-dirmanip.t ......... ok
t/core/012-priority_queue.t .......... ok
t/core/013-bit_vector.t .............. ok
t/core/016-varray.t .................. ok
t/core/017-hash.t .................... ok
t/core/019-obj.t ..................... ok
t/core/022-bytebuf.t ................. ok
t/core/024-memory_pool.t ............. ok
t/core/029-charbuf.t ................. ok
t/core/030-number_utils.t ............ ok
t/core/031-num.t ..................... 
Failed 3/42 subtests 
t/core/032-string_helper.t ........... ok
t/core/033-index_file_names.t ........ ok
t/core/035-json.t .................... ok
t/core/036-i32_array.t ............... ok
t/core/037-atomic.t .................. ok
t/core/038-lock_free_registry.t ...... ok
t/core/039-memory.t .................. ok
t/core/050-ram_file_handle.t ......... ok
t/core/051-fs_file_handle.t .......... ok
t/core/052-instream.t ................ ok
t/core/053-file_handle.t ............. ok
t/core/054-io_primitives.t ........... ok
t/core/055-io_chunks.t ............... ok
t/core/061-ram_dir_handle.t .......... ok
t/core/062-fs_dir_handle.t ........... ok
t/core/103-fs_folder.t ............... ok
t/core/104-ram_folder.t .............. ok
t/core/105-folder.t .................. ok
t/core/112-cf_writer.t ............... ok
t/core/113-cf_reader.t ............... ok
t/core/150-polyanalyzer.t ............ ok
t/core/153-case_folder.t ............. ok
t/core/154-tokenizer.t ............... ok
t/core/155-stopalizer.t .............. ok
t/core/156-stemmer.t ................. ok
t/core/216-schema.t .................. ok
t/core/220-doc_writer.t .............. ok
t/core/221-highlight_writer.t ........ ok
t/core/222-posting_list_writer.t ..... ok
t/core/223-seg_writer.t .............. ok
t/core/230-full_text_type.t .......... ok
t/core/231-blob_type.t ............... ok
t/core/232-numeric_type.t ............ ok
t/core/301-segment.t ................. ok
t/core/501-termquery.t ............... ok
t/core/502-phrasequery.t ............. ok
t/core/515-range_query.t ............. ok
t/core/523-and_query.t ............... ok
t/core/525-match_all_query.t ......... ok
t/core/526-not_query.t ............... ok
t/core/527-req_opt_query.t ........... ok
t/core/528-leaf_query.t .............. ok
t/core/529-no_match_query.t .......... ok
t/core/530-series_matcher.t .......... ok
t/core/531-or_query.t ................ ok
t/pod-coverage.t ..................... skipped: Only run during development
t/pod.t .............................. ok

Test Summary Report
-------------------
t/core/031-num.t                   (Wstat: 0 Tests: 42 Failed: 3)
  Failed tests:  6, 9-10
Files=165, Tests=10842, 65 wallclock secs ( 5.97 usr  1.17 sys + 53.32 cusr  5.77 csys = 66.23 CPU)
Result: FAIL
Failed 1/165 test programs. 3/10842 subtests failed.

------------------------------
PREREQUISITES
------------------------------

Prerequisite modules loaded:

requires:

    Module                 Need  Have    
    ---------------------- ----- --------
    JSON::XS               1.53  2.29    
    Lingua::Stem::Snowball 0.952 0.952   
    Lingua::StopWords      0.09  0.09    
    Parse::RecDescent      0     1.965001

build_requires:

    Module                 Need  Have    
    ---------------------- ----- --------
    ExtUtils::CBuilder     0.18  0.27_05 
    ExtUtils::ParseXS      2.16  2.2206  

configure_requires:

    Module                 Need  Have    
    ---------------------- ----- --------
    Module::Build          0.36  0.36_13 


------------------------------
ENVIRONMENT AND OTHER CONTEXT
------------------------------

Environment variables:

    AUTOMATED_TESTING = 1
    LANG = C
    PATH = /home/graham/perltest/th_ld_perl5121/perl/bin:/bin:/usr/bin:/sbin:/usr/sbin:/opt/java/bin:/opt/java/jre/bin:/opt/kde/bin:/usr/bin/perlbin/site:/usr/bin/perlbin/vendor:/usr/bin/perlbin/core:/opt/qt/bin
    PERL5LIB = 
    PERL5OPT = 
    PERL5_CPANPLUS_IS_RUNNING = 17640
    PERL5_CPAN_IS_RUNNING = 17640
    PERL5_CPAN_IS_RUNNING_IN_RECURSION = 3638,17640
    PERL_CR_SMOKER_CURRENT = KinoSearch-0.30_101
    PERL_EXTUTILS_AUTOINSTALL = --defaultdeps
    PERL_MM_USE_DEFAULT = 1
    SHELL = /bin/bash
    TERM = xterm

Perl special variables (and OS-specific diagnostics, for MSWin32):

    $^X = /home/graham/perltest/th_ld_perl5121/perl/bin/perl
    $UID/$EUID = 1000 / 1000
    $GID = 1000 7 10 91 92 93 95 98 100 108 1000 1001
    $EGID = 1000 7 10 91 92 93 95 98 100 108 1000 1001

Perl module toolchain versions installed:

    Module              Have   
    ------------------- -------
    CPAN                1.94_58
    Cwd                 3.31_02
    ExtUtils::CBuilder  0.27_05
    ExtUtils::Command   1.16   
    ExtUtils::Install   1.55   
    ExtUtils::MakeMaker 6.56   
    ExtUtils::Manifest  1.57   
    ExtUtils::ParseXS   2.2206 
    File::Spec          3.31_02
    Module::Build       0.36_13
    Module::Signature   0.64   
    Test::Harness       3.21   
    Test::More          0.96   
    YAML                0.71   
    YAML::Syck          1.12   
    version             0.82   


--

Summary of my perl5 (revision 5 version 12 subversion 1) configuration:
   
  Platform:
    osname=linux, osvers=2.6.33-arch, archname=i686-linux-thread-multi-64int-ld
    uname='linux lorant 2.6.33-arch #1 smp preempt thu may 13 12:06:25 cest 2010 i686 intel(r) pentium(r) 4 cpu 2.80ghz genuineintel gnulinux '
    config_args=''
    hint=recommended, useposix=true, d_sigaction=define
    useithreads=define, usemultiplicity=define
    useperlio=define, d_sfio=undef, uselargefiles=define, usesocks=undef
    use64bitint=define, use64bitall=undef, uselongdouble=define
    usemymalloc=n, bincompat5005=undef
  Compiler:
    cc='cc', ccflags ='-D_REENTRANT -D_GNU_SOURCE -fno-strict-aliasing -pipe -fstack-protector -I/usr/local/include -D_LARGEFILE_SOURCE -D_FILE_OFFSET_BITS=64',
    optimize='-O2',
    cppflags='-D_REENTRANT -D_GNU_SOURCE -fno-strict-aliasing -pipe -fstack-protector -I/usr/local/include'
    ccversion='', gccversion='4.5.0 20100520 (prerelease)', gccosandvers=''
    intsize=4, longsize=4, ptrsize=4, doublesize=8, byteorder=12345678
    d_longlong=define, longlongsize=8, d_longdbl=define, longdblsize=12
    ivtype='long long', ivsize=8, nvtype='long double', nvsize=12, Off_t='off_t', lseeksize=8
    alignbytes=4, prototype=define
  Linker and Libraries:
    ld='cc', ldflags =' -fstack-protector -L/usr/local/lib'
    libpth=/usr/local/lib /lib /usr/lib
    libs=-lnsl -lgdbm -ldb -ldl -lm -lcrypt -lutil -lpthread -lc -lgdbm_compat
    perllibs=-lnsl -ldl -lm -lcrypt -lutil -lpthread -lc
    libc=/lib/libc-2.12.so, so=so, useshrplib=true, libperl=libperl.so
    gnulibc_version='2.12'
  Dynamic Linking:
    dlsrc=dl_dlopen.xs, dlext=so, d_dlsymun=undef, ccdlflags='-Wl,-E -Wl,-rpath,/home/graham/perltest/th_ld_perl5121/perl/lib/5.12.1/i686-linux-thread-multi-64int-ld/CORE'
    cccdlflags='-fPIC', lddlflags='-shared -O2 -L/usr/local/lib -fstack-protector'


Characteristics of this binary (from libperl): 
  Compile-time options: MULTIPLICITY PERL_DONT_CREATE_GVSV
                        PERL_IMPLICIT_CONTEXT PERL_MALLOC_WRAP USE_64_BIT_INT
                        USE_FAST_STDIO USE_ITHREADS USE_LARGE_FILES
                        USE_LONG_DOUBLE USE_PERLIO USE_PERL_ATOF
                        USE_REENTRANT_API
  Built under linux
  Compiled at Aug  7 2010 12:43:27
  %ENV:
    PERL5LIB=""
    PERL5OPT=""
    PERL5_CPANPLUS_IS_RUNNING="17640"
    PERL5_CPAN_IS_RUNNING="17640"
    PERL5_CPAN_IS_RUNNING_IN_RECURSION="3638,17640"
    PERL_CR_SMOKER_CURRENT="KinoSearch-0.30_101"
    PERL_EXTUTILS_AUTOINSTALL="--defaultdeps"
    PERL_MM_USE_DEFAULT="1"
  @INC:
    /home/graham/perltest/th_ld_perl5121/perl/lib/site_perl/5.12.1/i686-linux-thread-multi-64int-ld
    /home/graham/perltest/th_ld_perl5121/perl/lib/site_perl/5.12.1
    /home/graham/perltest/th_ld_perl5121/perl/lib/5.12.1/i686-linux-thread-multi-64int-ld
    /home/graham/perltest/th_ld_perl5121/perl/lib/5.12.1
    .