Report for HTTP-Server-Simple-0.50

Back
From: metabase:user:30f4dfbe-2aae-11df-837a-5e0a49663a4f
Subject: FAIL HTTP-Server-Simple-0.50 v5.8.8 GNU/Linux
Date: 2015-02-22T10:24:03Z

This distribution has been tested as part of the CPAN Testers
project, supporting the Perl programming language.  See
http://wiki.cpantesters.org/ for more information or email
questions to cpan-testers-discuss@perl.org


--
Dear Kevin Falcone,

This is a computer-generated report for HTTP-Server-Simple-0.50
on perl 5.8.8, created by CPAN-Reporter-1.2011.

Thank you for uploading your work to CPAN.  However, there was a problem
testing your distribution.

If you think this report is invalid, please consult the CPAN Testers Wiki
for suggestions on how to avoid getting FAIL reports for missing library
or binary dependencies, unsupported operating systems, and so on:

http://wiki.cpantesters.org/wiki/CPANAuthorNotes

Sections of this report:

    * Tester comments
    * Program output
    * Prerequisites
    * Environment and other context

------------------------------
TESTER COMMENTS
------------------------------

Additional comments from tester:

this report is from an automated smoke testing program
and was not reviewed by a human for accuracy

------------------------------
PROGRAM OUTPUT
------------------------------

Output from '/usr/bin/make test':

PERL_DL_NONLAZY=1 "/home/njh/perl5/perlbrew/perls/perl-5.8.8/bin/perl" "-MExtUtils::Command::MM" "-MTest::Harness" "-e" "undef *Test::Harness::Switches; test_harness(0, 'inc', 'blib/lib', 'blib/arch')" t/*.t
t/00smoke.t ........ ok
# ai_family not supported
ai_family not supported! at /home/njh/.cpan/build/HTTP-Server-Simple-0.50-zZvXqy/blib/lib/HTTP/Server/Simple.pm line 712, <DATA> line 16.
Use of uninitialized value in bind at /home/njh/.cpan/build/HTTP-Server-Simple-0.50-zZvXqy/blib/lib/HTTP/Server/Simple.pm line 732, <DATA> line 16.
bind to ip6-localhost:49697: Invalid argument at t/01live.t line 157.

#   Failed test 'Returns a page'
#   at t/01live.t line 166.
#                   '[ERROR] getaddrinfo: ai_family not supported operating on [ip6-localhost] [49697] [10] [1] [6] at t/01live.t line 109, <DATA> line 16.
# '
#     doesn't match '/Congratulations/'
ai_family not supported! at /home/njh/.cpan/build/HTTP-Server-Simple-0.50-zZvXqy/blib/lib/HTTP/Server/Simple.pm line 712, <DATA> line 16.
Use of uninitialized value in bind at /home/njh/.cpan/build/HTTP-Server-Simple-0.50-zZvXqy/blib/lib/HTTP/Server/Simple.pm line 732, <DATA> line 16.
bind to ip6-localhost:49698: Invalid argument at t/01live.t line 157.

#   Failed test 'Returns a page'
#   at t/01live.t line 166.
#                   '[ERROR] getaddrinfo: ai_family not supported operating on [ip6-localhost] [49698] [10] [1] [6] at t/01live.t line 109, <DATA> line 16.
# '
#     doesn't match '/Congratulations/'
ai_family not supported! at /home/njh/.cpan/build/HTTP-Server-Simple-0.50-zZvXqy/blib/lib/HTTP/Server/Simple.pm line 712, <DATA> line 16.
Use of uninitialized value in bind at /home/njh/.cpan/build/HTTP-Server-Simple-0.50-zZvXqy/blib/lib/HTTP/Server/Simple.pm line 732, <DATA> line 16.
bind to ip6-localhost:49699: Invalid argument at t/01live.t line 61.

#   Failed test 'Returns a page'
#   at t/01live.t line 68.
#                   '[ERROR] getaddrinfo: ai_family not supported operating on [ip6-localhost] [49699] [10] [1] [6] at t/01live.t line 109, <DATA> line 16.
# '
#     doesn't match '/Congratulations/'

#   Failed test 'knows what a request isn't'
#   at t/01live.t line 71.
#                   '[ERROR] getaddrinfo: ai_family not supported operating on [ip6-localhost] [49699] [10] [1] [6] at t/01live.t line 109, <DATA> line 16.
# '
#     doesn't match '/bad request/i'

#   Failed test 'HTTP/1.1 request'
#   at t/01live.t line 77.
#                   '[ERROR] getaddrinfo: ai_family not supported operating on [ip6-localhost] [49699] [10] [1] [6] at t/01live.t line 109, <DATA> line 16.
# '
#     doesn't match '/Congratulations/'

#   Failed test 'HTTP/0.9 request'
#   at t/01live.t line 80.
#                   '[ERROR] getaddrinfo: ai_family not supported operating on [ip6-localhost] [49699] [10] [1] [6] at t/01live.t line 109, <DATA> line 16.
# '
#     doesn't match '/Congratulations/'
# Looks like you failed 6 tests of 34.
t/01live.t ......... 
Dubious, test returned 6 (wstat 1536, 0x600)
Failed 6/34 subtests 
t/02pod.t .......... ok
t/03podcoverage.t .. ok
t/04cgi.t .......... ok

Test Summary Report
-------------------
t/01live.t       (Wstat: 1536 Tests: 34 Failed: 6)
  Failed tests:  8, 16, 26-29
  Non-zero exit status: 6
Files=5, Tests=108, 17 wallclock secs ( 0.06 usr  0.00 sys +  0.28 cusr  0.06 csys =  0.40 CPU)
Result: FAIL
Failed 1/5 test programs. 6/108 subtests failed.
Makefile:785: recipe for target 'test_dynamic' failed
make: *** [test_dynamic] Error 255

------------------------------
PREREQUISITES
------------------------------

Prerequisite modules loaded:

requires:

    Module              Need Have    
    ------------------- ---- --------
    CGI                 0    3.15    
    Socket              1.94 2.014   
    Test::More          0    1.001009

build_requires:

    Module              Need Have    
    ------------------- ---- --------
    ExtUtils::MakeMaker 6.36 7.04    

configure_requires:

    Module              Need Have    
    ------------------- ---- --------
    ExtUtils::MakeMaker 6.36 7.04    


------------------------------
ENVIRONMENT AND OTHER CONTEXT
------------------------------

Environment variables:

    AUTOMATED_TESTING = 1
    LANG = en_GB.UTF-8
    LANGUAGE = en_GB:en
    LD_LIBRARY_PATH = /usr/local/lib::
    PATH = /home/njh/perl5/perlbrew/bin:/home/njh/perl5/perlbrew/perls/perl-5.8.8/bin:/home/njh/perl5/perlbrew/bin:/usr/local/bin:/usr/bin:/bin:/usr/local/games:/usr/games:/home/njh/bin:/sbin
    PERL5LIB = /home/njh/.cpan/build/Hash-Merge-Simple-0.051-aEq3iR/blib/arch:/home/njh/.cpan/build/Hash-Merge-Simple-0.051-aEq3iR/blib/lib:/home/njh/.cpan/build/Clone-0.38-8iQRoW/blib/arch:/home/njh/.cpan/build/Clone-0.38-8iQRoW/blib/lib:/home/njh/.cpan/build/Devel-StackTrace-AsHTML-0.14-PkJPtV/blib/arch:/home/njh/.cpan/build/Devel-StackTrace-AsHTML-0.14-PkJPtV/blib/lib:/home/njh/.cpan/build/Filesys-Notify-Simple-0.12-uy8UDE/blib/arch:/home/njh/.cpan/build/Filesys-Notify-Simple-0.12-uy8UDE/blib/lib:/home/njh/.cpan/build/POSIX-strftime-Compiler-0.41-pkf6ip/blib/arch:/home/njh/.cpan/build/POSIX-strftime-Compiler-0.41-pkf6ip/blib/lib:/home/njh/.cpan/build/Module-Build-0.4211-Z4JZ1t/blib/arch:/home/njh/.cpan/build/Module-Build-0.4211-Z4JZ1t/blib/lib:/home/njh/.cpan/build/Hash-MultiValue-0.16-qdi1Kj/blib/arch:/home/njh/.cpan/build/Hash-MultiValue-0.16-qdi1Kj/blib/lib:/home/njh/.cpan/build/HTTP-Body-1.22-fv3Qnc/blib/arch:/home/njh/.cpan/build/HTTP-Body-1.22-fv3Qnc/blib/lib:/home/njh/.cpan/build/HTTP-Tiny-0.054-sOIibL/blib/arch:/home/njh/.cpan/build/HTTP-Tiny-0.054-sOIibL/blib/lib:/home/njh/.cpan/build/Test-TCP-2.07-Os72jI/blib/arch:/home/njh/.cpan/build/Test-TCP-2.07-Os72jI/blib/lib:/home/njh/.cpan/build/Test-SharedFork-0.29-eygBOw/blib/arch:/home/njh/.cpan/build/Test-SharedFork-0.29-eygBOw/blib/lib:/home/njh/.cpan/build/Stream-Buffered-0.03-AT36if/blib/arch:/home/njh/.cpan/build/Stream-Buffered-0.03-AT36if/blib/lib:/home/njh/.cpan/build/Pod-Usage-1.65-ovVhz9/blib/arch:/home/njh/.cpan/build/Pod-Usage-1.65-ovVhz9/blib/lib:/home/njh/.cpan/build/Devel-Hide-0.0009-lqUGWL/blib/arch:/home/njh/.cpan/build/Devel-Hide-0.0009-lqUGWL/blib/lib
    PERL5OPT = 
    PERL5_CPANPLUS_IS_RUNNING = 2926
    PERL5_CPAN_IS_RUNNING = 2926
    PERL5_MINISMOKEBOX = 0.58
    PERLBREW_BASHRC_VERSION = 0.71
    PERLBREW_HOME = /home/njh/.perlbrew
    PERLBREW_LIB = 
    PERLBREW_MANPATH = /home/njh/perl5/perlbrew/perls/perl-5.8.8/man
    PERLBREW_PATH = /home/njh/perl5/perlbrew/bin:/home/njh/perl5/perlbrew/perls/perl-5.8.8/bin
    PERLBREW_PERL = perl-5.8.8
    PERLBREW_ROOT = /home/njh/perl5/perlbrew
    PERLBREW_VERSION = 0.71
    PERL_EXTUTILS_AUTOINSTALL = --defaultdeps
    PERL_LOCAL_LIB_ROOT = 
    PERL_MM_USE_DEFAULT = 1
    SHELL = /bin/bash
    TMPDIR = /home/njh/tmp

Perl special variables (and OS-specific diagnostics, for MSWin32):

    $^X = /home/njh/perl5/perlbrew/perls/perl-5.8.8/bin/perl
    $UID/$EUID = 1000 / 1000
    $GID = 1000 1000 112 108 46 44 30 29 25 24 4
    $EGID = 1000 1000 112 108 46 44 30 29 25 24 4

Perl module toolchain versions installed:

    Module              Have    
    ------------------- --------
    CPAN                1.9800  
    CPAN::Meta          2.142690
    Cwd                 3.40    
    ExtUtils::CBuilder  0.280220
    ExtUtils::Command   1.16    
    ExtUtils::Install   1.54    
    ExtUtils::MakeMaker 7.04    
    ExtUtils::Manifest  1.65    
    ExtUtils::ParseXS   3.18    
    File::Spec          3.40    
    JSON                2.53    
    JSON::PP            2.27203 
    Module::Build       0.4211  
    Module::Signature   0.70    
    Parse::CPAN::Meta   1.4414  
    Test::Harness       3.34    
    Test::More          1.001009
    YAML                0.84    
    YAML::Syck          1.29    
    version             0.88    


--

Summary of my perl5 (revision 5 version 8 subversion 8) configuration:
  Platform:
    osname=linux, osvers=3.2.0-4-amd64, archname=x86_64-linux-thread-multi
    uname='linux nigelhorne.force9.co.uk 3.2.0-4-amd64 #1 smp debian 3.2.32-1 x86_64 gnulinux '
    config_args='-de -Dprefix=/home/njh/perl5/perlbrew/perls/perl-5.8.8 -Duseithreads -Dusemultiplicity -Accflags=-O2 -W -Wformat=2 -Wswitch -Wshadow -Wwrite-strings -Wuninitialized -Wall -pipe -mtune=native -march=native -fomit-frame-pointer -mfpmath=sse -pedantic -D_FORTIFY_SOURCE=2 -Wpointer-arith -Wstrict-prototypes -fstack-protector -Wstack-protector -Wextra -Wbad-function-cast -Wcast-align -Wcast-qual -Wdisabled-optimization -Wendif-labels -Wfloat-equal -Wformat-nonliteral -Winline -Wmissing-declarations -Wmissing-prototypes -Wnested-externs -Wpointer-arith -Wundef -Wformat-security -Aeval:scriptdir=/home/njh/perl5/perlbrew/perls/perl-5.8.8/bin'
    hint=recommended, useposix=true, d_sigaction=define
    usethreads=define use5005threads=undef useithreads=define usemultiplicity=define
    useperlio=define d_sfio=undef uselargefiles=define usesocks=undef
    use64bitint=define use64bitall=define uselongdouble=undef
    usemymalloc=n, bincompat5005=undef
  Compiler:
    cc='cc', ccflags ='-D_REENTRANT -D_GNU_SOURCE -O2 -W -Wformat=2 -Wswitch -Wshadow -Wwrite-strings -Wuninitialized -Wall -pipe -mtune=native -march=native -fomit-frame-pointer -mfpmath=sse -pedantic -D_FORTIFY_SOURCE=2 -Wpointer-arith -Wstrict-prototypes -fstack-protector -Wstack-protector -Wextra -Wbad-function-cast -Wcast-align -Wcast-qual -Wdisabled-optimization -Wendif-labels -Wfloat-equal -Wformat-nonliteral -Winline -Wmissing-declarations -Wmissing-prototypes -Wnested-externs -Wpointer-arith -Wundef -Wformat-security -fno-strict-aliasing -Wdeclaration-after-statement -I/usr/local/include -D_LARGEFILE_SOURCE -D_FILE_OFFSET_BITS=64',
    optimize='-O2',
    cppflags='-D_REENTRANT -D_GNU_SOURCE -O2 -W -Wformat=2 -Wswitch -Wshadow -Wwrite-strings -Wuninitialized -Wall -pipe -mtune=native -march=native -fomit-frame-pointer -mfpmath=sse -pedantic -D_FORTIFY_SOURCE=2 -Wpointer-arith -Wstrict-prototypes -fstack-protector -Wstack-protector -Wextra -Wbad-function-cast -Wcast-align -Wcast-qual -Wdisabled-optimization -Wendif-labels -Wfloat-equal -Wformat-nonliteral -Winline -Wmissing-declarations -Wmissing-prototypes -Wnested-externs -Wpointer-arith -Wundef -Wformat-security -fno-strict-aliasing -Wdeclaration-after-statement -I/usr/local/include'
    ccversion='', gccversion='4.7.2', gccosandvers=''
    intsize=4, longsize=8, ptrsize=8, doublesize=8, byteorder=12345678
    d_longlong=define, longlongsize=8, d_longdbl=define, longdblsize=16
    ivtype='long', ivsize=8, nvtype='double', nvsize=8, Off_t='off_t', lseeksize=8
    alignbytes=8, prototype=define
  Linker and Libraries:
    ld='cc', ldflags =' -L/usr/local/lib'
    libpth=/usr/local/lib /lib/x86_64-linux-gnu /lib/../lib /usr/lib/x86_64-linux-gnu /usr/lib/../lib /lib /usr/lib
    libs=-lnsl -lgdbm -ldb -ldl -lm -lcrypt -lutil -lpthread -lc -lgdbm_compat
    perllibs=-lnsl -ldl -lm -lcrypt -lutil -lpthread -lc -lgdbm_compat
    libc=, so=so, useshrplib=false, libperl=libperl.a
    gnulibc_version='2.13'
  Dynamic Linking:
    dlsrc=dl_dlopen.xs, dlext=so, d_dlsymun=undef, ccdlflags='-Wl,-E'
    cccdlflags='-fpic', lddlflags='-shared -L/usr/local/lib'


Characteristics of this binary (from libperl): 
  Compile-time options: MULTIPLICITY PERL_IMPLICIT_CONTEXT
                        PERL_MALLOC_WRAP USE_64_BIT_ALL USE_64_BIT_INT
                        USE_ITHREADS USE_LARGE_FILES USE_PERLIO
                        USE_REENTRANT_API
  Built under linux
  Compiled at Mar  5 2013 01:22:32
  %ENV:
    PERL5LIB="/home/njh/.cpan/build/Hash-Merge-Simple-0.051-aEq3iR/blib/arch:/home/njh/.cpan/build/Hash-Merge-Simple-0.051-aEq3iR/blib/lib:/home/njh/.cpan/build/Clone-0.38-8iQRoW/blib/arch:/home/njh/.cpan/build/Clone-0.38-8iQRoW/blib/lib:/home/njh/.cpan/build/Devel-StackTrace-AsHTML-0.14-PkJPtV/blib/arch:/home/njh/.cpan/build/Devel-StackTrace-AsHTML-0.14-PkJPtV/blib/lib:/home/njh/.cpan/build/Filesys-Notify-Simple-0.12-uy8UDE/blib/arch:/home/njh/.cpan/build/Filesys-Notify-Simple-0.12-uy8UDE/blib/lib:/home/njh/.cpan/build/POSIX-strftime-Compiler-0.41-pkf6ip/blib/arch:/home/njh/.cpan/build/POSIX-strftime-Compiler-0.41-pkf6ip/blib/lib:/home/njh/.cpan/build/Module-Build-0.4211-Z4JZ1t/blib/arch:/home/njh/.cpan/build/Module-Build-0.4211-Z4JZ1t/blib/lib:/home/njh/.cpan/build/Hash-MultiValue-0.16-qdi1Kj/blib/arch:/home/njh/.cpan/build/Hash-MultiValue-0.16-qdi1Kj/blib/lib:/home/njh/.cpan/build/HTTP-Body-1.22-fv3Qnc/blib/arch:/home/njh/.cpan/build/HTTP-Body-1.22-fv3Qnc/blib/lib:/home/njh/.cpan/build/HTTP-Tiny-0.054-sOIibL/blib/arch:/home/njh/.cpan/build/HTTP-Tiny-0.054-sOIibL/blib/lib:/home/njh/.cpan/build/Test-TCP-2.07-Os72jI/blib/arch:/home/njh/.cpan/build/Test-TCP-2.07-Os72jI/blib/lib:/home/njh/.cpan/build/Test-SharedFork-0.29-eygBOw/blib/arch:/home/njh/.cpan/build/Test-SharedFork-0.29-eygBOw/blib/lib:/home/njh/.cpan/build/Stream-Buffered-0.03-AT36if/blib/arch:/home/njh/.cpan/build/Stream-Buffered-0.03-AT36if/blib/lib:/home/njh/.cpan/build/Pod-Usage-1.65-ovVhz9/blib/arch:/home/njh/.cpan/build/Pod-Usage-1.65-ovVhz9/blib/lib:/home/njh/.cpan/build/Devel-Hide-0.0009-lqUGWL/blib/arch:/home/njh/.cpan/build/Devel-Hide-0.0009-lqUGWL/blib/lib"
    PERL5OPT=""
    PERL5_CPANPLUS_IS_RUNNING="2926"
    PERL5_CPAN_IS_RUNNING="2926"
    PERL5_MINISMOKEBOX="0.58"
    PERLBREW_BASHRC_VERSION="0.71"
    PERLBREW_HOME="/home/njh/.perlbrew"
    PERLBREW_LIB=""
    PERLBREW_MANPATH="/home/njh/perl5/perlbrew/perls/perl-5.8.8/man"
    PERLBREW_PATH="/home/njh/perl5/perlbrew/bin:/home/njh/perl5/perlbrew/perls/perl-5.8.8/bin"
    PERLBREW_PERL="perl-5.8.8"
    PERLBREW_ROOT="/home/njh/perl5/perlbrew"
    PERLBREW_VERSION="0.71"
    PERL_EXTUTILS_AUTOINSTALL="--defaultdeps"
    PERL_LOCAL_LIB_ROOT=""
    PERL_MM_USE_DEFAULT="1"
  @INC:
    /home/njh/.cpan/build/Hash-Merge-Simple-0.051-aEq3iR/blib/arch
    /home/njh/.cpan/build/Hash-Merge-Simple-0.051-aEq3iR/blib/lib
    /home/njh/.cpan/build/Clone-0.38-8iQRoW/blib/arch
    /home/njh/.cpan/build/Clone-0.38-8iQRoW/blib/lib
    /home/njh/.cpan/build/Devel-StackTrace-AsHTML-0.14-PkJPtV/blib/arch
    /home/njh/.cpan/build/Devel-StackTrace-AsHTML-0.14-PkJPtV/blib/lib
    /home/njh/.cpan/build/Filesys-Notify-Simple-0.12-uy8UDE/blib/arch
    /home/njh/.cpan/build/Filesys-Notify-Simple-0.12-uy8UDE/blib/lib
    /home/njh/.cpan/build/POSIX-strftime-Compiler-0.41-pkf6ip/blib/arch
    /home/njh/.cpan/build/POSIX-strftime-Compiler-0.41-pkf6ip/blib/lib
    /home/njh/.cpan/build/Module-Build-0.4211-Z4JZ1t/blib/arch
    /home/njh/.cpan/build/Module-Build-0.4211-Z4JZ1t/blib/lib
    /home/njh/.cpan/build/Hash-MultiValue-0.16-qdi1Kj/blib/arch
    /home/njh/.cpan/build/Hash-MultiValue-0.16-qdi1Kj/blib/lib
    /home/njh/.cpan/build/HTTP-Body-1.22-fv3Qnc/blib/arch
    /home/njh/.cpan/build/HTTP-Body-1.22-fv3Qnc/blib/lib
    /home/njh/.cpan/build/HTTP-Tiny-0.054-sOIibL/blib/arch
    /home/njh/.cpan/build/HTTP-Tiny-0.054-sOIibL/blib/lib
    /home/njh/.cpan/build/Test-TCP-2.07-Os72jI/blib/arch
    /home/njh/.cpan/build/Test-TCP-2.07-Os72jI/blib/lib
    /home/njh/.cpan/build/Test-SharedFork-0.29-eygBOw/blib/arch
    /home/njh/.cpan/build/Test-SharedFork-0.29-eygBOw/blib/lib
    /home/njh/.cpan/build/Stream-Buffered-0.03-AT36if/blib/arch
    /home/njh/.cpan/build/Stream-Buffered-0.03-AT36if/blib/lib
    /home/njh/.cpan/build/Pod-Usage-1.65-ovVhz9/blib/arch
    /home/njh/.cpan/build/Pod-Usage-1.65-ovVhz9/blib/lib
    /home/njh/.cpan/build/Devel-Hide-0.0009-lqUGWL/blib/arch
    /home/njh/.cpan/build/Devel-Hide-0.0009-lqUGWL/blib/lib
    /home/njh/perl5/perlbrew/perls/perl-5.8.8/lib/5.8.8/x86_64-linux-thread-multi
    /home/njh/perl5/perlbrew/perls/perl-5.8.8/lib/5.8.8
    /home/njh/perl5/perlbrew/perls/perl-5.8.8/lib/site_perl/5.8.8/x86_64-linux-thread-multi
    /home/njh/perl5/perlbrew/perls/perl-5.8.8/lib/site_perl/5.8.8
    /home/njh/perl5/perlbrew/perls/perl-5.8.8/lib/site_perl
    .