Back
From: metabase:user:30f4dfbe-2aae-11df-837a-5e0a49663a4f
Subject: FAIL WebService-Async-UserAgent-0.003 v5.20.1 GNU/Linux
Date: 2015-02-16T12:32:51Z
This distribution has been tested as part of the CPAN Testers
project, supporting the Perl programming language. See
http://wiki.cpantesters.org/ for more information or email
questions to cpan-testers-discuss@perl.org
--
Dear Tom Molesworth,
This is a computer-generated report for WebService-Async-UserAgent-0.003
on perl 5.20.1, created by CPAN-Reporter-1.2011.
Thank you for uploading your work to CPAN. However, there was a problem
testing your distribution.
If you think this report is invalid, please consult the CPAN Testers Wiki
for suggestions on how to avoid getting FAIL reports for missing library
or binary dependencies, unsupported operating systems, and so on:
http://wiki.cpantesters.org/wiki/CPANAuthorNotes
Sections of this report:
* Tester comments
* Program output
* Prerequisites
* Environment and other context
------------------------------
TESTER COMMENTS
------------------------------
Additional comments from tester:
this report is from an automated smoke testing program
and was not reviewed by a human for accuracy
------------------------------
PROGRAM OUTPUT
------------------------------
Output from '/usr/bin/make test':
PERL_DL_NONLAZY=1 "/usr/bin/perl" "-MExtUtils::Command::MM" "-MTest::Harness" "-e" "undef *Test::Harness::Switches; test_harness(0, 'blib/lib', 'blib/arch')" t/*.t
t/00-check-deps.t ............. ok
# Failed test 'WebService/Async/UserAgent/MojoUA.pm loaded ok'
# at t/00-compile.t line 40.
# got: '512'
# expected: '0'
Can't locate Mojo/UserAgent.pm in @INC (you may need to install the Mojo::UserAgent module) (@INC contains: /home/njh/.cpan/build/WebService-Async-UserAgent-0.003-LaWenV/blib/arch /home/njh/.cpan/build/WebService-Async-UserAgent-0.003-LaWenV/blib/lib /home/njh/.cpan/build/WebService-Async-UserAgent-0.003-LaWenV/blib/lib /home/njh/.cpan/build/WebService-Async-UserAgent-0.003-LaWenV/blib/arch /home/njh/.cpan/build/Future-0.30-6BIZFV/blib/arch /home/njh/.cpan/build/Future-0.30-6BIZFV/blib/lib /home/njh/.cpan/build/Test-Identity-0.01-t_A5L6/blib/arch /home/njh/.cpan/build/Test-Identity-0.01-t_A5L6/blib/lib /home/njh/.cpan/build/Test-Refcount-0.08-Th5hyx/blib/arch /home/njh/.cpan/build/Test-Refcount-0.08-Th5hyx/blib/lib /home/njh/.cpan/build/Future-0.30-6BIZFV/blib/arch /home/njh/.cpan/build/Future-0.30-6BIZFV/blib/lib /home/njh/.cpan/build/Test-Identity-0.01-t_A5L6/blib/arch /home/njh/.cpan/build/Test-Identity-0.01-t_A5L6/blib/lib /home/njh/.cpan/build/Test-Refcount-0.08-Th5hyx/blib/arch /home/njh/.cpan/build/Test-Refcount-0.08-Th5hyx/blib/lib /etc/perl /usr/local/lib/x86_64-linux-gnu/perl/5.20.1 /usr/local/share/perl/5.20.1 /usr/lib/x86_64-linux-gnu/perl5/5.20 /usr/share/perl5 /usr/lib/x86_64-linux-gnu/perl/5.20 /usr/share/perl/5.20 /usr/local/lib/site_perl /usr/local/lib/x86_64-linux-gnu/perl/5.20.0 /usr/local/share/perl/5.20.0 .) at /home/njh/.cpan/build/WebService-Async-UserAgent-0.003-LaWenV/blib/lib/WebService/Async/UserAgent/MojoUA.pm line 25.
BEGIN failed--compilation aborted at /home/njh/.cpan/build/WebService-Async-UserAgent-0.003-LaWenV/blib/lib/WebService/Async/UserAgent/MojoUA.pm line 25.
Compilation failed in require at -e line 1.
# Failed test 'WebService/Async/UserAgent/NaHTTP.pm loaded ok'
# at t/00-compile.t line 40.
# got: '512'
# expected: '0'
Can't locate Net/Async/HTTP.pm in @INC (you may need to install the Net::Async::HTTP module) (@INC contains: /home/njh/.cpan/build/WebService-Async-UserAgent-0.003-LaWenV/blib/arch /home/njh/.cpan/build/WebService-Async-UserAgent-0.003-LaWenV/blib/lib /home/njh/.cpan/build/WebService-Async-UserAgent-0.003-LaWenV/blib/lib /home/njh/.cpan/build/WebService-Async-UserAgent-0.003-LaWenV/blib/arch /home/njh/.cpan/build/Future-0.30-6BIZFV/blib/arch /home/njh/.cpan/build/Future-0.30-6BIZFV/blib/lib /home/njh/.cpan/build/Test-Identity-0.01-t_A5L6/blib/arch /home/njh/.cpan/build/Test-Identity-0.01-t_A5L6/blib/lib /home/njh/.cpan/build/Test-Refcount-0.08-Th5hyx/blib/arch /home/njh/.cpan/build/Test-Refcount-0.08-Th5hyx/blib/lib /home/njh/.cpan/build/Future-0.30-6BIZFV/blib/arch /home/njh/.cpan/build/Future-0.30-6BIZFV/blib/lib /home/njh/.cpan/build/Test-Identity-0.01-t_A5L6/blib/arch /home/njh/.cpan/build/Test-Identity-0.01-t_A5L6/blib/lib /home/njh/.cpan/build/Test-Refcount-0.08-Th5hyx/blib/arch /home/njh/.cpan/build/Test-Refcount-0.08-Th5hyx/blib/lib /etc/perl /usr/local/lib/x86_64-linux-gnu/perl/5.20.1 /usr/local/share/perl/5.20.1 /usr/lib/x86_64-linux-gnu/perl5/5.20 /usr/share/perl5 /usr/lib/x86_64-linux-gnu/perl/5.20 /usr/share/perl/5.20 /usr/local/lib/site_perl /usr/local/lib/x86_64-linux-gnu/perl/5.20.0 /usr/local/share/perl/5.20.0 .) at /home/njh/.cpan/build/WebService-Async-UserAgent-0.003-LaWenV/blib/lib/WebService/Async/UserAgent/NaHTTP.pm line 25.
BEGIN failed--compilation aborted at /home/njh/.cpan/build/WebService-Async-UserAgent-0.003-LaWenV/blib/lib/WebService/Async/UserAgent/NaHTTP.pm line 25.
Compilation failed in require at -e line 1.
# Looks like you failed 2 tests of 4.
t/00-compile.t ................
Dubious, test returned 2 (wstat 512, 0x200)
Failed 2/4 subtests
#
#
# Generated by Dist::Zilla::Plugin::ReportVersions::Tiny v1.10
# perl: 5.020001 (wanted 5.012000) on linux from /usr/bin/perl
#
# ExtUtils::MakeMaker => 7.04 (want 6.48)
# File::Spec => 3.48 (want any version)
# Future => 0.30 (want 0.30)
# HTTP::Request => 6.00 (want any version)
# HTTP::Response => 6.04 (want any version)
# IO::Async => module not found. (want 0.63)
# IO::Handle => 1.35 (want any version)
# IPC::Open3 => 1.16 (want any version)
# Net::Async::HTTP => module not found. (want 0.36)
# Test::CheckDeps => 0.010 (want 0.010)
# Test::Fatal => 0.014 (want 0.010)
# Test::More => 1.001014 (want 0.98)
# Test::Refcount => 0.08 (want 0.07)
# URI => 1.65 (want any version)
# parent => 0.228 (want any version)
#
# Thanks for using my code. I hope it works for you.
# If not, please try and include this output in the bug report.
# That will help me reproduce the issue and solve your problem.
#
t/000-report-versions-tiny.t .. ok
t/lwp.t ....................... skipped: needs IO::Async and LWP::UserAgent to test
t/mojo.t ...................... skipped: needs IO::Async and Mojo::UserAgent to test
t/nahttp.t .................... skipped: needs IO::Async and Net::Async::HTTP
Test Summary Report
-------------------
t/00-compile.t (Wstat: 512 Tests: 4 Failed: 2)
Failed tests: 3-4
Non-zero exit status: 2
Files=6, Tests=20, 1 wallclock secs ( 0.03 usr 0.00 sys + 0.40 cusr 0.02 csys = 0.45 CPU)
Result: FAIL
Failed 1/6 test programs. 2/20 subtests failed.
Makefile:898: recipe for target 'test_dynamic' failed
make: *** [test_dynamic] Error 255
------------------------------
PREREQUISITES
------------------------------
Prerequisite modules loaded:
requires:
Module Need Have
------------------- -------- --------
Future 0.30 0.30
HTTP::Request 0 6.00
HTTP::Response 0 6.04
parent 0 0.228
perl 5.012000 5.020001
URI 0 1.65
build_requires:
Module Need Have
------------------- -------- --------
ExtUtils::MakeMaker 0 7.04
File::Spec 0 3.48
IO::Handle 0 1.35
IPC::Open3 0 1.16
Test::CheckDeps 0.010 0.010
Test::Fatal 0.010 0.014
Test::More 0.98 1.001014
Test::Refcount 0.07 0.08
configure_requires:
Module Need Have
------------------- -------- --------
ExtUtils::MakeMaker 6.48 7.04
------------------------------
ENVIRONMENT AND OTHER CONTEXT
------------------------------
Environment variables:
AUTOMATED_TESTING = 1
LANG = en_GB.UTF-8
LANGUAGE = en_GB:en
LD_LIBRARY_PATH = /usr/local/lib::
PATH = /home/njh/perl5/perlbrew/bin:/usr/local/bin:/usr/bin:/bin:/usr/local/games:/usr/games:/home/njh/bin:/sbin
PERL5LIB = /home/njh/.cpan/build/Future-0.30-6BIZFV/blib/arch:/home/njh/.cpan/build/Future-0.30-6BIZFV/blib/lib:/home/njh/.cpan/build/Test-Identity-0.01-t_A5L6/blib/arch:/home/njh/.cpan/build/Test-Identity-0.01-t_A5L6/blib/lib:/home/njh/.cpan/build/Test-Refcount-0.08-Th5hyx/blib/arch:/home/njh/.cpan/build/Test-Refcount-0.08-Th5hyx/blib/lib
PERL5OPT =
PERL5_CPANPLUS_IS_RUNNING = 16085
PERL5_CPAN_IS_RUNNING = 16085
PERL5_MINISMOKEBOX = 0.58
PERLBREW_BASHRC_VERSION = 0.71
PERLBREW_HOME = /home/njh/.perlbrew
PERLBREW_PATH = /home/njh/perl5/perlbrew/bin
PERLBREW_ROOT = /home/njh/perl5/perlbrew
PERLBREW_VERSION = 0.71
PERL_EXTUTILS_AUTOINSTALL = --defaultdeps
PERL_MM_USE_DEFAULT = 1
SHELL = /bin/bash
TMPDIR = /home/njh/tmp
Perl special variables (and OS-specific diagnostics, for MSWin32):
$^X = /usr/bin/perl
$UID/$EUID = 1000 / 1000
$GID = 1000 4 24 25 29 30 44 46 108 112 1000
$EGID = 1000 4 24 25 29 30 44 46 108 112 1000
Perl module toolchain versions installed:
Module Have
------------------- --------
CPAN 2.05
CPAN::Meta 2.143240
Cwd 3.48
ExtUtils::CBuilder 0.280217
ExtUtils::Command 1.18
ExtUtils::Install 2.04
ExtUtils::MakeMaker 7.04
ExtUtils::Manifest 1.69
ExtUtils::ParseXS 3.24
File::Spec 3.48
JSON 2.90
JSON::PP 2.27300
Module::Build 0.4211
Module::Signature 0.73
Parse::CPAN::Meta 1.4414
Test::Harness 3.35
Test::More 1.001014
YAML 1.14
YAML::Syck 1.29
version 0.9912
--
Summary of my perl5 (revision 5 version 20 subversion 1) configuration:
Platform:
osname=linux, osvers=3.2.0-4-amd64, archname=x86_64-linux-gnu-thread-multi
uname='linux binet 3.2.0-4-amd64 #1 smp debian 3.2.65-1+deb7u1 x86_64 gnulinux '
config_args='-Dusethreads -Duselargefiles -Dccflags=-DDEBIAN -D_FORTIFY_SOURCE=2 -g -O2 -fstack-protector-strong -Wformat -Werror=format-security -Dldflags= -Wl,-z,relro -Dlddlflags=-shared -Wl,-z,relro -Dcccdlflags=-fPIC -Darchname=x86_64-linux-gnu -Dprefix=/usr -Dprivlib=/usr/share/perl/5.20 -Darchlib=/usr/lib/x86_64-linux-gnu/perl/5.20 -Dvendorprefix=/usr -Dvendorlib=/usr/share/perl5 -Dvendorarch=/usr/lib/x86_64-linux-gnu/perl5/5.20 -Dsiteprefix=/usr/local -Dsitelib=/usr/local/share/perl/5.20.1 -Dsitearch=/usr/local/lib/x86_64-linux-gnu/perl/5.20.1 -Dman1dir=/usr/share/man/man1 -Dman3dir=/usr/share/man/man3 -Dsiteman1dir=/usr/local/man/man1 -Dsiteman3dir=/usr/local/man/man3 -Duse64bitint -Dman1ext=1 -Dman3ext=3perl -Dpager=/usr/bin/sensible-pager -Uafs -Ud_csh -Ud_ualarm -Uusesfio -Uusenm -Ui_libutil -Uversiononly -DDEBUGGING=-g -Doptimize=-O2 -Duseshrplib -Dlibperl=libperl.so.5.20.1 -des'
hint=recommended, useposix=true, d_sigaction=define
useithreads=define, usemultiplicity=define
use64bitint=define, use64bitall=define, uselongdouble=undef
usemymalloc=n, bincompat5005=undef
Compiler:
cc='cc', ccflags ='-D_REENTRANT -D_GNU_SOURCE -DDEBIAN -fwrapv -fno-strict-aliasing -pipe -I/usr/local/include -D_LARGEFILE_SOURCE -D_FILE_OFFSET_BITS=64',
optimize='-O2 -g',
cppflags='-D_REENTRANT -D_GNU_SOURCE -DDEBIAN -fwrapv -fno-strict-aliasing -pipe -I/usr/local/include'
ccversion='', gccversion='4.9.2', gccosandvers=''
intsize=4, longsize=8, ptrsize=8, doublesize=8, byteorder=12345678
d_longlong=define, longlongsize=8, d_longdbl=define, longdblsize=16
ivtype='long', ivsize=8, nvtype='double', nvsize=8, Off_t='off_t', lseeksize=8
alignbytes=8, prototype=define
Linker and Libraries:
ld='cc', ldflags =' -fstack-protector -L/usr/local/lib'
libpth=/usr/local/lib /usr/lib/gcc/x86_64-linux-gnu/4.9/include-fixed /usr/include/x86_64-linux-gnu /usr/lib /lib/x86_64-linux-gnu /lib/../lib /usr/lib/x86_64-linux-gnu /usr/lib/../lib /lib
libs=-lgdbm -lgdbm_compat -ldb -ldl -lm -lpthread -lc -lcrypt
perllibs=-ldl -lm -lpthread -lc -lcrypt
libc=libc-2.19.so, so=so, useshrplib=true, libperl=libperl.so.5.20
gnulibc_version='2.19'
Dynamic Linking:
dlsrc=dl_dlopen.xs, dlext=so, d_dlsymun=undef, ccdlflags='-Wl,-E'
cccdlflags='-fPIC', lddlflags='-shared -L/usr/local/lib -fstack-protector'
Characteristics of this binary (from libperl):
Compile-time options: HAS_TIMES MULTIPLICITY PERLIO_LAYERS
PERL_DONT_CREATE_GVSV
PERL_HASH_FUNC_ONE_AT_A_TIME_HARD
PERL_IMPLICIT_CONTEXT PERL_MALLOC_WRAP
PERL_NEW_COPY_ON_WRITE PERL_PRESERVE_IVUV
USE_64_BIT_ALL USE_64_BIT_INT USE_ITHREADS
USE_LARGE_FILES USE_LOCALE USE_LOCALE_COLLATE
USE_LOCALE_CTYPE USE_LOCALE_NUMERIC USE_PERLIO
USE_PERL_ATOF USE_REENTRANT_API
Locally applied patches:
DEBPKG:debian/cpan_definstalldirs - Provide a sensible INSTALLDIRS default for modules installed from CPAN.
DEBPKG:debian/db_file_ver - http://bugs.debian.org/340047 Remove overly restrictive DB_File version check.
DEBPKG:debian/doc_info - Replace generic man(1) instructions with Debian-specific information.
DEBPKG:debian/enc2xs_inc - http://bugs.debian.org/290336 Tweak enc2xs to follow symlinks and ignore missing @INC directories.
DEBPKG:debian/errno_ver - http://bugs.debian.org/343351 Remove Errno version check due to upgrade problems with long-running processes.
DEBPKG:debian/libperl_embed_doc - http://bugs.debian.org/186778 Note that libperl-dev package is required for embedded linking
DEBPKG:fixes/respect_umask - Respect umask during installation
DEBPKG:debian/writable_site_dirs - Set umask approproately for site install directories
DEBPKG:debian/extutils_set_libperl_path - EU:MM: set location of libperl.a under /usr/lib
DEBPKG:debian/no_packlist_perllocal - Don't install .packlist or perllocal.pod for perl or vendor
DEBPKG:debian/prefix_changes - Fiddle with *PREFIX and variables written to the makefile
DEBPKG:debian/fakeroot - Postpone LD_LIBRARY_PATH evaluation to the binary targets.
DEBPKG:debian/instmodsh_doc - Debian policy doesn't install .packlist files for core or vendor.
DEBPKG:debian/ld_run_path - Remove standard libs from LD_RUN_PATH as per Debian policy.
DEBPKG:debian/libnet_config_path - Set location of libnet.cfg to /etc/perl/Net as /usr may not be writable.
DEBPKG:debian/mod_paths - Tweak @INC ordering for Debian
DEBPKG:debian/module_build_man_extensions - http://bugs.debian.org/479460 Adjust Module::Build manual page extensions for the Debian Perl policy
DEBPKG:debian/prune_libs - http://bugs.debian.org/128355 Prune the list of libraries wanted to what we actually need.
DEBPKG:fixes/net_smtp_docs - [rt.cpan.org #36038] http://bugs.debian.org/100195 Document the Net::SMTP 'Port' option
DEBPKG:debian/perlivp - http://bugs.debian.org/510895 Make perlivp skip include directories in /usr/local
DEBPKG:debian/deprecate-with-apt - http://bugs.debian.org/747628 Point users to Debian packages of deprecated core modules
DEBPKG:debian/squelch-locale-warnings - http://bugs.debian.org/508764 Squelch locale warnings in Debian package maintainer scripts
DEBPKG:debian/skip-upstream-git-tests - Skip tests specific to the upstream Git repository
DEBPKG:debian/patchlevel - http://bugs.debian.org/567489 List packaged patches for 5.20.1-5 in patchlevel.h
DEBPKG:debian/skip-kfreebsd-crash - http://bugs.debian.org/628493 [perl #96272] Skip a crashing test case in t/op/threads.t on GNU/kFreeBSD
DEBPKG:fixes/document_makemaker_ccflags - http://bugs.debian.org/628522 [rt.cpan.org #68613] Document that CCFLAGS should include $Config{ccflags}
DEBPKG:debian/find_html2text - http://bugs.debian.org/640479 Configure CPAN::Distribution with correct name of html2text
DEBPKG:debian/perl5db-x-terminal-emulator.patch - http://bugs.debian.org/668490 Invoke x-terminal-emulator rather than xterm in perl5db.pl
DEBPKG:debian/cpan-missing-site-dirs - http://bugs.debian.org/688842 Fix CPAN::FirstTime defaults with nonexisting site dirs if a parent is writable
DEBPKG:fixes/memoize_storable_nstore - [rt.cpan.org #77790] http://bugs.debian.org/587650 Memoize::Storable: respect 'nstore' option not respected
DEBPKG:debian/regen-skip - Skip a regeneration check in unrelated git repositories
DEBPKG:fixes/regcomp-mips-optim - [perl #122817] http://bugs.debian.org/754054 Downgrade the optimization of regcomp.c on mips and mipsel due to a gcc-4.9 bug
DEBPKG:debian/makemaker-pasthru - http://bugs.debian.org/758471 Pass LD settings through to subdirectories
DEBPKG:fixes/perldoc-less-R - [rt.cpan.org #98636] http://bugs.debian.org/758689 Tell the 'less' pager to allow terminal escape sequences
DEBPKG:fixes/pod_man_reproducible_date - http://bugs.debian.org/759405 Support POD_MAN_DATE in Pod::Man for the left-hand footer
DEBPKG:fixes/data_dump_infinite_recurse - [19be3be] don't recurse infinitely in Data::Dumper
DEBPKG:fixes/io_uncompress_gunzip_inmemory - http://bugs.debian.org/747363 [rt.cpan.org #95494] Fix gunzip to in-memory file handle
DEBPKG:fixes/socket_test_recv_fix - http://bugs.debian.org/758718 [perl #122657] Compare recv return value to peername in socket test
DEBPKG:fixes/hurd_socket_recv_todo - http://bugs.debian.org/758718 [perl #122657] TODO checking the result of recv() on hurd
Built under linux
Compiled at Jan 25 2015 20:08:57
%ENV:
PERL5LIB="/home/njh/.cpan/build/Future-0.30-6BIZFV/blib/arch:/home/njh/.cpan/build/Future-0.30-6BIZFV/blib/lib:/home/njh/.cpan/build/Test-Identity-0.01-t_A5L6/blib/arch:/home/njh/.cpan/build/Test-Identity-0.01-t_A5L6/blib/lib:/home/njh/.cpan/build/Test-Refcount-0.08-Th5hyx/blib/arch:/home/njh/.cpan/build/Test-Refcount-0.08-Th5hyx/blib/lib"
PERL5OPT=""
PERL5_CPANPLUS_IS_RUNNING="16085"
PERL5_CPAN_IS_RUNNING="16085"
PERL5_MINISMOKEBOX="0.58"
PERLBREW_BASHRC_VERSION="0.71"
PERLBREW_HOME="/home/njh/.perlbrew"
PERLBREW_PATH="/home/njh/perl5/perlbrew/bin"
PERLBREW_ROOT="/home/njh/perl5/perlbrew"
PERLBREW_VERSION="0.71"
PERL_EXTUTILS_AUTOINSTALL="--defaultdeps"
PERL_MM_USE_DEFAULT="1"
@INC:
/home/njh/.cpan/build/Future-0.30-6BIZFV/blib/arch
/home/njh/.cpan/build/Future-0.30-6BIZFV/blib/lib
/home/njh/.cpan/build/Test-Identity-0.01-t_A5L6/blib/arch
/home/njh/.cpan/build/Test-Identity-0.01-t_A5L6/blib/lib
/home/njh/.cpan/build/Test-Refcount-0.08-Th5hyx/blib/arch
/home/njh/.cpan/build/Test-Refcount-0.08-Th5hyx/blib/lib
/etc/perl
/usr/local/lib/x86_64-linux-gnu/perl/5.20.1
/usr/local/share/perl/5.20.1
/usr/lib/x86_64-linux-gnu/perl5/5.20
/usr/share/perl5
/usr/lib/x86_64-linux-gnu/perl/5.20
/usr/share/perl/5.20
/usr/local/lib/site_perl
/usr/local/lib/x86_64-linux-gnu/perl/5.20.0
/usr/local/share/perl/5.20.0
.