Report for HTML-FromText-2.05

Back
From: metabase:user:20a45eae-6c1a-1014-abaf-4bc2b30e56df
Subject: FAIL HTML-FromText-2.05 v5.14.2 Windows (Cygwin)
Date: 2012-11-04T02:02:40Z

This distribution has been tested as part of the CPAN Testers
project, supporting the Perl programming language.  See
http://wiki.cpantesters.org/ for more information or email
questions to cpan-testers-discuss@perl.org


--
Dear Casey West,

This is a computer-generated report for HTML-FromText-2.05
on perl 5.14.2, created by CPAN-Reporter-1.2006.

Thank you for uploading your work to CPAN.  However, there was a problem
testing your distribution.

If you think this report is invalid, please consult the CPAN Testers Wiki
for suggestions on how to avoid getting FAIL reports for missing library
or binary dependencies, unsupported operating systems, and so on:

http://wiki.cpantesters.org/wiki/CPANAuthorNotes

Sections of this report:

    * Tester comments
    * Program output
    * Prerequisites
    * Environment and other context

------------------------------
TESTER COMMENTS
------------------------------

Additional comments from tester:

none provided

------------------------------
PROGRAM OUTPUT
------------------------------

Output from '/usr/bin/make test':

PERL_DL_NONLAZY=1 /usr/bin/perl.exe "-MExtUtils::Command::MM" "-e" "test_harness(0, 'blib/lib', 'blib/arch')" t/*.t

#   Failed test 'indented tables with normal para'
#   at t/01_features.t line 286.
#          got: '<table class="hft-tables">
#   <tr><td>http://www.pm.org</td><td>Perl Mongers</td></tr>
#   <tr><td>http://perl.com</td><td>O&#39;Reilly Perl Center</td></tr>
#   <tr><td>http://lists.perl.org</td><td>List of Mailing Lists</td></tr>
#   <tr><td>http://use.perl.org</td><td>Perl News and Community Journals</td></tr>
#   <tr><td>http://perl.apache.org</td><td>mod_perl</td></tr>
#   <tr><td>http://theperlreview.com</td><td>The Perl Review</td></tr>
# </table>
# '
#     expected: '<table class="hft-tables">
#   <tr><td>http://www.pm.org</td><td>Perl Mongers</td></tr>
#   <tr><td>http://perl.com</td><td>O'Reilly Perl Center</td></tr>
#   <tr><td>http://lists.perl.org</td><td>List of Mailing Lists</td></tr>
#   <tr><td>http://use.perl.org</td><td>Perl News and Community Journals</td></tr>
#   <tr><td>http://perl.apache.org</td><td>mod_perl</td></tr>
#   <tr><td>http://theperlreview.com</td><td>The Perl Review</td></tr>
# </table>
# '
# Looks like you failed 1 test of 28.
t/01_features.t .. 
Dubious, test returned 1 (wstat 256, 0x100)
Failed 1/28 subtests 

#   Failed test 'complex bullets'
#   at t/02_v2.01.t line 78.
#          got: '<ul class="hft-bullets">
# <li> Fast, powerful and extensible template processing system. </li>
#  <ul class="hft-bullets">
#  <li>         Powerful presentation language supports all standard templating directives, e.g. variable substitution, includes, conditionals,
#           loops. </li>
#    <ul class="hft-bullets">
#    <li>       Many additional features such as output filtering, exception handling, macro definition, support for plugin objects, definition
#           of template metadata, embedded Perl code (only enabled by EVAL_PERL option), definition of template blocks, a &#39;switch&#39;
#           statement, and more. </li>
#    <li>       Full support for complex Perl data types such as hashes, lists, objects and sub-routine references. </li>
#    </ul>
#   <li>        Clear separation of concerns between user interface (templates), application code (Perl objects/sub-routines) and data
#           (Perl data). </li>
#    <ul class="hft-bullets">
#    <li>       Programmer-centric back end, allowing application logic and data structures to be built in Perl. </li>
#    <li>       Designer-centric front end, hiding underlying complexity behind simple variable access. </li>
#    <li>       Templates are compiled to Perl code for maximum runtime efficiency and performance. Compiled templates are cached
#           and can be written to disk in &quot;compiled form&quot; (e.g. Perl code) to achieve cache persistance. </li>
#     <ul class="hft-bullets">
#     <li>      Well suited to online dynamic web content generation (e.g. Apache/mod_perl). </li>
#     <li>      Also has excellent support for offline batch processing for generating static pages (e.g. HTML, POD, LaTeX, PostScript,
#           plain text) from source templates. </li>
#      <ul class="hft-bullets">
#      <li>     Comprehensive documentation including tutorial and reference manuals. </li>
#      <li>     Fully Open Source and Free </li>
# </ul>
# </ul>
# </ul>
# </ul>
# </ul>
# '
#     expected: '<ul class="hft-bullets">
# <li> Fast, powerful and extensible template processing system. </li>
#  <ul class="hft-bullets">
#  <li>         Powerful presentation language supports all standard templating directives, e.g. variable substitution, includes, conditionals,
#           loops. </li>
#    <ul class="hft-bullets">
#    <li>       Many additional features such as output filtering, exception handling, macro definition, support for plugin objects, definition
#           of template metadata, embedded Perl code (only enabled by EVAL_PERL option), definition of template blocks, a 'switch'
#           statement, and more. </li>
#    <li>       Full support for complex Perl data types such as hashes, lists, objects and sub-routine references. </li>
#    </ul>
#   <li>        Clear separation of concerns between user interface (templates), application code (Perl objects/sub-routines) and data
#           (Perl data). </li>
#    <ul class="hft-bullets">
#    <li>       Programmer-centric back end, allowing application logic and data structures to be built in Perl. </li>
#    <li>       Designer-centric front end, hiding underlying complexity behind simple variable access. </li>
#    <li>       Templates are compiled to Perl code for maximum runtime efficiency and performance. Compiled templates are cached
#           and can be written to disk in &quot;compiled form&quot; (e.g. Perl code) to achieve cache persistance. </li>
#     <ul class="hft-bullets">
#     <li>      Well suited to online dynamic web content generation (e.g. Apache/mod_perl). </li>
#     <li>      Also has excellent support for offline batch processing for generating static pages (e.g. HTML, POD, LaTeX, PostScript,
#           plain text) from source templates. </li>
#      <ul class="hft-bullets">
#      <li>     Comprehensive documentation including tutorial and reference manuals. </li>
#      <li>     Fully Open Source and Free </li>
# </ul>
# </ul>
# </ul>
# </ul>
# </ul>
# '
# Looks like you failed 1 test of 6.
t/02_v2.01.t ..... 
Dubious, test returned 1 (wstat 256, 0x100)
Failed 1/6 subtests 
t/03_v2.02.t ..... ok
t/04_v2.03.t ..... ok
t/05_v2.04.t ..... ok
t/06_v2.05.t ..... ok
t/99_pod.t ....... ok

Test Summary Report
-------------------
t/01_features.t (Wstat: 256 Tests: 28 Failed: 1)
  Failed test:  28
  Non-zero exit status: 1
t/02_v2.01.t   (Wstat: 256 Tests: 6 Failed: 1)
  Failed test:  6
  Non-zero exit status: 1
Files=7, Tests=55,  2 wallclock secs ( 0.01 usr  0.06 sys +  0.39 cusr  0.49 csys =  0.96 CPU)
Result: FAIL
Failed 2/7 test programs. 2/55 subtests failed.
Makefile:854: recipe for target `test_dynamic' failed
make: *** [test_dynamic] Error 255

------------------------------
PREREQUISITES
------------------------------

Prerequisite modules loaded:

requires:

    Module                Need    Have     
    --------------------- ------- ---------
    Email::Find::addrspec 0.09    0.09     
    Exporter::Lite        0.01    0.02     
    HTML::Entities        1.26    3.69     
    Scalar::Util          1.12    1.25     
    Test::More            0.47    0.98     
    Text::Tabs            98.1128 2009.0305

build_requires:

    Module                Need    Have     
    --------------------- ------- ---------
    ExtUtils::MakeMaker   0       6.62     


------------------------------
ENVIRONMENT AND OTHER CONTEXT
------------------------------

Environment variables:

    COMSPEC = C:\Windows\system32\cmd.exe
    LANG = C.utf8
    NUMBER_OF_PROCESSORS = 8
    PATH = /usr/local/bin:/usr/bin:/cygdrive/c/Program Files (x86)/NVIDIA Corporation/PhysX/Common:/cygdrive/c/Program Files/Common Files/Microsoft Shared/Windows Live:/cygdrive/c/Program Files (x86)/Common Files/Microsoft Shared/Windows Live:/cygdrive/c/Windows/system32:/cygdrive/c/Windows:/cygdrive/c/Windows/System32/Wbem:/cygdrive/c/Windows/System32/WindowsPowerShell/v1.0:/cygdrive/c/Program Files/Intel/DMIX:/cygdrive/c/strawberry/c/bin:/cygdrive/c/strawberry/perl/site/bin:/cygdrive/c/strawberry/perl/bin:/cygdrive/c/Program Files (x86)/Windows Live/Shared:/usr/bin:/usr/lib/lapack:/bin:/usr/sbin://nas/pjacklam/peter/bin/pkg/math:/cygdrive/c/apps/emacs-23.4/bin://nas/pjacklam/peter/bin/os/unix/scripts:/cygdrive/c/Program Files (x86)/Java/jre6/bin
    PERL5LIB = /cygdrive/c/src/.cpan/build/Class-Singleton-1.4-n74BM5/blib/arch:/cygdrive/c/src/.cpan/build/Class-Singleton-1.4-n74BM5/blib/lib:/usr/local/lib/perl5/site_perl/5.14:/usr/local/lib/perl5/site_perl/5.14/i686-cygwin-threads-64int:/usr/local/lib/perl5/5.14:/usr/local/lib/perl5/5.14/i686-cygwin-threads-64int:/usr/local/lib/perl5
    PERL5OPT = 
    PERL5_CPANPLUS_IS_RUNNING = 4316
    PERL5_CPAN_IS_RUNNING = 4316
    PROCESSOR_IDENTIFIER = Intel64 Family 6 Model 42 Stepping 7, GenuineIntel
    SHELL = /bin/bash
    TEMP = /tmp
    TERM = xterm

Perl special variables (and OS-specific diagnostics, for MSWin32):

    $^X = /usr/bin/perl
    $UID/$EUID = 1000 / 1000
    $GID = 513 545 1003 513
    $EGID = 513 545 1003 513

Perl module toolchain versions installed:

    Module              Have    
    ------------------- --------
    CPAN                1.9800  
    CPAN::Meta          2.120921
    Cwd                 3.36    
    ExtUtils::CBuilder  0.280205
    ExtUtils::Command   1.17    
    ExtUtils::Install   1.56    
    ExtUtils::MakeMaker 6.62    
    ExtUtils::Manifest  1.60    
    ExtUtils::ParseXS   3.15    
    File::Spec          3.33    
    JSON                2.53    
    JSON::PP            2.27200 
    Module::Build       0.4003  
    Module::Signature   n/a     
    Parse::CPAN::Meta   1.4404  
    Test::Harness       3.25    
    Test::More          0.98    
    YAML                0.84    
    YAML::Syck          1.20    
    version             0.99    


--

Summary of my perl5 (revision 5 version 14 subversion 2) configuration:
   
  Platform:
    osname=cygwin, osvers=1.7.15(0.26053), archname=cygwin-thread-multi-64int
    uname='cygwin_nt-5.1 winxp 1.7.15(0.26053) 2012-05-09 10:25 i686 cygwin '
    config_args='-de -Dlibperl=cygperl5_14.dll -Dcc=gcc-4 -Dld=g++-4 -Darchname=i686-cygwin-threads-64int -Dmksymlinks -Dusethreads -Accflags=-g'
    hint=recommended, useposix=true, d_sigaction=define
    useithreads=define, usemultiplicity=define
    useperlio=define, d_sfio=undef, uselargefiles=define, usesocks=undef
    use64bitint=define, use64bitall=undef, uselongdouble=undef
    usemymalloc=n, bincompat5005=undef
  Compiler:
    cc='gcc-4', ccflags ='-DPERL_USE_SAFE_PUTENV -U__STRICT_ANSI__ -g -fno-strict-aliasing -pipe -fstack-protector',
    optimize='-O3',
    cppflags='-DPERL_USE_SAFE_PUTENV -U__STRICT_ANSI__ -g -fno-strict-aliasing -pipe -fstack-protector'
    ccversion='', gccversion='4.5.3', gccosandvers=''
    intsize=4, longsize=4, ptrsize=4, doublesize=8, byteorder=12345678
    d_longlong=define, longlongsize=8, d_longdbl=define, longdblsize=12
    ivtype='long long', ivsize=8, nvtype='double', nvsize=8, Off_t='off_t', lseeksize=8
    alignbytes=8, prototype=define
  Linker and Libraries:
    ld='g++-4', ldflags =' -Wl,--enable-auto-import -Wl,--export-all-symbols -Wl,--enable-auto-image-base -fstack-protector -L/usr/local/lib'
    libpth=/usr/local/lib /usr/lib /lib
    libs=-lgdbm -ldb -ldl -lcrypt -lgdbm_compat
    perllibs=-ldl -lcrypt
    libc=/usr/lib/libc.a, so=dll, useshrplib=true, libperl=cygperl5_14.dll
    gnulibc_version=''
  Dynamic Linking:
    dlsrc=dl_dlopen.xs, dlext=dll, d_dlsymun=undef, ccdlflags=' '
    cccdlflags=' ', lddlflags=' --shared  -Wl,--enable-auto-import -Wl,--export-all-symbols -Wl,--enable-auto-image-base -L/usr/local/lib -fstack-protector'


Characteristics of this binary (from libperl): 
  Compile-time options: MULTIPLICITY PERL_DONT_CREATE_GVSV
                        PERL_IMPLICIT_CONTEXT PERL_PRESERVE_IVUV
                        PERL_USE_SAFE_PUTENV USE_64_BIT_INT USE_ITHREADS
                        USE_LARGE_FILES USE_PERLIO USE_PERL_ATOF
                        USE_REENTRANT_API
  Locally applied patches:
	Bug#55162 File::Spec::case_tolerant performance
	CYG07 $vendorarch/auto/.rebase
	CYG15 static Win32CORE
	CYG17 cyg-1.7 paths-utf8
	0c612ce82 Fix building static extensions on cygwin, -UUSEIMPORTLIB
	1bac5ecc1 Fix 64-bit threading sv.c: S_anonymise_cv_maybe
	Cygwin::sync_winenv added
  Built under cygwin
  Compiled at Jul 12 2012 14:17:21
  %ENV:
    PERL5LIB="/cygdrive/c/src/.cpan/build/Class-Singleton-1.4-n74BM5/blib/arch:/cygdrive/c/src/.cpan/build/Class-Singleton-1.4-n74BM5/blib/lib:/usr/local/lib/perl5/site_perl/5.14:/usr/local/lib/perl5/site_perl/5.14/i686-cygwin-threads-64int:/usr/local/lib/perl5/5.14:/usr/local/lib/perl5/5.14/i686-cygwin-threads-64int:/usr/local/lib/perl5"
    PERL5OPT=""
    PERL5_CPANPLUS_IS_RUNNING="4316"
    PERL5_CPAN_IS_RUNNING="4316"
    CYGWIN="codepage:utf8 nodosfilewarning"
  @INC:
    /cygdrive/c/src/.cpan/build/Class-Singleton-1.4-n74BM5/blib/arch
    /cygdrive/c/src/.cpan/build/Class-Singleton-1.4-n74BM5/blib/lib
    /usr/local/lib/perl5/site_perl/5.14
    /usr/local/lib/perl5/site_perl/5.14/i686-cygwin-threads-64int
    /usr/local/lib/perl5/5.14
    /usr/local/lib/perl5/5.14/i686-cygwin-threads-64int
    /usr/local/lib/perl5/cygwin-thread-multi-64int
    /usr/local/lib/perl5
    /usr/lib/perl5/site_perl/5.14/i686-cygwin-threads-64int
    /usr/lib/perl5/site_perl/5.14
    /usr/lib/perl5/vendor_perl/5.14/i686-cygwin-threads-64int
    /usr/lib/perl5/vendor_perl/5.14
    /usr/lib/perl5/5.14/i686-cygwin-threads-64int
    /usr/lib/perl5/5.14
    /usr/lib/perl5/site_perl/5.10
    /usr/lib/perl5/vendor_perl/5.10
    /usr/lib/perl5/site_perl/5.8
    .