Back
From: metabase:user:320bfe00-2aae-11df-837a-5e0a49663a4f
Subject: FAIL DBIx-Class-Result-ColumnData-0.16 v5.22.2 GNU/Linux
Date: 2016-05-02T04:18:30Z
This distribution has been tested as part of the CPAN Testers
project, supporting the Perl programming language. See
http://wiki.cpantesters.org/ for more information or email
questions to cpan-testers-discuss@perl.org
--
Dear Nicolas Oudard,
This is a computer-generated report for DBIx-Class-Result-ColumnData-0.16
on perl 5.22.2, created by CPAN-Reporter-1.2017.
Thank you for uploading your work to CPAN. However, there was a problem
testing your distribution.
If you think this report is invalid, please consult the CPAN Testers Wiki
for suggestions on how to avoid getting FAIL reports for missing library
or binary dependencies, unsupported operating systems, and so on:
http://wiki.cpantesters.org/wiki/CPANAuthorNotes
Sections of this report:
* Tester comments
* Program output
* Prerequisites
* Environment and other context
------------------------------
TESTER COMMENTS
------------------------------
Additional comments from tester:
this report is from an automated smoke testing program
and was not reviewed by a human for accuracy
------------------------------
PROGRAM OUTPUT
------------------------------
Output from './Build test':
# Testing DBIx::Class::Result::ColumnData 0.16, Perl 5.022002, /tmp/basesmoker-reloperl-e3vy/bin/perl
t/00-load.t ...................... ok
columns_data is decrecated, use get_column_data at t/01-columns_data.t line 24.
artist_columns_data is decrecated, use artist_column_data at t/01-columns_data.t line 30.
# Failed test 'tracks_column data return only the column we give'
# at t/01-columns_data.t line 43.
# Structures begin differing at:
# $got->[0] = 'trackid'
# $expected->[0] = 'cdid'
tracks_columns_data is decrecated, use tracks_column_data at t/01-columns_data.t line 46.
# Looks like you failed 1 test of 10.
t/01-columns_data.t ..............
Dubious, test returned 1 (wstat 256, 0x100)
Failed 1/10 subtests
t/02-validation_compatibility.t .. ok
m2martists_columns_data is decrecated, use m2martists_column_data at t/03-introspector_m2m.t line 35.
t/03-introspector_m2m.t .......... ok
t/boilerplate.t .................. ok
t/manifest.t ..................... skipped: Author tests not required for installation
t/pod-coverage.t ................. ok
t/pod.t .......................... ok
Test Summary Report
-------------------
t/01-columns_data.t (Wstat: 256 Tests: 10 Failed: 1)
Failed test: 7
Non-zero exit status: 1
t/boilerplate.t (Wstat: 0 Tests: 3 Failed: 0)
TODO passed: 2-3
Files=8, Tests=22, 2 wallclock secs ( 0.01 usr 0.05 sys + 1.44 cusr 0.15 csys = 1.65 CPU)
Result: FAIL
Failed 1/8 test programs. 1/22 subtests failed.
------------------------------
PREREQUISITES
------------------------------
Prerequisite modules loaded:
requires:
Module Need Have
------------------------------- -------- ------------
Carp 1.17 1.38
DateTime 0.65 1.26
DateTime::Format::SQLite 0.11 0.11
DBIx::Class 0.08127 0.082821
DBIx::Class::IntrospectableM2M 0.001001 0.001002
DBIx::Class::Result::Validation 0.05 0.13
SQL::Translator 0.11007 0.11021
Test::More 0 1.302014_009
build_requires:
Module Need Have
------------------------------- -------- ------------
Test::More 0 1.302014_009
configure_requires:
Module Need Have
------------------------------- -------- ------------
Module::Build 0.42 0.4218
------------------------------
ENVIRONMENT AND OTHER CONTEXT
------------------------------
Environment variables:
AUTOMATED_TESTING = 1
LANG = C
PATH = /usr/lib/ccache:/home/sand/bin:/usr/local/bin:/usr/lib/ccache:/usr/bin:/bin:/usr/games:/usr/local/perl/bin:/usr/X11/bin:/sbin:/usr/sbin
PERL = /tmp/basesmoker-reloperl-e3vy/bin/perl
PERL5LIB =
PERL5OPT =
PERL5_CPANPLUS_IS_RUNNING = 20427
PERL5_CPAN_IS_RUNNING = 20427
PERL_CANARY_STABILITY_NOPROMPT = 1
PERL_MM_USE_DEFAULT = 1
SHELL = /usr/bin/zsh
TERM = screen
Perl special variables (and OS-specific diagnostics, for MSWin32):
$^X = /tmp/basesmoker-reloperl-e3vy/bin/perl
$UID/$EUID = 1005 / 1005
$GID = 1005 1005
$EGID = 1005 1005
Perl module toolchain versions installed:
Module Have
------------------- ------------
CPAN 2.12
CPAN::Meta 2.150005
Cwd 3.62
ExtUtils::CBuilder 0.280224
ExtUtils::Command 7.14
ExtUtils::Install 2.04
ExtUtils::MakeMaker 7.14
ExtUtils::Manifest 1.70
ExtUtils::ParseXS 3.28
File::Spec 3.62
JSON 2.90
JSON::PP 2.27300
Module::Build 0.4218
Module::Signature 0.79
Parse::CPAN::Meta 1.4417
Test::Harness 3.36
Test::More 1.302014_009
YAML 1.15
YAML::Syck 1.29
version 0.9916
--
Summary of my perl5 (revision 5 version 22 subversion 2) configuration:
Commit id: 9cbffb38735712e3a34e6f537892b6ef06fb815f
Platform:
osname=linux, osvers=4.5.0-2-amd64, archname=x86_64-linux-ld
uname='linux k93x64sid 4.5.0-2-amd64 #1 smp debian 4.5.2-1 (2016-04-28) x86_64 gnulinux '
config_args='-Dprefix=/home/sand/src/perl/repoperls/installed-perls/host/k93x64sid/v5.22.2/3bd2 -Dmyhostname=k93x64sid -Dinstallusrbinperl=n -Uversiononly -Dusedevel -des -Ui_db -Dlibswanted=cl pthread socket inet nsl gdbm dbm malloc dl ld sun m crypt sec util c cposix posix ucb BSD gdbm_compat -Uuseithreads -Duselongdouble -DDEBUGGING=-g'
hint=recommended, useposix=true, d_sigaction=define
useithreads=undef, usemultiplicity=undef
use64bitint=define, use64bitall=define, uselongdouble=define
usemymalloc=n, bincompat5005=undef
Compiler:
cc='cc', ccflags ='-fwrapv -fno-strict-aliasing -pipe -fstack-protector-strong -I/usr/local/include -D_LARGEFILE_SOURCE -D_FILE_OFFSET_BITS=64 -D_FORTIFY_SOURCE=2',
optimize='-O2 -g',
cppflags='-fwrapv -fno-strict-aliasing -pipe -fstack-protector-strong -I/usr/local/include'
ccversion='', gccversion='5.3.1 20160429', gccosandvers=''
intsize=4, longsize=8, ptrsize=8, doublesize=8, byteorder=12345678, doublekind=3
d_longlong=define, longlongsize=8, d_longdbl=define, longdblsize=16, longdblkind=3
ivtype='long', ivsize=8, nvtype='long double', nvsize=16, Off_t='off_t', lseeksize=8
alignbytes=16, prototype=define
Linker and Libraries:
ld='cc', ldflags =' -fstack-protector-strong -L/usr/local/lib'
libpth=/usr/local/lib /usr/lib/gcc/x86_64-linux-gnu/5/include-fixed /usr/include/x86_64-linux-gnu /usr/lib /lib/x86_64-linux-gnu /lib/../lib /usr/lib/x86_64-linux-gnu /usr/lib/../lib /lib
libs=-lpthread -lnsl -ldl -lm -lcrypt -lutil -lc
perllibs=-lpthread -lnsl -ldl -lm -lcrypt -lutil -lc
libc=libc-2.22.so, so=so, useshrplib=false, libperl=libperl.a
gnulibc_version='2.22'
Dynamic Linking:
dlsrc=dl_dlopen.xs, dlext=so, d_dlsymun=undef, ccdlflags='-Wl,-E'
cccdlflags='-fPIC', lddlflags='-shared -O2 -g -L/usr/local/lib -fstack-protector-strong'
Characteristics of this binary (from libperl):
Compile-time options: HAS_TIMES PERLIO_LAYERS PERL_DONT_CREATE_GVSV
PERL_HASH_FUNC_ONE_AT_A_TIME_HARD PERL_MALLOC_WRAP
PERL_NEW_COPY_ON_WRITE PERL_PRESERVE_IVUV
PERL_USE_DEVEL USE_64_BIT_ALL USE_64_BIT_INT
USE_LARGE_FILES USE_LOCALE USE_LOCALE_COLLATE
USE_LOCALE_CTYPE USE_LOCALE_NUMERIC USE_LOCALE_TIME
USE_LONG_DOUBLE USE_PERLIO USE_PERL_ATOF
Built under linux
Compiled at Jan 1 1970 00:00:00
%ENV:
PERL="/tmp/basesmoker-reloperl-e3vy/bin/perl"
PERL5LIB=""
PERL5OPT=""
PERL5_CPANPLUS_IS_RUNNING="20427"
PERL5_CPAN_IS_RUNNING="20427"
PERL_CANARY_STABILITY_NOPROMPT="1"
PERL_MM_USE_DEFAULT="1"
@INC:
/home/sand/src/perl/repoperls/installed-perls/host/k93x64sid/v5.22.2/3bd2/lib/site_perl/5.22.2/x86_64-linux-ld
/home/sand/src/perl/repoperls/installed-perls/host/k93x64sid/v5.22.2/3bd2/lib/site_perl/5.22.2
/home/sand/src/perl/repoperls/installed-perls/host/k93x64sid/v5.22.2/3bd2/lib/5.22.2/x86_64-linux-ld
/home/sand/src/perl/repoperls/installed-perls/host/k93x64sid/v5.22.2/3bd2/lib/5.22.2
.