Report for Plucene-1.25

Back
From: metabase:user:9820532a-708b-1014-9a05-b18a96298da1
Subject: FAIL Plucene-1.25 v5.23.8 GNU/Linux
Date: 2016-03-19T20:34:06Z

This distribution has been tested as part of the CPAN Testers
project, supporting the Perl programming language.  See
http://wiki.cpantesters.org/ for more information or email
questions to cpan-testers-discuss@perl.org


--
Dear Tony Bowden,

This is a computer-generated report for Plucene-1.25
on perl 5.23.8, created by CPAN-Reporter-1.2017.

Thank you for uploading your work to CPAN.  However, there was a problem
testing your distribution.

If you think this report is invalid, please consult the CPAN Testers Wiki
for suggestions on how to avoid getting FAIL reports for missing library
or binary dependencies, unsupported operating systems, and so on:

http://wiki.cpantesters.org/wiki/CPANAuthorNotes

Sections of this report:

    * Tester comments
    * Program output
    * Prerequisites
    * Environment and other context

------------------------------
TESTER COMMENTS
------------------------------

Additional comments from tester:

this report is from an automated smoke testing program
and was not reviewed by a human for accuracy

------------------------------
PROGRAM OUTPUT
------------------------------

Output from './Build test':

t/98_pod_coverage.t .. ok

#   Failed test 'POD test for blib/lib/Plucene/TestCase.pm'
#   at /home/smoker/perl5/perlbrew/perls/perl-5.23.8/lib/site_perl/5.23.8/Test/Pod.pm line 187.
# blib/lib/Plucene/TestCase.pm (49): =over without closing =back

#   Failed test 'POD test for blib/lib/Plucene/Search/BooleanQuery.pm'
#   at /home/smoker/perl5/perlbrew/perls/perl-5.23.8/lib/site_perl/5.23.8/Test/Pod.pm line 187.
# blib/lib/Plucene/Search/BooleanQuery.pm (83): Expected text after =item, not a bullet
# Looks like you failed 2 tests of 70.
t/99_pod.t ........... 
Dubious, test returned 2 (wstat 512, 0x200)
Failed 2/70 subtests 
t/analyzers.t ........ ok
t/datesearch.t ....... ok
t/dateserializer.t ... ok
t/deletable.t ........ ok
t/delete.t ........... ok
t/indexsearcher.t .... ok
t/mergefactor.t ...... ok
t/queryparser.t ...... ok
t/regress-01.t ....... ok
t/regress-02.t ....... ok
t/regress-04.t ....... ok
t/search_hits.t ...... ok
t/searchtest.t ....... ok
t/segments.t ......... ok
t/similarity.t ....... ok
t/sloppy_scorer.t .... ok
# Indexing the entire Odyssey. This may take some time
# t/data/book1
# t/data/book10
# t/data/book11
# t/data/book12
# t/data/book13
# t/data/book14
# t/data/book15
# t/data/book16
# t/data/book17
# t/data/book18
# t/data/book19
# t/data/book2
# t/data/book20
# t/data/book21
# t/data/book22
# t/data/book23
# t/data/book24
# t/data/book3
# t/data/book4
# t/data/book5
# t/data/book6
# t/data/book7
# t/data/book8
# t/data/book9
# t/data/preface
# Closing
t/stress.t ........... ok
t/terminfostest.t .... ok
t/testbitvector.t .... ok
t/testindexwriter.t .. ok
t/tokenfilter.t ...... ok
t/tokenizer.t ........ ok
t/utf8.t ............. ok

Test Summary Report
-------------------
t/99_pod.t         (Wstat: 512 Tests: 70 Failed: 2)
  Failed tests:  6, 58
  Non-zero exit status: 2
Files=25, Tests=6101, 10 wallclock secs ( 0.42 usr  0.07 sys +  7.99 cusr  1.44 csys =  9.92 CPU)
Result: FAIL
Failed 1/25 test programs. 2/6101 subtests failed.

------------------------------
PREREQUISITES
------------------------------

Prerequisite modules loaded:

requires:

    Module                Need      Have   
    --------------------- --------- -------
    Bit::Vector::Minimal  1.0       1.3    
    Carp                  0         1.38   
    Class::Accessor       0.18      0.34   
    Class::Accessor::Fast 0.02      0.34   
    Class::Virtual        0.03      0.07   
    Encode                0         2.82   
    File::Spec::Functions 1.1       3.63   
    IO::File              1.08      1.16   
    IO::Handle            1.21_00   1.35   
    IO::Scalar            2.104     2.111  
    Lingua::Stem::En      2.12      2.16   
    List::Util            1.13      1.44   
    Memoize               1.01      1.03   
    Tie::Array::Sorted    1.1       1.41   
    Time::Piece           1.08      1.31   

build_requires:

    Module                Need      Have   
    --------------------- --------- -------
    File::Slurp           2002.1031 9999.19
    Test::Harness         2.30      3.36   


------------------------------
ENVIRONMENT AND OTHER CONTEXT
------------------------------

Environment variables:

    AUTOMATED_TESTING = 1
    LANG = en_GB.UTF-8
    LANGUAGE = en_GB:en
    PATH = /home/smoker/perl5/perlbrew/bin:/home/smoker/perl5/perlbrew/perls/perl-5.23.8/bin:/home/smoker/perl5/bin:/home/smoker/perl5/bin:/home/smoker/bin:/usr/local/sbin:/usr/local/bin:/usr/sbin:/usr/bin:/sbin:/bin:/usr/games:/usr/local/games:/home/smoker/.rvm/bin
    PERL5LIB = /home/smoker/.cpan/build/Tie-Array-Sorted-1.41-wtGtmN/blib/arch:/home/smoker/.cpan/build/Tie-Array-Sorted-1.41-wtGtmN/blib/lib:/home/smoker/.cpan/build/Bit-Vector-Minimal-1.3-m3rlrh/blib/arch:/home/smoker/.cpan/build/Bit-Vector-Minimal-1.3-m3rlrh/blib/lib:/home/smoker/.cpan/build/Class-Virtual-0.07-85s12x/blib/arch:/home/smoker/.cpan/build/Class-Virtual-0.07-85s12x/blib/lib:/home/smoker/.cpan/build/Wiki-Toolkit-Plugin-Categoriser-0.08-FFRX6z/blib/arch:/home/smoker/.cpan/build/Wiki-Toolkit-Plugin-Categoriser-0.08-FFRX6z/blib/lib:/home/smoker/.cpan/build/Wiki-Toolkit-0.84-w4b6ay/blib/arch:/home/smoker/.cpan/build/Wiki-Toolkit-0.84-w4b6ay/blib/lib:/home/smoker/.cpan/build/Text-WikiFormat-0.81-pYcIXR/blib/arch:/home/smoker/.cpan/build/Text-WikiFormat-0.81-pYcIXR/blib/lib:/home/smoker/.cpan/build/Net-Netmask-1.9022-az0dIj/blib/arch:/home/smoker/.cpan/build/Net-Netmask-1.9022-az0dIj/blib/lib:/home/smoker/perl5/lib/perl5
    PERL5OPT = 
    PERL5_CPANPLUS_IS_RUNNING = 11478
    PERL5_CPAN_IS_RUNNING = 11478
    PERL5_CPAN_IS_RUNNING_IN_RECURSION = 14146,11478
    PERLBREW_BASHRC_VERSION = 0.74
    PERLBREW_HOME = /home/smoker/.perlbrew
    PERLBREW_MANPATH = /home/smoker/perl5/perlbrew/perls/perl-5.23.8/man
    PERLBREW_PATH = /home/smoker/perl5/perlbrew/bin:/home/smoker/perl5/perlbrew/perls/perl-5.23.8/bin
    PERLBREW_PERL = perl-5.23.8
    PERLBREW_ROOT = /home/smoker/perl5/perlbrew
    PERLBREW_VERSION = 0.74
    PERL_CPANM_OPT = --mirror http://cpan.cpantesters.org
    PERL_CR_SMOKER_CURRENT = OpenGuides-0.81
    PERL_EXTUTILS_AUTOINSTALL = --defaultdeps
    PERL_LOCAL_LIB_ROOT = /home/smoker/perl5
    PERL_MB_OPT = --install_base "/home/smoker/perl5"
    PERL_MM_OPT = INSTALL_BASE=/home/smoker/perl5
    PERL_MM_USE_DEFAULT = 1
    SHELL = /bin/bash
    TERM = xterm

Perl special variables (and OS-specific diagnostics, for MSWin32):

    $^X = /home/smoker/perl5/perlbrew/perls/perl-5.23.8/bin/perl5.23.8
    $UID/$EUID = 1003 / 1003
    $GID = 1003 27 1003
    $EGID = 1003 27 1003

Perl module toolchain versions installed:

    Module              Have    
    ------------------- --------
    CPAN                2.11    
    CPAN::Meta          2.150005
    Cwd                 3.63    
    ExtUtils::CBuilder  0.280225
    ExtUtils::Command   7.10    
    ExtUtils::Install   2.04    
    ExtUtils::MakeMaker 7.10_01 
    ExtUtils::Manifest  1.70    
    ExtUtils::ParseXS   3.31    
    File::Spec          3.63    
    JSON                2.90    
    JSON::PP            2.27300 
    Module::Build       0.4216  
    Module::Signature   n/a     
    Parse::CPAN::Meta   1.4417  
    Test::Harness       3.36    
    Test::More          1.001014
    YAML                1.15    
    YAML::Syck          1.29    
    version             0.9915  


--

Summary of my perl5 (revision 5 version 23 subversion 8) configuration:
   
  Platform:
    osname=linux, osvers=4.2.0-34-generic, archname=x86_64-linux
    uname='linux ubuntu 4.2.0-34-generic #39~14.04.1-ubuntu smp fri mar 11 11:38:02 utc 2016 x86_64 x86_64 x86_64 gnulinux '
    config_args='-de -Dprefix=/home/smoker/perl5/perlbrew/perls/perl-5.23.8 -Dman1dir=none -Dman3dir=none -Dusedevel -Aeval:scriptdir=/home/smoker/perl5/perlbrew/perls/perl-5.23.8/bin'
    hint=recommended, useposix=true, d_sigaction=define
    useithreads=undef, usemultiplicity=undef
    use64bitint=define, use64bitall=define, uselongdouble=undef
    usemymalloc=n, bincompat5005=undef
  Compiler:
    cc='cc', ccflags ='-fwrapv -fno-strict-aliasing -pipe -fstack-protector -I/usr/local/include -D_LARGEFILE_SOURCE -D_FILE_OFFSET_BITS=64',
    optimize='-O2',
    cppflags='-fwrapv -fno-strict-aliasing -pipe -fstack-protector -I/usr/local/include'
    ccversion='', gccversion='4.8.4', gccosandvers=''
    intsize=4, longsize=8, ptrsize=8, doublesize=8, byteorder=12345678, doublekind=3
    d_longlong=define, longlongsize=8, d_longdbl=define, longdblsize=16, longdblkind=3
    ivtype='long', ivsize=8, nvtype='double', nvsize=8, Off_t='off_t', lseeksize=8
    alignbytes=8, prototype=define
  Linker and Libraries:
    ld='cc', ldflags =' -fstack-protector -L/usr/local/lib'
    libpth=/usr/local/lib /usr/lib/gcc/x86_64-linux-gnu/4.8/include-fixed /usr/include/x86_64-linux-gnu /usr/lib /lib/x86_64-linux-gnu /lib/../lib /usr/lib/x86_64-linux-gnu /usr/lib/../lib /lib
    libs=-lpthread -lnsl -lgdbm -ldb -ldl -lm -lcrypt -lutil -lc -lgdbm_compat
    perllibs=-lpthread -lnsl -ldl -lm -lcrypt -lutil -lc
    libc=libc-2.19.so, so=so, useshrplib=false, libperl=libperl.a
    gnulibc_version='2.19'
  Dynamic Linking:
    dlsrc=dl_dlopen.xs, dlext=so, d_dlsymun=undef, ccdlflags='-Wl,-E'
    cccdlflags='-fPIC', lddlflags='-shared -O2 -L/usr/local/lib -fstack-protector'


Characteristics of this binary (from libperl): 
  Compile-time options: HAS_TIMES PERLIO_LAYERS PERL_COPY_ON_WRITE
                        PERL_DONT_CREATE_GVSV
                        PERL_HASH_FUNC_ONE_AT_A_TIME_HARD PERL_MALLOC_WRAP
                        PERL_PRESERVE_IVUV PERL_USE_DEVEL USE_64_BIT_ALL
                        USE_64_BIT_INT USE_LARGE_FILES USE_LOCALE
                        USE_LOCALE_COLLATE USE_LOCALE_CTYPE
                        USE_LOCALE_NUMERIC USE_LOCALE_TIME USE_PERLIO
                        USE_PERL_ATOF
  Locally applied patches:
	Devel::PatchPerl 1.38
  Built under linux
  Compiled at Mar 16 2016 15:43:15
  %ENV:
    PERL5LIB="/home/smoker/.cpan/build/Tie-Array-Sorted-1.41-wtGtmN/blib/arch:/home/smoker/.cpan/build/Tie-Array-Sorted-1.41-wtGtmN/blib/lib:/home/smoker/.cpan/build/Bit-Vector-Minimal-1.3-m3rlrh/blib/arch:/home/smoker/.cpan/build/Bit-Vector-Minimal-1.3-m3rlrh/blib/lib:/home/smoker/.cpan/build/Class-Virtual-0.07-85s12x/blib/arch:/home/smoker/.cpan/build/Class-Virtual-0.07-85s12x/blib/lib:/home/smoker/.cpan/build/Wiki-Toolkit-Plugin-Categoriser-0.08-FFRX6z/blib/arch:/home/smoker/.cpan/build/Wiki-Toolkit-Plugin-Categoriser-0.08-FFRX6z/blib/lib:/home/smoker/.cpan/build/Wiki-Toolkit-0.84-w4b6ay/blib/arch:/home/smoker/.cpan/build/Wiki-Toolkit-0.84-w4b6ay/blib/lib:/home/smoker/.cpan/build/Text-WikiFormat-0.81-pYcIXR/blib/arch:/home/smoker/.cpan/build/Text-WikiFormat-0.81-pYcIXR/blib/lib:/home/smoker/.cpan/build/Net-Netmask-1.9022-az0dIj/blib/arch:/home/smoker/.cpan/build/Net-Netmask-1.9022-az0dIj/blib/lib:/home/smoker/perl5/lib/perl5"
    PERL5OPT=""
    PERL5_CPANPLUS_IS_RUNNING="11478"
    PERL5_CPAN_IS_RUNNING="11478"
    PERL5_CPAN_IS_RUNNING_IN_RECURSION="14146,11478"
    PERLBREW_BASHRC_VERSION="0.74"
    PERLBREW_HOME="/home/smoker/.perlbrew"
    PERLBREW_MANPATH="/home/smoker/perl5/perlbrew/perls/perl-5.23.8/man"
    PERLBREW_PATH="/home/smoker/perl5/perlbrew/bin:/home/smoker/perl5/perlbrew/perls/perl-5.23.8/bin"
    PERLBREW_PERL="perl-5.23.8"
    PERLBREW_ROOT="/home/smoker/perl5/perlbrew"
    PERLBREW_VERSION="0.74"
    PERL_CPANM_OPT="--mirror http://cpan.cpantesters.org"
    PERL_CR_SMOKER_CURRENT="OpenGuides-0.81"
    PERL_EXTUTILS_AUTOINSTALL="--defaultdeps"
    PERL_LOCAL_LIB_ROOT="/home/smoker/perl5"
    PERL_MB_OPT="--install_base "/home/smoker/perl5""
    PERL_MM_OPT="INSTALL_BASE=/home/smoker/perl5"
    PERL_MM_USE_DEFAULT="1"
  @INC:
    /home/smoker/.cpan/build/Tie-Array-Sorted-1.41-wtGtmN/blib/arch
    /home/smoker/.cpan/build/Tie-Array-Sorted-1.41-wtGtmN/blib/lib
    /home/smoker/.cpan/build/Bit-Vector-Minimal-1.3-m3rlrh/blib/arch
    /home/smoker/.cpan/build/Bit-Vector-Minimal-1.3-m3rlrh/blib/lib
    /home/smoker/.cpan/build/Class-Virtual-0.07-85s12x/blib/arch
    /home/smoker/.cpan/build/Class-Virtual-0.07-85s12x/blib/lib
    /home/smoker/.cpan/build/Wiki-Toolkit-Plugin-Categoriser-0.08-FFRX6z/blib/arch
    /home/smoker/.cpan/build/Wiki-Toolkit-Plugin-Categoriser-0.08-FFRX6z/blib/lib
    /home/smoker/.cpan/build/Wiki-Toolkit-0.84-w4b6ay/blib/arch
    /home/smoker/.cpan/build/Wiki-Toolkit-0.84-w4b6ay/blib/lib
    /home/smoker/.cpan/build/Text-WikiFormat-0.81-pYcIXR/blib/arch
    /home/smoker/.cpan/build/Text-WikiFormat-0.81-pYcIXR/blib/lib
    /home/smoker/.cpan/build/Net-Netmask-1.9022-az0dIj/blib/arch
    /home/smoker/.cpan/build/Net-Netmask-1.9022-az0dIj/blib/lib
    /home/smoker/perl5/lib/perl5/5.23.8/x86_64-linux
    /home/smoker/perl5/lib/perl5/5.23.8
    /home/smoker/perl5/lib/perl5/x86_64-linux
    /home/smoker/perl5/lib/perl5
    /home/smoker/perl5/perlbrew/perls/perl-5.23.8/lib/site_perl/5.23.8/x86_64-linux
    /home/smoker/perl5/perlbrew/perls/perl-5.23.8/lib/site_perl/5.23.8
    /home/smoker/perl5/perlbrew/perls/perl-5.23.8/lib/5.23.8/x86_64-linux
    /home/smoker/perl5/perlbrew/perls/perl-5.23.8/lib/5.23.8
    .