Weather-NHC-TropicalCyclone v0.19 Perl 5 v5.14.1 amd64-freebsd-thread-multi
- Status
- Fail
- From
- Chris Williams (BINGOS)
- Dist
-
Weather-NHC-TropicalCyclone v0.19
- Platform
- Perl 5 v5.14.1 amd64-freebsd-thread-multi
- Date
- 2020-10-03 02:48:33
- ID
- ed55662e-0522-11eb-adbd-c90f916a6dac
This distribution has been tested as part of the CPAN Testers
project, supporting the Perl programming language. See
http://wiki.cpantesters.org/ for more information or email
questions to cpan-testers-discuss@perl.org
--
Dear DANX,
This is a computer-generated error report created automatically by
CPANPLUS, version 0.9908. Testers personal comments may appear
at the end of this report.
Thank you for uploading your work to CPAN. However, it appears that
there were some problems testing your distribution.
TEST RESULTS:
Below is the error stack from stage 'make test':
PERL_DL_NONLAZY=1 "/usr/home/cpan/pit/thr/perl-5.14.1/bin/perl" "-MExtUtils::Command::MM" "-MTest::Harness" "-e" "undef *Test::Harness::Switches; test_harness(0, 'blib/lib', 'blib/arch')" t/*.t t/unit/lib-Weather-NHC-TropicalCyclone-ForecastAdvisory/*.t t/unit/lib-Weather-NHC-TropicalCyclone-Storm/*.t t/unit/lib-Weather-NHC-TropicalCyclone-StormHistory/*.t t/unit/lib-Weather-NHC-TropicalCyclone/*.t
t/release-kwalitee.t ................................................ skipped: these tests are for release candidate testing
t/unit/lib-Weather-NHC-TropicalCyclone-ForecastAdvisory/01-basic.t .. ok
t/unit/lib-Weather-NHC-TropicalCyclone-Storm/01-basic.t ............. ok
t/unit/lib-Weather-NHC-TropicalCyclone-StormHistory/01-basic.t ...... ok
Fetching of https://www.nhc.noaa.gov/index-at.xml failed. HTTP status: 599
# Tests were run but no plan was declared and done_testing() was not seen.
# Looks like your test exited with 255 just after 9.
t/unit/lib-Weather-NHC-TropicalCyclone/01-basic.t ...................
Dubious, test returned 255 (wstat 65280, 0xff00)
All 9 subtests passed
Test Summary Report
-------------------
t/unit/lib-Weather-NHC-TropicalCyclone/01-basic.t (Wstat: 65280 Tests: 9 Failed: 0)
Non-zero exit status: 255
Parse errors: No plan found in TAP output
Files=5, Tests=16264, 16 wallclock secs ( 4.62 usr 0.27 sys + 8.59 cusr 0.65 csys = 14.13 CPU)
Result: FAIL
Failed 1/5 test programs. 0/16264 subtests failed.
*** Error code 255
Stop.
make: stopped in /usr/home/cpan/pit/thr/conf/perl-5.14.1/.cpanplus/5.14.1/build/gircUfbphJ/Weather-NHC-TropicalCyclone-0.19
PREREQUISITES:
Here is a list of prerequisites you specified and versions we
managed to load:
Module Name Have Want
Date::Calc 6.4 0
ExtUtils::MakeMaker 7.46 0
File::Temp 0.2309 0
HTML::TreeBuilder 5.07 0
HTTP::Status 6.26 0
HTTP::Tiny 0.012 0
IO::Socket::SSL 2.068 0
JSON::XS 4.02 0
Net::Ping 2.38 0
Object::Tiny 1.09 0
Test::Exception 0.43 0
Test::More 1.302177 0
Validate::Tiny 1.6 0
Perl module toolchain versions installed:
Module Name Have
CPANPLUS 0.9908
CPANPLUS::Dist::Build 0.90
Cwd 3.75
ExtUtils::CBuilder 0.280234
ExtUtils::Command 7.46
ExtUtils::Install 2.16
ExtUtils::MakeMaker 7.46
ExtUtils::Manifest 1.72
ExtUtils::ParseXS 3.35
File::Spec 3.75
Module::Build 0.4231
Pod::Parser 1.37
Pod::Simple 3.16
Test2 1.302177
Test::Harness 3.42
Test::More 1.302177
version 0.9924
******************************** NOTE ********************************
The comments above are created mechanically, possibly without manual
checking by the sender. As there are many people performing automatic
tests on each upload to CPAN, it is likely that you will receive
identical messages about the same problem.
If you believe that the message is mistaken, please reply to the first
one with correction and/or additional informations, and do not take
it personally. We appreciate your patience. :)
**********************************************************************
Additional comments:
This report was machine-generated by CPANPLUS::Dist::YACSmoke 1.08.
Powered by minismokebox version 0.68
CPANPLUS is prefering Build.PL
------------------------------
ENVIRONMENT AND OTHER CONTEXT
------------------------------
Environment variables:
AUTOMATED_TESTING = 1
NONINTERACTIVE_TESTING = 1
PATH = /sbin:/bin:/usr/sbin:/usr/bin:/usr/local/sbin:/usr/local/bin:/home/cpan/bin
PERL5LIB = /usr/home/cpan/pit/jail/FDfYl1gO7m/lib/perl5:/usr/home/cpan/pit/thr/conf/perl-5.14.1/.cpanplus/5.14.1/build/gircUfbphJ/Weather-NHC-TropicalCyclone-0.19/blib/lib:/usr/home/cpan/pit/thr/conf/perl-5.14.1/.cpanplus/5.14.1/build/gircUfbphJ/Weather-NHC-TropicalCyclone-0.19/blib/arch
PERL5_CPANPLUS_IS_RUNNING = 58258
PERL5_CPANPLUS_IS_VERSION = 0.9908
PERL5_MINISMOKEBOX = 0.68
PERL5_YACSMOKE_BASE = /usr/home/cpan/pit/thr/conf/perl-5.14.1
PERL_EXTUTILS_AUTOINSTALL = --defaultdeps
PERL_LOCAL_LIB_ROOT = /usr/home/cpan/pit/jail/FDfYl1gO7m
PERL_MB_OPT = --install_base "/usr/home/cpan/pit/jail/FDfYl1gO7m"
PERL_MM_OPT = INSTALL_BASE=/usr/home/cpan/pit/jail/FDfYl1gO7m
PERL_MM_USE_DEFAULT = 1
SHELL = /usr/local/bin/bash
TERM = screen
Perl special variables (and OS-specific diagnostics, for MSWin32):
Perl: $^X = /usr/home/cpan/pit/thr/perl-5.14.1/bin/perl
UID: $< = 1002
EUID: $> = 1002
GID: $( = 1002 1002
EGID: $) = 1002 1002
-------------------------------
--
Summary of my perl5 (revision 5 version 14 subversion 1) configuration:
Platform:
osname=freebsd, osvers=11.4-release, archname=amd64-freebsd-thread-multi
uname='freebsd fetlock 11.4-release freebsd 11.4-release #0 r362094: fri jun 12 18:27:15 utc 2020 root@releng2.nyi.freebsd.org:usrobjusrsrcsysgeneric amd64 '
config_args='-des -Dprefix=/usr/home/cpan/pit/thr/perl-5.14.1 -Dusethreads'
hint=recommended, useposix=true, d_sigaction=define
useithreads=define, usemultiplicity=define
useperlio=define, d_sfio=undef, uselargefiles=define, usesocks=undef
use64bitint=define, use64bitall=define, uselongdouble=undef
usemymalloc=n, bincompat5005=undef
Compiler:
cc='cc', ccflags ='-DHAS_FPSETMASK -DHAS_FLOATINGPOINT_H -fno-strict-aliasing -pipe -fstack-protector -I/usr/local/include',
optimize='-O2',
cppflags='-DHAS_FPSETMASK -DHAS_FLOATINGPOINT_H -fno-strict-aliasing -pipe -fstack-protector -I/usr/local/include'
ccversion='', gccversion='FreeBSD Clang 10.0.0 (git@github.com:llvm/llvm-project.git llvmorg-10.0.0-0-gd32170dbd5b)', gccosandvers=''
intsize=4, longsize=8, ptrsize=8, doublesize=8, byteorder=12345678
d_longlong=define, longlongsize=8, d_longdbl=define, longdblsize=16
ivtype='long', ivsize=8, nvtype='double', nvsize=8, Off_t='off_t', lseeksize=8
alignbytes=8, prototype=define
Linker and Libraries:
ld='cc', ldflags ='-pthread -Wl,-E -fstack-protector -L/usr/local/lib'
libpth=/usr/lib /usr/local/lib
libs=-lgdbm -ldl -lm -lcrypt -lutil
perllibs=-ldl -lm -lcrypt -lutil
libc=, so=so, useshrplib=false, libperl=libperl.a
gnulibc_version=''
Dynamic Linking:
dlsrc=dl_dlopen.xs, dlext=so, d_dlsymun=undef, ccdlflags=' '
cccdlflags='-DPIC -fPIC', lddlflags='-shared -L/usr/local/lib -fstack-protector'
Characteristics of this binary (from libperl):
Compile-time options: MULTIPLICITY PERL_DONT_CREATE_GVSV
PERL_IMPLICIT_CONTEXT PERL_MALLOC_WRAP
PERL_PRESERVE_IVUV USE_64_BIT_ALL USE_64_BIT_INT
USE_ITHREADS USE_LARGE_FILES USE_PERLIO USE_PERL_ATOF
USE_REENTRANT_API
Locally applied patches:
Devel::PatchPerl 2.00
Built under freebsd
Compiled at Jul 1 2020 18:17:45
%ENV:
PERL5LIB="/usr/home/cpan/pit/jail/FDfYl1gO7m/lib/perl5:/usr/home/cpan/pit/thr/conf/perl-5.14.1/.cpanplus/5.14.1/build/gircUfbphJ/Weather-NHC-TropicalCyclone-0.19/blib/lib:/usr/home/cpan/pit/thr/conf/perl-5.14.1/.cpanplus/5.14.1/build/gircUfbphJ/Weather-NHC-TropicalCyclone-0.19/blib/arch"
PERL5_CPANPLUS_IS_RUNNING="58258"
PERL5_CPANPLUS_IS_VERSION="0.9908"
PERL5_MINISMOKEBOX="0.68"
PERL5_YACSMOKE_BASE="/usr/home/cpan/pit/thr/conf/perl-5.14.1"
PERL_EXTUTILS_AUTOINSTALL="--defaultdeps"
PERL_LOCAL_LIB_ROOT="/usr/home/cpan/pit/jail/FDfYl1gO7m"
PERL_MB_OPT="--install_base "/usr/home/cpan/pit/jail/FDfYl1gO7m""
PERL_MM_OPT="INSTALL_BASE=/usr/home/cpan/pit/jail/FDfYl1gO7m"
PERL_MM_USE_DEFAULT="1"
@INC:
/usr/home/cpan/pit/jail/FDfYl1gO7m/lib/perl5/5.14.1/amd64-freebsd-thread-multi
/usr/home/cpan/pit/jail/FDfYl1gO7m/lib/perl5/5.14.1
/usr/home/cpan/pit/jail/FDfYl1gO7m/lib/perl5/amd64-freebsd-thread-multi
/usr/home/cpan/pit/jail/FDfYl1gO7m/lib/perl5
/usr/home/cpan/pit/thr/conf/perl-5.14.1/.cpanplus/5.14.1/build/gircUfbphJ/Weather-NHC-TropicalCyclone-0.19/blib/lib
/usr/home/cpan/pit/thr/conf/perl-5.14.1/.cpanplus/5.14.1/build/gircUfbphJ/Weather-NHC-TropicalCyclone-0.19/blib/arch
/usr/home/cpan/pit/thr/perl-5.14.1/lib/site_perl/5.14.1/amd64-freebsd-thread-multi
/usr/home/cpan/pit/thr/perl-5.14.1/lib/site_perl/5.14.1
/usr/home/cpan/pit/thr/perl-5.14.1/lib/5.14.1/amd64-freebsd-thread-multi
/usr/home/cpan/pit/thr/perl-5.14.1/lib/5.14.1
.