Test-Chunks v0.39 Perl 5 v5.41.10 amd64-freebsd-thread-multi
- Status
- Fail
- From
- Carlos Guevara
- Dist
-
Test-Chunks v0.39
- Platform
- Perl 5 v5.41.10 amd64-freebsd-thread-multi
- Date
- 2025-03-16 01:56:51
- ID
- edab06ea-0209-11f0-bd80-bd734b770786
This distribution has been tested as part of the CPAN Testers
project, supporting the Perl programming language. See
http://wiki.cpantesters.org/ for more information or email
questions to cpan-testers-discuss@perl.org
--
Dear Ingy dot Net,
This is a computer-generated report for Test-Chunks-0.39
on perl 5.41.10, created by CPAN-Reporter-1.2020.
Thank you for uploading your work to CPAN. However, there was a problem
testing your distribution.
If you think this report is invalid, please consult the CPAN Testers Wiki
for suggestions on how to avoid getting FAIL reports for missing library
or binary dependencies, unsupported operating systems, and so on:
http://wiki.cpantesters.org/wiki/CPANAuthorNotes
Sections of this report:
* Tester comments
* Program output
* Prerequisites
* Environment and other context
------------------------------
TESTER COMMENTS
------------------------------
Additional comments from tester:
this report is from an automated smoke testing program
and was not reviewed by a human for accuracy
------------------------------
PROGRAM OUTPUT
------------------------------
Output from '/usr/bin/make test':
PERL_DL_NONLAZY=1 "/home/cpan/bin/perl/bin/perl5.41.10" "-MExtUtils::Command::MM" "-MTest::Harness" "-e" "undef *Test::Harness::Switches; test_harness(0, 'inc', 'blib/lib', 'blib/arch')" t/*.t
t/append.t .............. ok
t/arguments.t ........... ok
t/array.t ............... ok
t/base64.t .............. ok
t/chomp.t ............... ok
t/chop.t ................ ok
t/chunks-scalar.t ....... ok
t/chunks_grep.t ......... ok
t/compile.t ............. ok
t/delimiters.t .......... ok
t/description.t ......... ok
# Failed test 'little diff
# @@ -1,7 +1,6 @@
# 1..1
# not ok 1 - little diff
# -# Failed test 'little diff'
# -# at /tmp/test-chunks-321 line 3.
# +# Failed test (/tmp/test-chunks-321 at line 000)
# # got: 'a b c'
# # expected: 'a b x'
# # Looks like you failed 1 test of 1.
# '
# at t/diff_is.t line 11.
# Failed test 'big diff
# @@ -7,13 +7,5 @@
# # four
# # -five
# #
# -# Failed test 'big diff
# -# @@ -1,4 +1,4 @@
# -# one
# -# two
# -# +three
# -# four
# -# -five
# -# '
# -# at /tmp/test-chunks-321 line 3.
# +# Failed test (/tmp/test-chunks-321 at line 000)
# # Looks like you failed 1 test of 1.
# '
# at t/diff_is.t line 11.
# Failed test 'diff with space - note: doesn't help point out the extra space (yet)
# @@ -6,12 +6,5 @@
# # +two
# # three
# #
# -# Failed test 'diff with space
# -# @@ -1,3 +1,3 @@
# -# one
# -# -two
# -# +two
# -# three
# -# '
# -# at /tmp/test-chunks-321 line 3.
# +# Failed test (/tmp/test-chunks-321 at line 000)
# # Looks like you failed 1 test of 1.
# '
# at t/diff_is.t line 11.
# Looks like you failed 3 tests of 3.
t/diff_is.t .............
Dubious, test returned 3 (wstat 768, 0x300)
Failed 3/3 subtests
t/dumper.t .............. ok
t/embed_perl.t .......... ok
t/escape.t .............. ok
t/eval.t ................ ok
Can't locate object method "TIESCALAR" via package "Test::Chunks::Handle" at /home/cpan/.cpan/build/Test-Chunks-0.39-0/blib/lib/Test/Chunks.pm line 407, <DATA> line 1.
# Looks like your test exited with 255 before it could output anything.
t/eval_all.t ............
Dubious, test returned 255 (wstat 65280, 0xff00)
Failed 2/2 subtests
Can't locate object method "TIESCALAR" via package "Test::Chunks::Handle" at /home/cpan/.cpan/build/Test-Chunks-0.39-0/blib/lib/Test/Chunks.pm line 407, <DATA> line 1.
# Looks like your test exited with 255 before it could output anything.
t/eval_stderr.t .........
Dubious, test returned 255 (wstat 65280, 0xff00)
Failed 1/1 subtests
Can't locate object method "TIESCALAR" via package "Test::Chunks::Handle" at /home/cpan/.cpan/build/Test-Chunks-0.39-0/blib/lib/Test/Chunks.pm line 407, <DATA> line 1.
# Looks like your test exited with 255 before it could output anything.
t/eval_stdout.t .........
Dubious, test returned 255 (wstat 65280, 0xff00)
Failed 1/1 subtests
t/export.t .............. ok
t/filter_arguments.t .... ok
t/filter_delay.t ........ ok
t/filter_functions.t .... ok
t/filters-append.t ...... ok
t/filters.t ............. ok
t/filters_map.t ......... ok
t/get_url.t ............. skipped: Need to figure out network testing
t/internals.t ........... ok
t/jit-run.t ............. ok
t/join.t ................ ok
t/last.t ................ ok
t/late.t ................ ok
t/lazy-filters.t ........ ok
t/lines.t ............... ok
t/list.t ................ ok
t/main_filters.t ........ ok
t/name.t ................ ok
t/next.t ................ ok
t/normalize.t ........... ok
t/only.t ................ ok
t/oo.t .................. ok
t/oo_run.t .............. ok
t/preserve-order.t ...... ok
t/prototypes.t .......... ok
t/regexp.t .............. ok
t/reserved_names.t ...... ok
t/run_is.t .............. ok
t/run_is_deeply.t ....... ok
t/run_like.t ............ ok
# Failed test 'Unlike Test'
# at t/run_unlike.t line 6.
# got: '(?^i:software error)'
# expected: '(?i-xsm:software error)'
# Looks like you failed 1 test of 2.
t/run_unlike.t ..........
Dubious, test returned 1 (wstat 256, 0x100)
Failed 1/2 subtests
t/simple.t .............. ok
t/skip.t ................ ok
t/spec_file.t ........... ok
t/spec_string.t ......... ok
t/strict-warnings.t ..... ok
t/strict.t .............. ok
t/subclass-autoclass.t .. ok
t/subclass-import.t ..... ok
t/subclass.t ............ ok
t/subclass_late.t ....... ok
Can't locate object method "TIESCALAR" via package "Test::Chunks::Handle" at /home/cpan/.cpan/build/Test-Chunks-0.39-0/blib/lib/Test/Chunks.pm line 407.
# Looks like your test exited with 255 before it could output anything.
t/tie_output.t ..........
Dubious, test returned 255 (wstat 65280, 0xff00)
Failed 3/3 subtests
t/trim.t ................ ok
t/unchomp.t ............. ok
t/use-test-more.t ....... ok
t/xxx.t ................. ok
t/yaml.t ................ ok
t/zero-chunks.t ......... ok
Test Summary Report
-------------------
t/diff_is.t (Wstat: 768 (exited 3) Tests: 3 Failed: 3)
Failed tests: 1-3
Non-zero exit status: 3
t/eval_all.t (Wstat: 65280 (exited 255) Tests: 0 Failed: 0)
Non-zero exit status: 255
Parse errors: Bad plan. You planned 2 tests but ran 0.
t/eval_stderr.t (Wstat: 65280 (exited 255) Tests: 0 Failed: 0)
Non-zero exit status: 255
Parse errors: Bad plan. You planned 1 tests but ran 0.
t/eval_stdout.t (Wstat: 65280 (exited 255) Tests: 0 Failed: 0)
Non-zero exit status: 255
Parse errors: Bad plan. You planned 1 tests but ran 0.
t/run_unlike.t (Wstat: 256 (exited 1) Tests: 2 Failed: 1)
Failed test: 2
Non-zero exit status: 1
t/tie_output.t (Wstat: 65280 (exited 255) Tests: 0 Failed: 0)
Non-zero exit status: 255
Parse errors: Bad plan. You planned 3 tests but ran 0.
Files=67, Tests=323, 3 wallclock secs ( 0.12 usr 0.05 sys + 2.93 cusr 0.45 csys = 3.55 CPU)
Result: FAIL
Failed 6/67 test programs. 4/323 subtests failed.
*** Error code 255
Stop.
make: stopped in /home/cpan/.cpan/build/Test-Chunks-0.39-0
------------------------------
PREREQUISITES
------------------------------
Prerequisite modules loaded:
requires:
Module Need Have
------------------- ---- --------
Spiffy 0.24 0.46
Test::Base 0.40 0.89
Test::More 0.54 1.302209
build_requires:
Module Need Have
------------------- ---- --------
ExtUtils::MakeMaker 0 7.72
------------------------------
ENVIRONMENT AND OTHER CONTEXT
------------------------------
Environment variables:
AUTOMATED_TESTING = 1
DATE_MANIP_TEST_DM5 = 1
LANG = C.UTF-8
LC_ALL = C
NONINTERACTIVE_TESTING = 1
NO_NETWORK_TESTING = 1
PATH = /home/cpan/bin/perl/bin:/home/cpan/bin:/sbin:/bin:/usr/sbin:/usr/bin:/usr/local/sbin:/usr/local/bin:/home/cpan/bin
PERL5LIB =
PERL5OPT =
PERL5_CPANPLUS_IS_RUNNING = 80778
PERL5_CPAN_IS_RUNNING = 80778
PERL_MM_USE_DEFAULT = 1
PERL_USE_UNSAFE_INC = 1
SHELL = /usr/local/bin/bash
TERM = screen
TMPDIR = /home/cpan/tmp
Perl special variables (and OS-specific diagnostics, for MSWin32):
$^X = /home/cpan/bin/perl/bin/perl5.41.10
$UID/$EUID = 1002 / 1002
$GID = 1002 1002
$EGID = 1002 1002
Perl module toolchain versions installed:
Module Have
------------------- --------
CPAN 2.38
CPAN::Meta 2.150010
Cwd 3.92
ExtUtils::CBuilder 0.280240
ExtUtils::Command 7.72
ExtUtils::Install 2.22
ExtUtils::MakeMaker 7.72
ExtUtils::Manifest 1.75
ExtUtils::ParseXS 3.57
File::Spec 3.93
JSON 4.10
JSON::PP 4.16
Module::Build 0.4234
Module::Signature 0.89
Parse::CPAN::Meta 2.150010
Test2 1.302209
Test::Harness 3.50
Test::More 1.302209
YAML 1.31
YAML::Syck 1.34
version 0.9933
--
Summary of my perl5 (revision 5 version 41 subversion 10) configuration:
Commit id: eb3dc27884c0efa40c20b9a88e94aefd785439b2
Platform:
osname=freebsd
osvers=14.2-release-p1
archname=amd64-freebsd-thread-multi
uname='freebsd cjg-freebsd14 14.2-release-p1 freebsd 14.2-release-p1 generic amd64 '
config_args='-des -Dprefix=/home/cpan/bin/perl -Dscriptdir=/home/cpan/bin/perl/bin -Dusedevel -Duse64bitall -Duseithreads'
hint=recommended
useposix=true
d_sigaction=define
useithreads=define
usemultiplicity=define
use64bitint=define
use64bitall=define
uselongdouble=undef
usemymalloc=n
default_inc_excludes_dot=define
Compiler:
cc='cc'
ccflags ='-DHAS_FPSETMASK -DHAS_FLOATINGPOINT_H -DNO_POSIX_2008_LOCALE -fno-strict-aliasing -pipe -fstack-protector-strong -I/usr/local/include'
optimize='-O2'
cppflags='-DHAS_FPSETMASK -DHAS_FLOATINGPOINT_H -DNO_POSIX_2008_LOCALE -fno-strict-aliasing -pipe -fstack-protector-strong -I/usr/local/include'
ccversion=''
gccversion='FreeBSD Clang 18.1.6 (https://github.com/llvm/llvm-project.git llvmorg-18.1.6-0-g1118c2e05e67)'
gccosandvers=''
intsize=4
longsize=8
ptrsize=8
doublesize=8
byteorder=12345678
doublekind=3
d_longlong=define
longlongsize=8
d_longdbl=define
longdblsize=16
longdblkind=3
ivtype='long'
ivsize=8
nvtype='double'
nvsize=8
Off_t='off_t'
lseeksize=8
alignbytes=8
prototype=define
Linker and Libraries:
ld='cc'
ldflags ='-pthread -Wl,-E -fstack-protector-strong -L/usr/local/lib'
libpth=/usr/lib /usr/local/lib /usr/lib/clang/18/lib
libs=-lpthread -lgdbm -ldl -lm -lcrypt -lutil
perllibs=-lpthread -ldl -lm -lcrypt -lutil
libc=
so=so
useshrplib=false
libperl=libperl.a
gnulibc_version=''
Dynamic Linking:
dlsrc=dl_dlopen.xs
dlext=so
d_dlsymun=undef
ccdlflags=' '
cccdlflags='-DPIC -fPIC'
lddlflags='-shared -L/usr/local/lib -fstack-protector-strong'
Characteristics of this binary (from libperl):
Compile-time options:
HAS_LONG_DOUBLE
HAS_STRTOLD
HAS_TIMES
MULTIPLICITY
PERLIO_LAYERS
PERL_COPY_ON_WRITE
PERL_DONT_CREATE_GVSV
PERL_HASH_FUNC_SIPHASH13
PERL_HASH_USE_SBOX32
PERL_MALLOC_WRAP
PERL_OP_PARENT
PERL_PRESERVE_IVUV
PERL_USE_DEVEL
PERL_USE_SAFE_PUTENV
USE_64_BIT_ALL
USE_64_BIT_INT
USE_ITHREADS
USE_LARGE_FILES
USE_LOCALE
USE_LOCALE_COLLATE
USE_LOCALE_CTYPE
USE_LOCALE_NUMERIC
USE_LOCALE_TIME
USE_PERLIO
USE_PERL_ATOF
USE_REENTRANT_API
Built under freebsd
Compiled at Mar 15 2025 01:41:16
%ENV:
PERL5LIB=""
PERL5OPT=""
PERL5_CPANPLUS_IS_RUNNING="80778"
PERL5_CPAN_IS_RUNNING="80778"
PERL_MM_USE_DEFAULT="1"
PERL_USE_UNSAFE_INC="1"
@INC:
/home/cpan/bin/perl/lib/site_perl/5.41.10/amd64-freebsd-thread-multi
/home/cpan/bin/perl/lib/site_perl/5.41.10
/home/cpan/bin/perl/lib/5.41.10/amd64-freebsd-thread-multi
/home/cpan/bin/perl/lib/5.41.10
.