Report for Unicode-Digits-20090607

Back
From: metabase:user:d2c9f356-b46f-11df-9a90-20a83c0b7757
Subject: FAIL Unicode-Digits-20090607 v5.17.2 SunOS/Solaris
Date: 2012-08-15T23:42:52Z

This distribution has been tested as part of the CPAN Testers
project, supporting the Perl programming language.  See
http://wiki.cpantesters.org/ for more information or email
questions to cpan-testers-discuss@perl.org


--
Dear Chas. J. Owens IV,

This is a computer-generated report for Unicode-Digits-20090607
on perl 5.17.2, created by CPAN-Reporter-1.2006.

Thank you for uploading your work to CPAN.  However, there was a problem
testing your distribution.

If you think this report is invalid, please consult the CPAN Testers Wiki
for suggestions on how to avoid getting FAIL reports for missing library
or binary dependencies, unsupported operating systems, and so on:

http://wiki.cpantesters.org/wiki/CPANAuthorNotes

Sections of this report:

    * Tester comments
    * Program output
    * Prerequisites
    * Environment and other context

------------------------------
TESTER COMMENTS
------------------------------

Additional comments from tester:

this report is from an automated smoke testing program
and was not reviewed by a human for accuracy

------------------------------
PROGRAM OUTPUT
------------------------------

Output from './Build test':

# Testing Unicode::Digits 20090607, Perl 5.017002, /export/home/cpant5/perl5/perlbrew/perls/perl-5.17.2/bin/perl5.17.2
t/00-load.t ........... ok

#   Failed test at t/01-digits_to_int.t line 12.
#          got: 'string '4᠒' contains digits from different ranges at t/01-digits_to_int.t line 30.
# '
#     expected: 'string '4᠒' contains digits from different ranges at t/01-digits_to_int.t line 30
# '

#   Failed test at t/01-digits_to_int.t line 12.
#          got: 'string 'a is Û´Û²' contains non-digit characters at t/01-digits_to_int.t line 31.
# '
#     expected: 'string 'a is Û´Û²' contains non-digit characters at t/01-digits_to_int.t line 31
# '

#   Failed test at t/01-digits_to_int.t line 12.
#          got: 'string '4᠒' contains digits from different ranges at t/01-digits_to_int.t line 35.
# '
#     expected: 'string '4᠒' contains digits from different ranges at t/01-digits_to_int.t line 35
# '

#   Failed test at t/01-digits_to_int.t line 37.
#          got: 'string 'a is Û´Û²' contains non-digit characters at t/01-digits_to_int.t line 36.
# '
#     expected: 'string 'a is Û´Û²' contains non-digit characters at t/01-digits_to_int.t line 36
# '

#   Failed test at t/01-digits_to_int.t line 12.
#          got: 'Wide character in print at /export/home/cpant5/perl5/perlbrew/perls/perl-5.17.2/lib/5.17.2/Test/Builder.pm line 1759.
# '
#     expected: ''

#   Failed test at t/01-digits_to_int.t line 42.
#          got: 'string '4᠒' contains digits from different ranges at t/01-digits_to_int.t line 41.
# '
#     expected: 'string '4᠒' contains digits from different ranges at t/01-digits_to_int.t line 41
# '

#   Failed test at t/01-digits_to_int.t line 44.
#          got: 'string 'a is Û´Û²' contains non-digit characters at t/01-digits_to_int.t line 43.
# '
#     expected: 'string 'a is Û´Û²' contains non-digit characters at t/01-digits_to_int.t line 43
# '
# Looks like you failed 7 tests of 37.
t/01-digits_to_int.t .. 
Dubious, test returned 7 (wstat 1792, 0x700)
Failed 7/37 subtests 
t/boilerplate.t ....... ok
t/pod-coverage.t ...... ok
t/pod.t ............... ok

Test Summary Report
-------------------
t/01-digits_to_int.t (Wstat: 1792 Tests: 37 Failed: 7)
  Failed tests:  22, 24, 30-31, 33, 36-37
  Non-zero exit status: 7
Files=5, Tests=43,  1 wallclock secs ( 0.04 usr  0.02 sys +  0.34 cusr  0.05 csys =  0.45 CPU)
Result: FAIL
Failed 1/5 test programs. 7/43 subtests failed.

------------------------------
PREREQUISITES
------------------------------

Prerequisite modules loaded:

build_requires:

    Module       Need Have
    ------------ ---- ----
    Carp         0    1.26
    Exporter     0    5.67
    strict       0    1.07
    Test::More   0    0.98
    Unicode::UCD 0    0.44
    warnings     0    1.13


------------------------------
ENVIRONMENT AND OTHER CONTEXT
------------------------------

Environment variables:

    AUTOMATED_TESTING = 1
    LANG = C
    LD_LIBRARY_PATH = /usr/local/lib:
    MANPATH_WITHOUT_PERLBREW = 
    PATH = /export/home/cpant5/perl5/perlbrew/bin:/export/home/cpant5/perl5/perlbrew/perls/perl-5.17.2/bin:/export/home/cpant5/perl5/bin:/usr/local/bin:/usr/bin
    PATH_WITHOUT_PERLBREW = /export/home/cpant5/perl5/bin:/usr/local/bin:/usr/bin
    PERL5LIB = 
    PERL5OPT = 
    PERL5_CPANPLUS_IS_RUNNING = 9678
    PERL5_CPAN_IS_RUNNING = 9678
    PERL5_CPAN_IS_RUNNING_IN_RECURSION = 24503,9678
    PERLBREW_BASHRC_VERSION = 0.44
    PERLBREW_HOME = /export/home/cpant5/.perlbrew
    PERLBREW_MANPATH = /export/home/cpant5/perl5/perlbrew/perls/perl-5.17.2/man
    PERLBREW_PATH = /export/home/cpant5/perl5/perlbrew/bin:/export/home/cpant5/perl5/perlbrew/perls/perl-5.17.2/bin
    PERLBREW_PERL = perl-5.17.2
    PERLBREW_ROOT = /export/home/cpant5/perl5/perlbrew
    PERLBREW_VERSION = 0.44
    PERL_CR_SMOKER_CURRENT = Unicode-Digits-20090607
    PERL_EXTUTILS_AUTOINSTALL = --defaultdeps
    PERL_MM_USE_DEFAULT = 1
    SHELL = /bin/bash
    TERM = xterm

Perl special variables (and OS-specific diagnostics, for MSWin32):

    $^X = /export/home/cpant5/perl5/perlbrew/perls/perl-5.17.2/bin/perl5.17.2
    $UID/$EUID = 105 / 105
    $GID = 1 1
    $EGID = 1 1

Perl module toolchain versions installed:

    Module              Have    
    ------------------- --------
    CPAN                1.9800  
    CPAN::Meta          2.120921
    Cwd                 3.39_02 
    ExtUtils::CBuilder  0.280208
    ExtUtils::Command   1.17    
    ExtUtils::Install   1.58    
    ExtUtils::MakeMaker 6.63_02 
    ExtUtils::Manifest  1.61    
    ExtUtils::ParseXS   3.17    
    File::Spec          3.39_02 
    JSON                2.53    
    JSON::PP            2.27200 
    Module::Build       0.4002  
    Module::Signature   n/a     
    Parse::CPAN::Meta   1.4404  
    Test::Harness       3.25_01 
    Test::More          0.98    
    YAML                0.84    
    YAML::Syck          1.20    
    version             0.99    


--

Summary of my perl5 (revision 5 version 17 subversion 2) configuration:
   
  Platform:
    osname=solaris, osvers=2.10, archname=i86pc-solaris-64int
    uname='sunos vmrz0046 5.10 generic_141445-09 i86pc i386 i86pc solaris '
    config_args='-de -Dprefix=/export/home/cpant5/perl5/perlbrew/perls/perl-5.17.2 -Dcc=gcc -Duse64bitint -Dusedevel -Dusedevel -Aeval:scriptdir=/export/home/cpant5/perl5/perlbrew/perls/perl-5.17.2/bin'
    hint=recommended, useposix=true, d_sigaction=define
    useithreads=undef, usemultiplicity=undef
    useperlio=define, d_sfio=undef, uselargefiles=define, usesocks=undef
    use64bitint=define, use64bitall=undef, uselongdouble=undef
    usemymalloc=n, bincompat5005=undef
  Compiler:
    cc='gcc', ccflags ='-DPTR_IS_LONG -fno-strict-aliasing -pipe -I/usr/local/include -D_LARGEFILE_SOURCE -D_FILE_OFFSET_BITS=64 -DPERL_USE_SAFE_PUTENV',
    optimize='-O',
    cppflags='-DPTR_IS_LONG -fno-strict-aliasing -pipe -I/usr/local/include'
    ccversion='', gccversion='3.4.6', gccosandvers='solaris2.10'
    intsize=4, longsize=4, ptrsize=4, doublesize=8, byteorder=12345678
    d_longlong=define, longlongsize=8, d_longdbl=define, longdblsize=12
    ivtype='long long', ivsize=8, nvtype='double', nvsize=8, Off_t='off_t', lseeksize=8
    alignbytes=4, prototype=define
  Linker and Libraries:
    ld='gcc', ldflags =' -L/usr/local/lib '
    libpth=/usr/local/lib /usr/lib /usr/ccs/lib
    libs=-lsocket -lnsl -lgdbm -ldl -lm -lc
    perllibs=-lsocket -lnsl -ldl -lm -lc
    libc=/lib/libc.so, so=so, useshrplib=false, libperl=libperl.a
    gnulibc_version=''
  Dynamic Linking:
    dlsrc=dl_dlopen.xs, dlext=so, d_dlsymun=undef, ccdlflags=' '
    cccdlflags='-fPIC', lddlflags='-G -L/usr/local/lib'


Characteristics of this binary (from libperl): 
  Compile-time options: HAS_TIMES PERLIO_LAYERS PERL_DONT_CREATE_GVSV
                        PERL_MALLOC_WRAP PERL_PRESERVE_IVUV PERL_USE_DEVEL
                        PERL_USE_SAFE_PUTENV USE_64_BIT_INT USE_LARGE_FILES
                        USE_LOCALE USE_LOCALE_COLLATE USE_LOCALE_CTYPE
                        USE_LOCALE_NUMERIC USE_PERLIO USE_PERL_ATOF
  Built under solaris
  Compiled at Jul 31 2012 11:23:09
  %ENV:
    PERL5LIB=""
    PERL5OPT=""
    PERL5_CPANPLUS_IS_RUNNING="9678"
    PERL5_CPAN_IS_RUNNING="9678"
    PERL5_CPAN_IS_RUNNING_IN_RECURSION="24503,9678"
    PERLBREW_BASHRC_VERSION="0.44"
    PERLBREW_HOME="/export/home/cpant5/.perlbrew"
    PERLBREW_MANPATH="/export/home/cpant5/perl5/perlbrew/perls/perl-5.17.2/man"
    PERLBREW_PATH="/export/home/cpant5/perl5/perlbrew/bin:/export/home/cpant5/perl5/perlbrew/perls/perl-5.17.2/bin"
    PERLBREW_PERL="perl-5.17.2"
    PERLBREW_ROOT="/export/home/cpant5/perl5/perlbrew"
    PERLBREW_VERSION="0.44"
    PERL_CR_SMOKER_CURRENT="Unicode-Digits-20090607"
    PERL_EXTUTILS_AUTOINSTALL="--defaultdeps"
    PERL_MM_USE_DEFAULT="1"
  @INC:
    /export/home/cpant5/perl5/perlbrew/perls/perl-5.17.2/lib/site_perl/5.17.2/i86pc-solaris-64int
    /export/home/cpant5/perl5/perlbrew/perls/perl-5.17.2/lib/site_perl/5.17.2
    /export/home/cpant5/perl5/perlbrew/perls/perl-5.17.2/lib/5.17.2/i86pc-solaris-64int
    /export/home/cpant5/perl5/perlbrew/perls/perl-5.17.2/lib/5.17.2
    .