MooX-ProtectedAttributes v0.03 Perl 5 v5.32.1 x86_64-linux-thread-multi
- Status
- Fail
- From
- David Cantrell (DCANTRELL)
- Dist
-
MooX-ProtectedAttributes v0.03
- Platform
- Perl 5 v5.32.1 x86_64-linux-thread-multi
- Date
- 2022-11-26 20:35:56
- ID
- ede883e8-6dc9-11ed-bcce-1aaf04d03c9c
This distribution has been tested as part of the CPAN Testers
project, supporting the Perl programming language. See
http://wiki.cpantesters.org/ for more information or email
questions to cpan-testers-discuss@perl.org
--
Dear celogeek,
This is a computer-generated report for MooX-ProtectedAttributes-0.03
on perl 5.32.1, created by CPAN-Reporter-1.2018.
Thank you for uploading your work to CPAN. However, there was a problem
testing your distribution.
If you think this report is invalid, please consult the CPAN Testers Wiki
for suggestions on how to avoid getting FAIL reports for missing library
or binary dependencies, unsupported operating systems, and so on:
http://wiki.cpantesters.org/wiki/CPANAuthorNotes
Sections of this report:
* Tester comments
* Program output
* Prerequisites
* Environment and other context
------------------------------
TESTER COMMENTS
------------------------------
Additional comments from tester:
this report is from an automated smoke testing program
and was not reviewed by a human for accuracy
------------------------------
PROGRAM OUTPUT
------------------------------
Output from './Build test':
t/00-compile.t ................ ok
# Testing with Perl 5.032001, /home/david/cpantesting/perl-5.32.1/bin/perl
# Carp version is 1.50
# File::Spec version is 3.78
# IO::Handle version is 1.42
# IPC::Open3 version is 1.21
# Module::Build version is 0.4231
# Moo version is 2.005004
# Moo::Role version is 2.005004
# Moose version is 2.2201
# Scalar::Util version is 1.63
# Test::More version is 1.302191
# Test::Trap version is 0.3.5
# strict version is 1.11
# warnings version is 1.47
t/000-report-versions.t ....... ok
t/author-critic.t ............. skipped: these tests are for testing by the author
Can't locate t/lib/moo/myTestClass.pm in @INC (you may need to install the t::lib::moo::myTestClass module) (@INC contains: /home/david/cpantesting/perl-5.32.1/.cpan/build/MooX-ProtectedAttributes-0.03-0/blib/lib /home/david/cpantesting/perl-5.32.1/.cpan/build/MooX-ProtectedAttributes-0.03-0/blib/arch /home/david/cpantesting/perl-5.32.1/lib/site_perl/5.32.1/x86_64-linux-thread-multi /home/david/cpantesting/perl-5.32.1/lib/site_perl/5.32.1 /home/david/cpantesting/perl-5.32.1/lib/5.32.1/x86_64-linux-thread-multi /home/david/cpantesting/perl-5.32.1/lib/5.32.1) at t/moox-protectedattributes.t line 16.
BEGIN failed--compilation aborted at t/moox-protectedattributes.t line 16.
t/moox-protectedattributes.t ..
Dubious, test returned 2 (wstat 512, 0x200)
No subtests run
t/release-kwalitee.t .......... skipped: these tests are for release candidate testing
t/release-pod-coverage.t ...... skipped: these tests are for release candidate testing
t/release-unused-vars.t ....... skipped: these tests are for release candidate testing
Test Summary Report
-------------------
t/moox-protectedattributes.t (Wstat: 512 Tests: 0 Failed: 0)
Non-zero exit status: 2
Parse errors: No plan found in TAP output
Files=7, Tests=14, 4 wallclock secs ( 0.04 usr 0.01 sys + 0.83 cusr 0.12 csys = 1.00 CPU)
Result: FAIL
Failed 1/7 test programs. 0/14 subtests failed.
------------------------------
PREREQUISITES
------------------------------
Prerequisite modules loaded:
requires:
Module Need Have
------------- ------ --------
Carp 0 1.50
perl 5.006 5.032001
strict 0 1.11
warnings 0 1.47
build_requires:
Module Need Have
------------- ------ --------
File::Spec 0 3.78
IO::Handle 0 1.42
IPC::Open3 0 1.21
Module::Build 0.3601 0.4231
Moo 0 2.005004
Moo::Role 0 2.005004
Moose 0 2.2201
Moose::Role 0 2.2201
perl 5.004 5.032001
Scalar::Util 0 1.63
Test::More 0.94 1.302191
Test::Trap 0 0.3.5
configure_requires:
Module Need Have
------------- ------ --------
Module::Build 0.3601 0.4231
------------------------------
ENVIRONMENT AND OTHER CONTEXT
------------------------------
Environment variables:
AUTOMATED_TESTING = 1
LANG = en_GB.UTF-8
LANGUAGE = en_GB:en
LC_TERMINAL = iTerm2
LC_TERMINAL_VERSION = 3.4.18
NONINTERACTIVE_TESTING = 1
PATH = /home/david/perl5/perlbrew/bin:/home/david/perl5/perlbrew/perls/perl-5.30.2/bin:/home/david/bin:/usr/local/bin:/usr/bin:/bin:/usr/local/games:/usr/games
PERL = 5.32.1
PERL5LIB =
PERL5OPT =
PERL5_CPANPLUS_IS_RUNNING = 637813
PERL5_CPAN_IS_RUNNING = 637813
PERLBREW_HOME = /home/david/.perlbrew
PERLBREW_MANPATH = /home/david/perl5/perlbrew/perls/perl-5.30.2/man
PERLBREW_PATH = /home/david/perl5/perlbrew/bin:/home/david/perl5/perlbrew/perls/perl-5.30.2/bin
PERLBREW_PERL = perl-5.30.2
PERLBREW_ROOT = /home/david/perl5/perlbrew
PERLBREW_SHELLRC_VERSION = 0.89
PERLBREW_VERSION = 0.89
PERLVER = 5.32.1
PERL_INLINE_DIRECTORY = /home/david/.Inline-5.32.1
PERL_MM_USE_DEFAULT = 1
PERL_USE_UNSAFE_INC = 0
SHELL = /bin/bash
TERM = screen
Perl special variables (and OS-specific diagnostics, for MSWin32):
$^X = /home/david/cpantesting/perl-5.32.1/bin/perl
$UID/$EUID = 1000 / 1000
$GID = 1000 24 25 27 29 30 44 46 109 1000
$EGID = 1000 24 25 27 29 30 44 46 109 1000
Perl module toolchain versions installed:
Module Have
------------------- --------
CPAN 2.27
CPAN::Meta 2.150010
Cwd 3.78
ExtUtils::CBuilder 0.280234
ExtUtils::Command 7.64
ExtUtils::Install 2.14
ExtUtils::MakeMaker 7.64
ExtUtils::Manifest 1.72
ExtUtils::ParseXS 3.40
File::Spec 3.78
JSON 4.10
JSON::PP 4.04
Module::Build 0.4231
Module::Signature n/a
Parse::CPAN::Meta 2.150010
Test::Harness 3.42
Test::More 1.302191
YAML 1.30
YAML::Syck 1.34
version 0.9924
--
Summary of my perl5 (revision 5 version 32 subversion 1) configuration:
Platform:
osname=linux
osvers=5.10.0-11-amd64
archname=x86_64-linux-thread-multi
uname='linux cpantesting-linux-utm 5.10.0-11-amd64 #1 smp debian 5.10.92-1 (2022-01-18) x86_64 gnulinux '
config_args='-de -Dprefix=/home/david/cpantesting/perl-5.32.1 -Dusethreads'
hint=recommended
useposix=true
d_sigaction=define
useithreads=define
usemultiplicity=define
use64bitint=define
use64bitall=define
uselongdouble=undef
usemymalloc=n
default_inc_excludes_dot=define
bincompat5005=undef
Compiler:
cc='cc'
ccflags ='-D_REENTRANT -D_GNU_SOURCE -fwrapv -fno-strict-aliasing -pipe -fstack-protector-strong -I/usr/local/include -D_LARGEFILE_SOURCE -D_FILE_OFFSET_BITS=64 -D_FORTIFY_SOURCE=2'
optimize='-O2'
cppflags='-D_REENTRANT -D_GNU_SOURCE -fwrapv -fno-strict-aliasing -pipe -fstack-protector-strong -I/usr/local/include'
ccversion=''
gccversion='10.2.1 20210110'
gccosandvers=''
intsize=4
longsize=8
ptrsize=8
doublesize=8
byteorder=12345678
doublekind=3
d_longlong=define
longlongsize=8
d_longdbl=define
longdblsize=16
longdblkind=3
ivtype='long'
ivsize=8
nvtype='double'
nvsize=8
Off_t='off_t'
lseeksize=8
alignbytes=8
prototype=define
Linker and Libraries:
ld='cc'
ldflags =' -fstack-protector-strong -L/usr/local/lib'
libpth=/usr/local/lib /usr/include/x86_64-linux-gnu /usr/lib /lib/x86_64-linux-gnu /lib/../lib /usr/lib/x86_64-linux-gnu /usr/lib/../lib /lib /lib64 /usr/lib64
libs=-lpthread -lnsl -ldl -lm -lcrypt -lutil -lc
perllibs=-lpthread -lnsl -ldl -lm -lcrypt -lutil -lc
libc=libc-2.31.so
so=so
useshrplib=false
libperl=libperl.a
gnulibc_version='2.31'
Dynamic Linking:
dlsrc=dl_dlopen.xs
dlext=so
d_dlsymun=undef
ccdlflags='-Wl,-E'
cccdlflags='-fPIC'
lddlflags='-shared -O2 -L/usr/local/lib -fstack-protector-strong'
Characteristics of this binary (from libperl):
Compile-time options:
HAS_TIMES
MULTIPLICITY
PERLIO_LAYERS
PERL_COPY_ON_WRITE
PERL_DONT_CREATE_GVSV
PERL_IMPLICIT_CONTEXT
PERL_MALLOC_WRAP
PERL_OP_PARENT
PERL_PRESERVE_IVUV
USE_64_BIT_ALL
USE_64_BIT_INT
USE_ITHREADS
USE_LARGE_FILES
USE_LOCALE
USE_LOCALE_COLLATE
USE_LOCALE_CTYPE
USE_LOCALE_NUMERIC
USE_LOCALE_TIME
USE_PERLIO
USE_PERL_ATOF
USE_REENTRANT_API
USE_THREAD_SAFE_LOCALE
Built under linux
Compiled at Feb 5 2022 21:10:07
%ENV:
PERL="5.32.1"
PERL5LIB=""
PERL5OPT=""
PERL5_CPANPLUS_IS_RUNNING="637813"
PERL5_CPAN_IS_RUNNING="637813"
PERLBREW_HOME="/home/david/.perlbrew"
PERLBREW_MANPATH="/home/david/perl5/perlbrew/perls/perl-5.30.2/man"
PERLBREW_PATH="/home/david/perl5/perlbrew/bin:/home/david/perl5/perlbrew/perls/perl-5.30.2/bin"
PERLBREW_PERL="perl-5.30.2"
PERLBREW_ROOT="/home/david/perl5/perlbrew"
PERLBREW_SHELLRC_VERSION="0.89"
PERLBREW_VERSION="0.89"
PERLVER="5.32.1"
PERL_INLINE_DIRECTORY="/home/david/.Inline-5.32.1"
PERL_MM_USE_DEFAULT="1"
PERL_USE_UNSAFE_INC="0"
@INC:
/home/david/cpantesting/perl-5.32.1/lib/site_perl/5.32.1/x86_64-linux-thread-multi
/home/david/cpantesting/perl-5.32.1/lib/site_perl/5.32.1
/home/david/cpantesting/perl-5.32.1/lib/5.32.1/x86_64-linux-thread-multi
/home/david/cpantesting/perl-5.32.1/lib/5.32.1