Report for Template-Plugin-SafeInclude-0.02

Back
From: metabase:user:30f0bd62-2aae-11df-837a-5e0a49663a4f
Subject: FAIL Template-Plugin-SafeInclude-0.02 v5.10.1 OpenBSD
Date: 2010-09-28T15:34:49Z

This distribution has been tested as part of the CPAN Testers
project, supporting the Perl programming language.  See
http://wiki.cpantesters.org/ for more information or email
questions to cpan-testers-discuss@perl.org


--
Dear yuya matsumoto,

This is a computer-generated report for Template-Plugin-SafeInclude-0.02
on perl 5.10.1, created by CPAN-Reporter-1.18.

Thank you for uploading your work to CPAN.  However, there was a problem
testing your distribution.

If you think this report is invalid, please consult the CPAN Testers Wiki
for suggestions on how to avoid getting FAIL reports for missing library
or binary dependencies, unsupported operating systems, and so on:

http://wiki.cpantesters.org/wiki/CPANAuthorNotes

Sections of this report:

    * Tester comments
    * Program output
    * Prerequisites
    * Environment and other context

------------------------------
TESTER COMMENTS
------------------------------

Additional comments from tester:

this report is from an automated smoke testing program
and was not reviewed by a human for accuracy

------------------------------
PROGRAM OUTPUT
------------------------------

Output from './Build test':


#   Failed test 'use Template::Plugin::SafeInclude;'
#   at t/00.load.t line 4.
#     Tried to use 'Template::Plugin::SafeInclude'.
#     Error:  Can't locate Template/Plugin.pm in @INC (@INC contains: /home/sts/cpansmoke/perl-5.10.1/cpan/build/Template-Plugin-SafeInclude-0.02-Y9Gihw/blib/lib /home/sts/cpansmoke/perl-5.10.1/cpan/build/Template-Plugin-SafeInclude-0.02-Y9Gihw/blib/arch /home/sts/cpansmoke/perl-5.10.1/lib/5.10.1/OpenBSD.i386-openbsd-thread-multi /home/sts/cpansmoke/perl-5.10.1/lib/5.10.1 /home/sts/cpansmoke/perl-5.10.1/lib/site_perl/5.10.1/OpenBSD.i386-openbsd-thread-multi /home/sts/cpansmoke/perl-5.10.1/lib/site_perl/5.10.1 .) at /home/sts/cpansmoke/perl-5.10.1/lib/5.10.1/parent.pm line 20.
# BEGIN failed--compilation aborted at /home/sts/cpansmoke/perl-5.10.1/cpan/build/Template-Plugin-SafeInclude-0.02-Y9Gihw/blib/lib/Template/Plugin/SafeInclude.pm line 6.
# Compilation failed in require at (eval 4) line 2.
# BEGIN failed--compilation aborted at (eval 4) line 2.
Use of uninitialized value $Template::Plugin::SafeInclude::VERSION in concatenation (.) or string at t/00.load.t line 7.
# Testing Template::Plugin::SafeInclude 
# Looks like you failed 1 test of 1.
t/00.load.t .......... 
Dubious, test returned 1 (wstat 256, 0x100)
Failed 1/1 subtests 
Can't locate Template.pm in @INC (@INC contains: /home/sts/cpansmoke/perl-5.10.1/cpan/build/Template-Plugin-SafeInclude-0.02-Y9Gihw/blib/lib /home/sts/cpansmoke/perl-5.10.1/cpan/build/Template-Plugin-SafeInclude-0.02-Y9Gihw/blib/arch /home/sts/cpansmoke/perl-5.10.1/lib/5.10.1/OpenBSD.i386-openbsd-thread-multi /home/sts/cpansmoke/perl-5.10.1/lib/5.10.1 /home/sts/cpansmoke/perl-5.10.1/lib/site_perl/5.10.1/OpenBSD.i386-openbsd-thread-multi /home/sts/cpansmoke/perl-5.10.1/lib/site_perl/5.10.1 .) at t/01.safe-include.t line 5.
BEGIN failed--compilation aborted at t/01.safe-include.t line 5.
# Looks like your test exited with 2 before it could output anything.
t/01.safe-include.t .. 
Dubious, test returned 2 (wstat 512, 0x200)
Failed 4/4 subtests 
t/99.perlcritic.t .... skipped: Test::Perl::Critic is not installed.
t/pod-coverage.t ..... skipped: Test::Pod::Coverage 1.04 required for testing POD coverage
t/pod.t .............. skipped: Test::Pod 1.14 required for testing POD

Test Summary Report
-------------------
t/00.load.t        (Wstat: 256 Tests: 1 Failed: 1)
  Failed test:  1
  Non-zero exit status: 1
t/01.safe-include.t (Wstat: 512 Tests: 0 Failed: 0)
  Non-zero exit status: 2
  Parse errors: Bad plan.  You planned 4 tests but ran 0.
Files=5, Tests=1,  0 wallclock secs ( 0.02 usr  0.00 sys +  0.10 cusr  0.00 csys =  0.12 CPU)
Result: FAIL
Failed 2/5 test programs. 1/1 subtests failed.

------------------------------
PREREQUISITES
------------------------------

Prerequisite modules loaded:

requires:

    Module     Need Have
    ---------- ---- ----
    Test::More 0    0.96
    version    0    0.77


------------------------------
ENVIRONMENT AND OTHER CONTEXT
------------------------------

Environment variables:

    AUTOMATED_TESTING = 1
    PATH = /home/sts/bin:/bin:/sbin:/usr/bin:/usr/sbin:/usr/X11R6/bin:/usr/local/bin:/usr/local/sbin:/usr/games:.
    PERL5LIB = 
    PERL5OPT = 
    PERL5_CPANPLUS_IS_RUNNING = 3207
    PERL5_CPAN_IS_RUNNING = 3207
    PERL5_CPAN_IS_RUNNING_IN_RECURSION = 24698,3207
    PERL_CR_SMOKER_CURRENT = Template-Plugin-SafeInclude-0.02
    PERL_EXTUTILS_AUTOINSTALL = --defaultdeps
    PERL_MM_USE_DEFAULT = 1
    SHELL = /usr/local/bin/bash
    TERM = screen
    TMPDIR = /home/sts/cpansmoke/tmp

Perl special variables (and OS-specific diagnostics, for MSWin32):

    $^X = /home/sts/cpansmoke/perl-5.10.1/bin/perl
    $UID/$EUID = 1000 / 1000
    $GID = 10 10 0
    $EGID = 10 10 0

Perl module toolchain versions installed:

    Module              Have  
    ------------------- ------
    CPAN                1.9402
    Cwd                 3.31  
    ExtUtils::CBuilder  0.2703
    ExtUtils::Command   1.16  
    ExtUtils::Install   1.54  
    ExtUtils::MakeMaker 6.56  
    ExtUtils::Manifest  1.56  
    ExtUtils::ParseXS   2.2206
    File::Spec          3.31  
    Module::Build       0.3607
    Module::Signature   n/a   
    Test::Harness       3.22  
    Test::More          0.96  
    YAML                0.72  
    YAML::Syck          1.14  
    version             0.77  


--

Summary of my perl5 (revision 5 version 10 subversion 1) configuration:
   
  Platform:
    osname=openbsd, osvers=4.7, archname=OpenBSD.i386-openbsd-thread-multi
    uname='openbsd cpansmoke3 4.7 generic.mp#449 i386 '
    config_args='-des -Dusethreads -Dprefix=/home/sts/cpansmoke/perl-5.10.1'
    hint=recommended, useposix=true, d_sigaction=define
    useithreads=define, usemultiplicity=define
    useperlio=define, d_sfio=undef, uselargefiles=define, usesocks=undef
    use64bitint=undef, use64bitall=undef, uselongdouble=undef
    usemymalloc=n, bincompat5005=undef
  Compiler:
    cc='cc', ccflags ='-pthread -fno-strict-aliasing -pipe -fstack-protector -I/usr/local/include',
    optimize='-O2',
    cppflags='-pthread -fno-strict-aliasing -pipe -fstack-protector -I/usr/local/include'
    ccversion='', gccversion='3.3.5 (propolice)', gccosandvers='openbsd4.7'
    intsize=4, longsize=4, ptrsize=4, doublesize=8, byteorder=1234
    d_longlong=define, longlongsize=8, d_longdbl=define, longdblsize=12
    ivtype='long', ivsize=4, nvtype='double', nvsize=8, Off_t='off_t', lseeksize=8
    alignbytes=4, prototype=define
  Linker and Libraries:
    ld='cc', ldflags ='-pthread -Wl,-E  -fstack-protector -L/usr/local/lib'
    libpth=/usr/local/lib /usr/lib
    libs=-lgdbm -lm -lutil -lc
    perllibs=-lm -lutil -lc
    libc=/usr/lib/libc.so.53.1, so=so, useshrplib=false, libperl=libperl.a
    gnulibc_version=''
  Dynamic Linking:
    dlsrc=dl_dlopen.xs, dlext=so, d_dlsymun=undef, ccdlflags=' '
    cccdlflags='-DPIC -fPIC ', lddlflags='-shared -fPIC  -L/usr/local/lib -fstack-protector'


Characteristics of this binary (from libperl): 
  Compile-time options: MULTIPLICITY PERL_DONT_CREATE_GVSV
                        PERL_IMPLICIT_CONTEXT PERL_MALLOC_WRAP USE_ITHREADS
                        USE_LARGE_FILES USE_PERLIO USE_REENTRANT_API
  Built under openbsd
  Compiled at Sep  9 2010 10:38:44
  %ENV:
    PERL5LIB=""
    PERL5OPT=""
    PERL5_CPANPLUS_IS_RUNNING="3207"
    PERL5_CPAN_IS_RUNNING="3207"
    PERL5_CPAN_IS_RUNNING_IN_RECURSION="24698,3207"
    PERL_CR_SMOKER_CURRENT="Template-Plugin-SafeInclude-0.02"
    PERL_EXTUTILS_AUTOINSTALL="--defaultdeps"
    PERL_MM_USE_DEFAULT="1"
  @INC:
    /home/sts/cpansmoke/perl-5.10.1/lib/5.10.1/OpenBSD.i386-openbsd-thread-multi
    /home/sts/cpansmoke/perl-5.10.1/lib/5.10.1
    /home/sts/cpansmoke/perl-5.10.1/lib/site_perl/5.10.1/OpenBSD.i386-openbsd-thread-multi
    /home/sts/cpansmoke/perl-5.10.1/lib/site_perl/5.10.1
    .