Report for Regexp-Optimizer-0.16

Back
From: metabase:user:315f03b2-2aae-11df-837a-5e0a49663a4f
Subject: FAIL Regexp-Optimizer-0.16 v5.14.2 NetBSD
Date: 2013-02-22T16:57:24Z

This distribution has been tested as part of the CPAN Testers
project, supporting the Perl programming language.  See
http://wiki.cpantesters.org/ for more information or email
questions to cpan-testers-discuss@perl.org


--
Dear Dan Kogai,

This is a computer-generated report for Regexp-Optimizer-0.16
on perl 5.14.2, created by CPAN-Reporter-1.2009.

Thank you for uploading your work to CPAN.  However, there was a problem
testing your distribution.

If you think this report is invalid, please consult the CPAN Testers Wiki
for suggestions on how to avoid getting FAIL reports for missing library
or binary dependencies, unsupported operating systems, and so on:

http://wiki.cpantesters.org/wiki/CPANAuthorNotes

Sections of this report:

    * Tester comments
    * Program output
    * Prerequisites
    * Environment and other context

------------------------------
TESTER COMMENTS
------------------------------

Additional comments from tester:

this report is from an automated smoke testing program
and was not reviewed by a human for accuracy

------------------------------
PROGRAM OUTPUT
------------------------------

Output from '/usr/bin/make test':

PERL_DL_NONLAZY=1 /home/smoke/perl5/perlbrew/perls/perl-5.14.2/bin/perl "-MExtUtils::Command::MM" "-e" "test_harness(0, 'blib/lib', 'blib/arch')" t/*.t
t/01-use.t ... ok
Global symbol "$RE_PAREN" requires explicit package name at (re_eval 10) line 2.
Compilation failed in regexp at /home/smoke/.cpan/build/Regexp-Optimizer-0.16-eIZUEu/blib/lib/Regexp/List.pm line 253.
# Looks like you planned 24 tests but ran 1.
# Looks like your test exited with 255 just after 1.
t/02-list.t .. 
Dubious, test returned 255 (wstat 65280, 0xff00)
Failed 23/24 subtests 
Global symbol "$RE_PAREN" requires explicit package name at (re_eval 10) line 2.
Compilation failed in regexp at /home/smoke/.cpan/build/Regexp-Optimizer-0.16-eIZUEu/blib/lib/Regexp/List.pm line 253.
# Looks like you planned 18 tests but ran 1.
# Looks like your test exited with 255 just after 1.
t/03-utf8.t .. 
Dubious, test returned 255 (wstat 65280, 0xff00)
Failed 17/18 subtests 

Test Summary Report
-------------------
t/02-list.t (Wstat: 65280 Tests: 1 Failed: 0)
  Non-zero exit status: 255
  Parse errors: Bad plan.  You planned 24 tests but ran 1.
t/03-utf8.t (Wstat: 65280 Tests: 1 Failed: 0)
  Non-zero exit status: 255
  Parse errors: Bad plan.  You planned 18 tests but ran 1.
Files=3, Tests=4,  1 wallclock secs ( 0.04 usr  0.01 sys +  0.29 cusr  0.02 csys =  0.36 CPU)
Result: FAIL
Failed 2/3 test programs. 0/4 subtests failed.
*** Error code 255

Stop.
make: stopped in /home/smoke/.cpan/build/Regexp-Optimizer-0.16-eIZUEu

------------------------------
PREREQUISITES
------------------------------

Prerequisite modules loaded:

build_requires:

    Module              Need Have
    ------------------- ---- ----
    ExtUtils::MakeMaker 0    6.64

configure_requires:

    Module              Need Have
    ------------------- ---- ----
    ExtUtils::MakeMaker 0    6.64


------------------------------
ENVIRONMENT AND OTHER CONTEXT
------------------------------

Environment variables:

    AUTOMATED_TESTING = 1
    MANPATH_WITHOUT_PERLBREW = 
    PATH = /home/smoke/perl5/perlbrew/bin:/home/smoke/perl5/perlbrew/perls/perl-5.14.2/bin:/home/smoke/bin:/usr/pkg/sbin:/usr/pkg/bin:/bin:/sbin:/usr/bin:/usr/sbin:/usr/local/bin:/usr/local/sbin:/usr/X11R7/bin:/usr/X11R6/bin:/usr/games
    PATH_WITHOUT_PERLBREW = /home/smoke/bin:/usr/pkg/sbin:/usr/pkg/bin:/bin:/sbin:/usr/bin:/usr/sbin:/usr/local/bin:/usr/local/sbin:/usr/X11R7/bin:/usr/X11R6/bin:/usr/games
    PERL5LIB = 
    PERL5OPT = 
    PERL5_CPANPLUS_IS_RUNNING = 26393
    PERL5_CPAN_IS_RUNNING = 26393
    PERL5_CPAN_IS_RUNNING_IN_RECURSION = 1312,26393
    PERLBREW_BASHRC_VERSION = 0.41
    PERLBREW_HOME = /home/smoke/.perlbrew
    PERLBREW_MANPATH = /home/smoke/perl5/perlbrew/perls/perl-5.14.2/man
    PERLBREW_PATH = /home/smoke/perl5/perlbrew/bin:/home/smoke/perl5/perlbrew/perls/perl-5.14.2/bin
    PERLBREW_PERL = perl-5.14.2
    PERLBREW_ROOT = /home/smoke/perl5/perlbrew
    PERLBREW_VERSION = 0.41
    PERL_CR_SMOKER_CURRENT = Regexp-Optimizer-0.16
    PERL_EXTUTILS_AUTOINSTALL = --defaultdeps
    PERL_MM_USE_DEFAULT = 1
    SHELL = /usr/pkg/bin/bash
    TERM = xterm-color

Perl special variables (and OS-specific diagnostics, for MSWin32):

    $^X = /home/smoke/perl5/perlbrew/perls/perl-5.14.2/bin/perl
    $UID/$EUID = 1002 / 1002
    $GID = 100 100
    $EGID = 100 100

Perl module toolchain versions installed:

    Module              Have     
    ------------------- ---------
    CPAN                1.9600_01
    CPAN::Meta          2.120921 
    Cwd                 3.40     
    ExtUtils::CBuilder  0.280205 
    ExtUtils::Command   1.17     
    ExtUtils::Install   1.56     
    ExtUtils::MakeMaker 6.64     
    ExtUtils::Manifest  1.60     
    ExtUtils::ParseXS   3.18     
    File::Spec          3.40     
    JSON                2.53     
    JSON::PP            2.27200  
    Module::Build       0.4003   
    Module::Signature   n/a      
    Parse::CPAN::Meta   1.4404   
    Test::Harness       3.26     
    Test::More          0.98     
    YAML                0.84     
    YAML::Syck          1.22     
    version             0.9901   


--

Summary of my perl5 (revision 5 version 14 subversion 2) configuration:
   
  Platform:
    osname=netbsd, osvers=6.0.1, archname=i386-netbsd
    uname='netbsd prickle.zeroclue.com 6.0.1 netbsd 6.0.1 (generic) i386 '
    config_args='-de -Dprefix=/home/smoke/perl5/perlbrew/perls/perl-5.14.2'
    hint=recommended, useposix=true, d_sigaction=define
    useithreads=undef, usemultiplicity=undef
    useperlio=define, d_sfio=undef, uselargefiles=define, usesocks=undef
    use64bitint=undef, use64bitall=undef, uselongdouble=undef
    usemymalloc=n, bincompat5005=undef
  Compiler:
    cc='cc', ccflags ='-fno-strict-aliasing -pipe -fstack-protector -I/usr/pkg/include',
    optimize='-O',
    cppflags='-fno-strict-aliasing -pipe -fstack-protector -I/usr/pkg/include'
    ccversion='', gccversion='4.5.3', gccosandvers=''
    intsize=4, longsize=4, ptrsize=4, doublesize=8, byteorder=1234
    d_longlong=define, longlongsize=8, d_longdbl=define, longdblsize=12
    ivtype='long', ivsize=4, nvtype='double', nvsize=8, Off_t='off_t', lseeksize=8
    alignbytes=4, prototype=define
  Linker and Libraries:
    ld='cc', ldflags =' -Wl,-rpath,/usr/pkg/lib -Wl,-rpath,/usr/local/lib -fstack-protector -L/usr/pkg/lib'
    libpth=/usr/pkg/lib /lib /usr/lib
    libs=-lm -lcrypt -lutil -lc -lposix
    perllibs=-lm -lcrypt -lutil -lc -lposix
    libc=/lib/libc.so, so=so, useshrplib=false, libperl=libperl.a
    gnulibc_version=''
  Dynamic Linking:
    dlsrc=dl_dlopen.xs, dlext=so, d_dlsymun=undef, ccdlflags='-Wl,-E '
    cccdlflags='-DPIC -fPIC ', lddlflags='--whole-archive -shared  -L/usr/pkg/lib -fstack-protector'


Characteristics of this binary (from libperl): 
  Compile-time options: PERL_DONT_CREATE_GVSV PERL_MALLOC_WRAP
                        PERL_PRESERVE_IVUV USE_LARGE_FILES USE_PERLIO
                        USE_PERL_ATOF
  Built under netbsd
  Compiled at Feb  1 2013 00:11:44
  %ENV:
    PERL5LIB=""
    PERL5OPT=""
    PERL5_CPANPLUS_IS_RUNNING="26393"
    PERL5_CPAN_IS_RUNNING="26393"
    PERL5_CPAN_IS_RUNNING_IN_RECURSION="1312,26393"
    PERLBREW_BASHRC_VERSION="0.41"
    PERLBREW_HOME="/home/smoke/.perlbrew"
    PERLBREW_MANPATH="/home/smoke/perl5/perlbrew/perls/perl-5.14.2/man"
    PERLBREW_PATH="/home/smoke/perl5/perlbrew/bin:/home/smoke/perl5/perlbrew/perls/perl-5.14.2/bin"
    PERLBREW_PERL="perl-5.14.2"
    PERLBREW_ROOT="/home/smoke/perl5/perlbrew"
    PERLBREW_VERSION="0.41"
    PERL_CR_SMOKER_CURRENT="Regexp-Optimizer-0.16"
    PERL_EXTUTILS_AUTOINSTALL="--defaultdeps"
    PERL_MM_USE_DEFAULT="1"
  @INC:
    /home/smoke/perl5/perlbrew/perls/perl-5.14.2/lib/site_perl/5.14.2/i386-netbsd
    /home/smoke/perl5/perlbrew/perls/perl-5.14.2/lib/site_perl/5.14.2
    /home/smoke/perl5/perlbrew/perls/perl-5.14.2/lib/5.14.2/i386-netbsd
    /home/smoke/perl5/perlbrew/perls/perl-5.14.2/lib/5.14.2
    .