Back
From: metabase:user:320bfe00-2aae-11df-837a-5e0a49663a4f
Subject: FAIL Unicode-Digits-20090607 v5.14.0 GNU/Linux
Date: 2012-02-29T00:04:22Z
This distribution has been tested as part of the CPAN Testers
project, supporting the Perl programming language. See
http://wiki.cpantesters.org/ for more information or email
questions to cpan-testers-discuss@perl.org
--
Dear Chas. J. Owens IV,
This is a computer-generated report for Unicode-Digits-20090607
on perl 5.14.0, created by CPAN-Reporter-1.2002.
Thank you for uploading your work to CPAN. However, there was a problem
testing your distribution.
If you think this report is invalid, please consult the CPAN Testers Wiki
for suggestions on how to avoid getting FAIL reports for missing library
or binary dependencies, unsupported operating systems, and so on:
http://wiki.cpantesters.org/wiki/CPANAuthorNotes
Sections of this report:
* Tester comments
* Program output
* Prerequisites
* Environment and other context
------------------------------
TESTER COMMENTS
------------------------------
Additional comments from tester:
this report is from an automated smoke testing program
and was not reviewed by a human for accuracy
------------------------------
PROGRAM OUTPUT
------------------------------
Output from './Build test':
# Testing Unicode::Digits 20090607, Perl 5.014000, /home/sand/src/perl/repoperls/installed-perls/perl/v5.14.0/1df5/bin/perl
t/00-load.t ........... ok
# Failed test at t/01-digits_to_int.t line 12.
# got: 'string '4á ' contains digits from different ranges at t/01-digits_to_int.t line 30.
# '
# expected: 'string '4á ' contains digits from different ranges at t/01-digits_to_int.t line 30
# '
# Failed test at t/01-digits_to_int.t line 12.
# got: 'string 'a is Û´Û²' contains non-digit characters at t/01-digits_to_int.t line 31.
# '
# expected: 'string 'a is Û´Û²' contains non-digit characters at t/01-digits_to_int.t line 31
# '
# Failed test at t/01-digits_to_int.t line 12.
# got: 'string '4á ' contains digits from different ranges at t/01-digits_to_int.t line 35.
# '
# expected: 'string '4á ' contains digits from different ranges at t/01-digits_to_int.t line 35
# '
# Failed test at t/01-digits_to_int.t line 37.
# got: 'string 'a is Û´Û²' contains non-digit characters at t/01-digits_to_int.t line 36.
# '
# expected: 'string 'a is Û´Û²' contains non-digit characters at t/01-digits_to_int.t line 36
# '
# Failed test at t/01-digits_to_int.t line 12.
# got: 'Wide character in print at /home/src/perl/repoperls/installed-perls/perl/v5.14.0/1df5/lib/5.14.0/Test/Builder.pm line 1759.
# '
# expected: ''
# Failed test at t/01-digits_to_int.t line 42.
# got: 'string '4á ' contains digits from different ranges at t/01-digits_to_int.t line 41.
# '
# expected: 'string '4á ' contains digits from different ranges at t/01-digits_to_int.t line 41
# '
# Failed test at t/01-digits_to_int.t line 44.
# got: 'string 'a is Û´Û²' contains non-digit characters at t/01-digits_to_int.t line 43.
# '
# expected: 'string 'a is Û´Û²' contains non-digit characters at t/01-digits_to_int.t line 43
# '
# Looks like you failed 7 tests of 37.
t/01-digits_to_int.t ..
Dubious, test returned 7 (wstat 1792, 0x700)
Failed 7/37 subtests
t/boilerplate.t ....... ok
t/pod-coverage.t ...... ok
t/pod.t ............... ok
Test Summary Report
-------------------
t/01-digits_to_int.t (Wstat: 1792 Tests: 37 Failed: 7)
Failed tests: 22, 24, 30-31, 33, 36-37
Non-zero exit status: 7
Files=5, Tests=43, 1 wallclock secs ( 0.02 usr 0.00 sys + 0.21 cusr 0.04 csys = 0.27 CPU)
Result: FAIL
Failed 1/5 test programs. 7/43 subtests failed.
------------------------------
PREREQUISITES
------------------------------
Prerequisite modules loaded:
build_requires:
Module Need Have
------------ ---- ----
Carp 0 1.25
Exporter 0 5.65
strict 0 1.04
Test::More 0 0.98
Unicode::UCD 0 0.32
warnings 0 1.12
------------------------------
ENVIRONMENT AND OTHER CONTEXT
------------------------------
Environment variables:
AUTOMATED_TESTING = 1
LANG = en_US.UTF-8
LANGUAGE = en_US:en
PATH = /home/sand/bin:/usr/local/bin:/usr/bin:/bin:/usr/bin/X11:/usr/games:/usr/local/perl/bin:/usr/X11/bin:/sbin:/usr/sbin
PERL5LIB =
PERL5OPT =
PERL5_CPANPLUS_IS_RUNNING = 8315
PERL5_CPAN_IS_RUNNING = 8315
PERL_MM_USE_DEFAULT = 1
SHELL = /usr/bin/zsh
TERM = screen
Perl special variables (and OS-specific diagnostics, for MSWin32):
$^X = /home/sand/src/perl/repoperls/installed-perls/perl/v5.14.0/1df5/bin/perl
$UID/$EUID = 1005 / 1005
$GID = 1005 1005
$EGID = 1005 1005
Perl module toolchain versions installed:
Module Have
------------------- --------
CPAN 1.9800
CPAN::Meta 2.120530
Cwd 3.36
ExtUtils::CBuilder 0.280203
ExtUtils::Command 1.17
ExtUtils::Install 1.56
ExtUtils::MakeMaker 6.62
ExtUtils::Manifest 1.60
ExtUtils::ParseXS 3.15
File::Spec 3.33
JSON 2.53
JSON::PP 2.27200
Module::Build 0.39_01
Module::Signature 0.68
Parse::CPAN::Meta 1.4401
Test::Harness 3.23
Test::More 0.98
YAML 0.77
YAML::Syck 1.17
version 0.94
--
Summary of my perl5 (revision 5 version 14 subversion 0) configuration:
Commit id: a35ef416833511da752c4b5b836b7a8915712aab
Platform:
osname=linux, osvers=2.6.32-5-amd64, archname=x86_64-linux
uname='linux k81 2.6.32-5-amd64 #1 smp mon mar 7 21:35:22 utc 2011 x86_64 gnulinux '
config_args='-Dprefix=/home/src/perl/repoperls/installed-perls/perl/v5.14.0/1df5 -Dinstallusrbinperl=n -Uversiononly -Dusedevel -des -Ui_db -Uuseithreads -Uuselongdouble -DDEBUGGING=-g'
hint=recommended, useposix=true, d_sigaction=define
useithreads=undef, usemultiplicity=undef
useperlio=define, d_sfio=undef, uselargefiles=define, usesocks=undef
use64bitint=define, use64bitall=define, uselongdouble=undef
usemymalloc=n, bincompat5005=undef
Compiler:
cc='cc', ccflags ='-fno-strict-aliasing -pipe -fstack-protector -I/usr/local/include -D_LARGEFILE_SOURCE -D_FILE_OFFSET_BITS=64',
optimize='-O2 -g',
cppflags='-fno-strict-aliasing -pipe -fstack-protector -I/usr/local/include'
ccversion='', gccversion='4.4.5', gccosandvers=''
intsize=4, longsize=8, ptrsize=8, doublesize=8, byteorder=12345678
d_longlong=define, longlongsize=8, d_longdbl=define, longdblsize=16
ivtype='long', ivsize=8, nvtype='double', nvsize=8, Off_t='off_t', lseeksize=8
alignbytes=8, prototype=define
Linker and Libraries:
ld='cc', ldflags =' -fstack-protector -L/usr/local/lib'
libpth=/usr/local/lib /lib/../lib /usr/lib/../lib /lib /usr/lib /usr/lib/x86_64-linux-gnu /lib64 /usr/lib64
libs=-lnsl -ldl -lm -lcrypt -lutil -lc
perllibs=-lnsl -ldl -lm -lcrypt -lutil -lc
libc=/lib/libc-2.11.2.so, so=so, useshrplib=false, libperl=libperl.a
gnulibc_version='2.11.2'
Dynamic Linking:
dlsrc=dl_dlopen.xs, dlext=so, d_dlsymun=undef, ccdlflags='-Wl,-E'
cccdlflags='-fPIC', lddlflags='-shared -O2 -g -L/usr/local/lib -fstack-protector'
Characteristics of this binary (from libperl):
Compile-time options: PERL_DONT_CREATE_GVSV PERL_MALLOC_WRAP
PERL_PRESERVE_IVUV PERL_USE_DEVEL USE_64_BIT_ALL
USE_64_BIT_INT USE_LARGE_FILES USE_PERLIO
USE_PERL_ATOF
Built under linux
Compiled at May 15 2011 03:12:01
%ENV:
PERL5LIB=""
PERL5OPT=""
PERL5_CPANPLUS_IS_RUNNING="8315"
PERL5_CPAN_IS_RUNNING="8315"
PERL_MM_USE_DEFAULT="1"
@INC:
/home/src/perl/repoperls/installed-perls/perl/v5.14.0/1df5/lib/site_perl/5.14.0/x86_64-linux
/home/src/perl/repoperls/installed-perls/perl/v5.14.0/1df5/lib/site_perl/5.14.0
/home/src/perl/repoperls/installed-perls/perl/v5.14.0/1df5/lib/5.14.0/x86_64-linux
/home/src/perl/repoperls/installed-perls/perl/v5.14.0/1df5/lib/5.14.0
.