Back
From: metabase:user:314402c4-2aae-11df-837a-5e0a49663a4f
Subject: FAIL Palm-Magellan-NavCompanion-0.54 v5.14.4 FreeBSD
Date: 2015-01-02T08:47:07Z
This distribution has been tested as part of the CPAN Testers
project, supporting the Perl programming language. See
http://wiki.cpantesters.org/ for more information or email
questions to cpan-testers-discuss@perl.org
--
Dear Adoptable Modules,
This is a computer-generated report for Palm-Magellan-NavCompanion-0.54
on perl 5.14.4, created by CPAN-Reporter-1.2011.
Thank you for uploading your work to CPAN. However, there was a problem
testing your distribution.
If you think this report is invalid, please consult the CPAN Testers Wiki
for suggestions on how to avoid getting FAIL reports for missing library
or binary dependencies, unsupported operating systems, and so on:
http://wiki.cpantesters.org/wiki/CPANAuthorNotes
Sections of this report:
* Tester comments
* Program output
* Prerequisites
* Environment and other context
------------------------------
TESTER COMMENTS
------------------------------
Additional comments from tester:
none provided
------------------------------
PROGRAM OUTPUT
------------------------------
Output from '/usr/bin/make test':
PERL_DL_NONLAZY=1 "/usr/perl5.14.4/bin/perl" "-MExtUtils::Command::MM" "-MTest::Harness" "-e" "undef *Test::Harness::Switches; test_harness(0, 'blib/lib', 'blib/arch')" t/*.t
# Failed test 'use Palm::Magellan::NavCompanion;'
# at t/compile.t line 7.
# Tried to use 'Palm::Magellan::NavCompanion'.
# Error: Can't locate Palm/Magellan/NavCompanion.pm in @INC (@INC contains: /usr/home/eserte/.cpan/build/Palm-Magellan-NavCompanion-0.54-_d9P1J/blib/lib /usr/home/eserte/.cpan/build/Palm-Magellan-NavCompanion-0.54-_d9P1J/blib/arch /home/eserte/.cpan/build/App-Charon-0.001000-DSBSgy/blib/arch /home/eserte/.cpan/build/App-Charon-0.001000-DSBSgy/blib/lib /home/eserte/.cpan/build/Net-Async-HTTP-Server-0.07-pnowc3/blib/arch /home/eserte/.cpan/build/Net-Async-HTTP-Server-0.07-pnowc3/blib/lib /home/eserte/.cpan/build/App-Charon-0.001000-DSBSgy/blib/arch /home/eserte/.cpan/build/App-Charon-0.001000-DSBSgy/blib/lib /home/eserte/.cpan/build/Net-Async-HTTP-Server-0.07-pnowc3/blib/arch /home/eserte/.cpan/build/Net-Async-HTTP-Server-0.07-pnowc3/blib/lib /usr/perl5.14.4/lib/site_perl/5.14.4/amd64-freebsd /usr/perl5.14.4/lib/site_perl/5.14.4 /usr/perl5.14.4/lib/5.14.4/amd64-freebsd /usr/perl5.14.4/lib/5.14.4 .) at t/compile.t line 7.
# BEGIN failed--compilation aborted at t/compile.t line 7.
# Looks like you failed 1 test of 1.
t/compile.t .......
Dubious, test returned 1 (wstat 256, 0x100)
Failed 1/1 subtests
# Failed test 'use Palm::Magellan::NavCompanion;'
# at t/fields.t line 3.
# Tried to use 'Palm::Magellan::NavCompanion'.
# Error: Can't locate Palm/Magellan/NavCompanion.pm in @INC (@INC contains: /usr/home/eserte/.cpan/build/Palm-Magellan-NavCompanion-0.54-_d9P1J/blib/lib /usr/home/eserte/.cpan/build/Palm-Magellan-NavCompanion-0.54-_d9P1J/blib/arch /home/eserte/.cpan/build/App-Charon-0.001000-DSBSgy/blib/arch /home/eserte/.cpan/build/App-Charon-0.001000-DSBSgy/blib/lib /home/eserte/.cpan/build/Net-Async-HTTP-Server-0.07-pnowc3/blib/arch /home/eserte/.cpan/build/Net-Async-HTTP-Server-0.07-pnowc3/blib/lib /home/eserte/.cpan/build/App-Charon-0.001000-DSBSgy/blib/arch /home/eserte/.cpan/build/App-Charon-0.001000-DSBSgy/blib/lib /home/eserte/.cpan/build/Net-Async-HTTP-Server-0.07-pnowc3/blib/arch /home/eserte/.cpan/build/Net-Async-HTTP-Server-0.07-pnowc3/blib/lib /usr/perl5.14.4/lib/site_perl/5.14.4/amd64-freebsd /usr/perl5.14.4/lib/site_perl/5.14.4 /usr/perl5.14.4/lib/5.14.4/amd64-freebsd /usr/perl5.14.4/lib/5.14.4 .) at t/fields.t line 3.
# BEGIN failed--compilation aborted at t/fields.t line 3.
Can't locate object method "new" via package "Palm::PDB" (perhaps you forgot to load "Palm::PDB"?) at t/fields.t line 5.
# Looks like you planned 6 tests but ran 1.
# Looks like you failed 1 test of 1 run.
# Looks like your test exited with 255 just after 1.
t/fields.t ........
Dubious, test returned 255 (wstat 65280, 0xff00)
Failed 6/6 subtests
# Failed test 'use Palm::Magellan::NavCompanion;'
# at t/Load.t line 3.
# Tried to use 'Palm::Magellan::NavCompanion'.
# Error: Can't locate Palm/Magellan/NavCompanion.pm in @INC (@INC contains: /usr/home/eserte/.cpan/build/Palm-Magellan-NavCompanion-0.54-_d9P1J/blib/lib /usr/home/eserte/.cpan/build/Palm-Magellan-NavCompanion-0.54-_d9P1J/blib/arch /home/eserte/.cpan/build/App-Charon-0.001000-DSBSgy/blib/arch /home/eserte/.cpan/build/App-Charon-0.001000-DSBSgy/blib/lib /home/eserte/.cpan/build/Net-Async-HTTP-Server-0.07-pnowc3/blib/arch /home/eserte/.cpan/build/Net-Async-HTTP-Server-0.07-pnowc3/blib/lib /home/eserte/.cpan/build/App-Charon-0.001000-DSBSgy/blib/arch /home/eserte/.cpan/build/App-Charon-0.001000-DSBSgy/blib/lib /home/eserte/.cpan/build/Net-Async-HTTP-Server-0.07-pnowc3/blib/arch /home/eserte/.cpan/build/Net-Async-HTTP-Server-0.07-pnowc3/blib/lib /usr/perl5.14.4/lib/site_perl/5.14.4/amd64-freebsd /usr/perl5.14.4/lib/site_perl/5.14.4 /usr/perl5.14.4/lib/5.14.4/amd64-freebsd /usr/perl5.14.4/lib/5.14.4 .) at t/Load.t line 3.
# BEGIN failed--compilation aborted at t/Load.t line 3.
No handler defined for creator "MGtz", type "Twpt"
# Looks like you failed 1 test of 3.
# Looks like your test exited with 255 just after 3.
t/Load.t ..........
Dubious, test returned 255 (wstat 65280, 0xff00)
Failed 1/3 subtests
t/pod.t ........... ok
# Failed test 'Pod coverage on Palm::Magellan::NavCompanion'
# at t/pod_coverage.t line 12.
# Palm::Magellan::NavCompanion: couldn't find pod
# Looks like you failed 1 test of 1.
t/pod_coverage.t ..
Dubious, test returned 1 (wstat 256, 0x100)
Failed 1/1 subtests
t/prereq.t ........ ok
# Failed test 'use Palm::Magellan::NavCompanion;'
# at t/raw_records.t line 3.
# Tried to use 'Palm::Magellan::NavCompanion'.
# Error: Can't locate Palm/Magellan/NavCompanion.pm in @INC (@INC contains: /usr/home/eserte/.cpan/build/Palm-Magellan-NavCompanion-0.54-_d9P1J/blib/lib /usr/home/eserte/.cpan/build/Palm-Magellan-NavCompanion-0.54-_d9P1J/blib/arch /home/eserte/.cpan/build/App-Charon-0.001000-DSBSgy/blib/arch /home/eserte/.cpan/build/App-Charon-0.001000-DSBSgy/blib/lib /home/eserte/.cpan/build/Net-Async-HTTP-Server-0.07-pnowc3/blib/arch /home/eserte/.cpan/build/Net-Async-HTTP-Server-0.07-pnowc3/blib/lib /home/eserte/.cpan/build/App-Charon-0.001000-DSBSgy/blib/arch /home/eserte/.cpan/build/App-Charon-0.001000-DSBSgy/blib/lib /home/eserte/.cpan/build/Net-Async-HTTP-Server-0.07-pnowc3/blib/arch /home/eserte/.cpan/build/Net-Async-HTTP-Server-0.07-pnowc3/blib/lib /usr/perl5.14.4/lib/site_perl/5.14.4/amd64-freebsd /usr/perl5.14.4/lib/site_perl/5.14.4 /usr/perl5.14.4/lib/5.14.4/amd64-freebsd /usr/perl5.14.4/lib/5.14.4 .) at t/raw_records.t line 3.
# BEGIN failed--compilation aborted at t/raw_records.t line 3.
Can't locate object method "new" via package "Palm::PDB" (perhaps you forgot to load "Palm::PDB"?) at t/raw_records.t line 5.
# Looks like you planned 5 tests but ran 1.
# Looks like you failed 1 test of 1 run.
# Looks like your test exited with 255 just after 1.
t/raw_records.t ...
Dubious, test returned 255 (wstat 65280, 0xff00)
Failed 5/5 subtests
Test Summary Report
-------------------
t/compile.t (Wstat: 256 Tests: 1 Failed: 1)
Failed test: 1
Non-zero exit status: 1
t/fields.t (Wstat: 65280 Tests: 1 Failed: 1)
Failed test: 1
Non-zero exit status: 255
Parse errors: Bad plan. You planned 6 tests but ran 1.
t/Load.t (Wstat: 65280 Tests: 3 Failed: 1)
Failed test: 1
Non-zero exit status: 255
t/pod_coverage.t (Wstat: 256 Tests: 1 Failed: 1)
Failed test: 1
Non-zero exit status: 1
t/raw_records.t (Wstat: 65280 Tests: 1 Failed: 1)
Failed test: 1
Non-zero exit status: 255
Parse errors: Bad plan. You planned 5 tests but ran 1.
Files=7, Tests=9, 7 wallclock secs ( 0.06 usr 0.02 sys + 6.29 cusr 0.31 csys = 6.68 CPU)
Result: FAIL
Failed 5/7 test programs. 5/9 subtests failed.
*** [test_dynamic] Error code 255
Stop in /usr/home/eserte/.cpan/build/Palm-Magellan-NavCompanion-0.54-_d9P1J.
------------------------------
PREREQUISITES
------------------------------
Prerequisite modules loaded:
requires:
Module Need Have
------------------- ---- --------
Palm::Raw 0 1.015
Palm::StdAppInfo 0 1.014
Test::More 0 1.001014
build_requires:
Module Need Have
------------------- ---- --------
ExtUtils::MakeMaker 0 7.04
configure_requires:
Module Need Have
------------------- ---- --------
ExtUtils::MakeMaker 0 7.04
------------------------------
ENVIRONMENT AND OTHER CONTEXT
------------------------------
Environment variables:
DBIC_NO_WARN_BAD_PERL = 1
LC_ALL = de_DE.ISO8859-1
PATH = /usr/local/bin:/usr/bin:/bin:/usr/local/sbin:/usr/sbin:/sbin:/home/cpansand/bin/freebsd9.1:/home/cpansand/bin/sh:/home/cpansand/bin:/usr/games:/home/cpansand/devel:/usr/home/eserte/src/srezic-misc/scripts
PERL5LIB = /home/eserte/.cpan/build/App-Charon-0.001000-DSBSgy/blib/arch:/home/eserte/.cpan/build/App-Charon-0.001000-DSBSgy/blib/lib:/home/eserte/.cpan/build/Net-Async-HTTP-Server-0.07-pnowc3/blib/arch:/home/eserte/.cpan/build/Net-Async-HTTP-Server-0.07-pnowc3/blib/lib
PERL5OPT =
PERL5_CPANPLUS_IS_RUNNING = 29063
PERL5_CPAN_IS_RUNNING = 29063
PERL5_CPAN_IS_RUNNING_IN_RECURSION = 29044,29063
PERLDOC = -MPod::Perldoc::ToTextOverstrike
PERL_BATCH = yes
PERL_CPAN_REPORTER_CONFIG = /var/tmp/cpansmoker-1023/DUh7FYDzUM_config.ini
PERL_EXTUTILS_AUTOINSTALL = --defaultdeps
PERL_HTML_DISPLAY_CLASS = HTML::Display::Mozilla
SHELL = /usr/local/bin/zsh
TERM = screen
TMPDIR = /var/tmp/cpansmoker-1023
Perl special variables (and OS-specific diagnostics, for MSWin32):
$^X = /usr/perl5.14.4/bin/perl
$UID/$EUID = 1023 / 1023
$GID = 1023 1023
$EGID = 1023 1023
Perl module toolchain versions installed:
Module Have
------------------- ---------
CPAN 1.9600_01
CPAN::Meta 2.142690
Cwd 3.47
ExtUtils::CBuilder 0.280220
ExtUtils::Command 1.19
ExtUtils::Install 2.04
ExtUtils::MakeMaker 7.04
ExtUtils::Manifest 1.69
ExtUtils::ParseXS 3.24
File::Spec 3.47
JSON 2.90
JSON::PP 2.27300
Module::Build 0.4210
Module::Signature 0.73
Parse::CPAN::Meta 1.4414
Test::Harness 3.34
Test::More 1.001014
YAML 1.13
YAML::Syck 1.29
version 0.9909
--
Summary of my perl5 (revision 5 version 14 subversion 4) configuration:
Platform:
osname=freebsd, osvers=9.2-release-p4, archname=amd64-freebsd
uname='freebsd cvrsnica-freebsd-92 9.2-release-p4 freebsd 9.2-release-p4 #0: tue apr 8 18:08:22 utc 2014 root@amd64-builder.daemonology.net:usrobjusrsrcsysgeneric amd64 '
config_args='-ds -e -Dprefix=/usr/perl5.14.4'
hint=recommended, useposix=true, d_sigaction=define
useithreads=undef, usemultiplicity=undef
useperlio=define, d_sfio=undef, uselargefiles=define, usesocks=undef
use64bitint=define, use64bitall=define, uselongdouble=undef
usemymalloc=n, bincompat5005=undef
Compiler:
cc='cc', ccflags ='-DHAS_FPSETMASK -DHAS_FLOATINGPOINT_H -fno-strict-aliasing -pipe -fstack-protector -I/usr/local/include',
optimize='-O',
cppflags='-DHAS_FPSETMASK -DHAS_FLOATINGPOINT_H -fno-strict-aliasing -pipe -fstack-protector -I/usr/local/include'
ccversion='', gccversion='4.2.1 20070831 patched [FreeBSD]', gccosandvers=''
intsize=4, longsize=8, ptrsize=8, doublesize=8, byteorder=12345678
d_longlong=define, longlongsize=8, d_longdbl=define, longdblsize=16
ivtype='long', ivsize=8, nvtype='double', nvsize=8, Off_t='off_t', lseeksize=8
alignbytes=8, prototype=define
Linker and Libraries:
ld='cc', ldflags ='-Wl,-E -fstack-protector -L/usr/local/lib'
libpth=/usr/lib /usr/local/lib
libs=-lgdbm -lm -lcrypt -lutil -lc
perllibs=-lm -lcrypt -lutil -lc
libc=, so=so, useshrplib=false, libperl=libperl.a
gnulibc_version=''
Dynamic Linking:
dlsrc=dl_dlopen.xs, dlext=so, d_dlsymun=undef, ccdlflags=' '
cccdlflags='-DPIC -fPIC', lddlflags='-shared -L/usr/local/lib -fstack-protector'
Characteristics of this binary (from libperl):
Compile-time options: PERL_DONT_CREATE_GVSV PERL_MALLOC_WRAP
PERL_PRESERVE_IVUV USE_64_BIT_ALL USE_64_BIT_INT
USE_LARGE_FILES USE_PERLIO USE_PERL_ATOF
Built under freebsd
Compiled at May 16 2014 00:20:44
%ENV:
PERL5LIB="/home/eserte/.cpan/build/App-Charon-0.001000-DSBSgy/blib/arch:/home/eserte/.cpan/build/App-Charon-0.001000-DSBSgy/blib/lib:/home/eserte/.cpan/build/Net-Async-HTTP-Server-0.07-pnowc3/blib/arch:/home/eserte/.cpan/build/Net-Async-HTTP-Server-0.07-pnowc3/blib/lib"
PERL5OPT=""
PERL5_CPANPLUS_IS_RUNNING="29063"
PERL5_CPAN_IS_RUNNING="29063"
PERL5_CPAN_IS_RUNNING_IN_RECURSION="29044,29063"
PERLDOC="-MPod::Perldoc::ToTextOverstrike"
PERL_BATCH="yes"
PERL_CPAN_REPORTER_CONFIG="/var/tmp/cpansmoker-1023/DUh7FYDzUM_config.ini"
PERL_EXTUTILS_AUTOINSTALL="--defaultdeps"
PERL_HTML_DISPLAY_CLASS="HTML::Display::Mozilla"
@INC:
/home/eserte/.cpan/build/App-Charon-0.001000-DSBSgy/blib/arch
/home/eserte/.cpan/build/App-Charon-0.001000-DSBSgy/blib/lib
/home/eserte/.cpan/build/Net-Async-HTTP-Server-0.07-pnowc3/blib/arch
/home/eserte/.cpan/build/Net-Async-HTTP-Server-0.07-pnowc3/blib/lib
/usr/perl5.14.4/lib/site_perl/5.14.4/amd64-freebsd
/usr/perl5.14.4/lib/site_perl/5.14.4
/usr/perl5.14.4/lib/5.14.4/amd64-freebsd
/usr/perl5.14.4/lib/5.14.4
.