Back
From: metabase:user:320bfe00-2aae-11df-837a-5e0a49663a4f
Subject: FAIL CGI-Application-Plugin-Authentication-0.20 v5.19.9 GNU/Linux
Date: 2014-01-27T12:17:05Z
This distribution has been tested as part of the CPAN Testers
project, supporting the Perl programming language. See
http://wiki.cpantesters.org/ for more information or email
questions to cpan-testers-discuss@perl.org
--
Dear Nicholas Bamber,
This is a computer-generated report for CGI-Application-Plugin-Authentication-0.20
on perl 5.19.9, created by CPAN-Reporter-1.2010.
Thank you for uploading your work to CPAN. However, there was a problem
testing your distribution.
If you think this report is invalid, please consult the CPAN Testers Wiki
for suggestions on how to avoid getting FAIL reports for missing library
or binary dependencies, unsupported operating systems, and so on:
http://wiki.cpantesters.org/wiki/CPANAuthorNotes
Sections of this report:
* Tester comments
* Program output
* Prerequisites
* Environment and other context
------------------------------
TESTER COMMENTS
------------------------------
Additional comments from tester:
this report is from an automated smoke testing program
and was not reviewed by a human for accuracy
------------------------------
PROGRAM OUTPUT
------------------------------
Output from './Build test':
Module::Build will be removed from the Perl core distribution in the next major release. Please install it from CPAN. It is being used at ./Build, line 40.
t/01_basic.t ........................ ok
t/02_config.t ....................... ok
CGI will be removed from the Perl core distribution in the next major release. Please install it from CPAN. It is being used at t/03_authenticate.t, line 11.
t/03_authenticate.t ................. skipped: CGI::Application::Plugin::Session required for this test
CGI will be removed from the Perl core distribution in the next major release. Please install it from CPAN. It is being used at t/03_destination.t, line 22.
CGI::Cookie will be removed from the Perl core distribution in the next major release. Please install it from CPAN. It is being used at /tmp/loop_over_bdir-17570-iCZBHi/CGI-Application-Plugin-Authentication-0.20-JKIFdJ/blib/lib/CGI/Application/Plugin/Authentication/Store/Cookie.pm, line 10.
authen config warning: parameter POST_LOGIN_URL ignored since we already have POST_LOGIN_RUNMODE at t/03_destination.t line 43.
t/03_destination.t .................. ok
CGI will be removed from the Perl core distribution in the next major release. Please install it from CPAN. It is being used at t/03_login_box.t, line 17.
CGI::Cookie will be removed from the Perl core distribution in the next major release. Please install it from CPAN. It is being used at /tmp/loop_over_bdir-17570-iCZBHi/CGI-Application-Plugin-Authentication-0.20-JKIFdJ/blib/lib/CGI/Application/Plugin/Authentication/Store/Cookie.pm, line 10.
# Color::Calc required for this sub test
# Color::Calc required for this sub test
# Color::Calc required for this sub test
# Color::Calc required for this sub test
t/03_login_box.t .................... ok
# Failed test 'no warnings'
# at /home/sand/src/perl/repoperls/installed-perls/perl/v5.19.8-187-gb373396/a2da/lib/site_perl/5.19.9/Test/NoWarnings.pm line 45.
# There were 2 warning(s)
# Previous test 0 ''
# CGI will be removed from the Perl core distribution in the next major release. Please install it from CPAN. It is being used at t/03_login_box_basic.t, line 15.
# at /home/sand/src/perl/repoperls/installed-perls/perl/v5.19.8-187-gb373396/a2da/lib/5.19.9/deprecate.pm line 61.
# deprecate::import(undef, undef, "deprecate") called at /home/sand/src/perl/repoperls/installed-perls/perl/v5.19.8-187-gb373396/a2da/lib/5.19.9/CGI.pm line 3
# CGI::BEGIN() called at /home/sand/src/perl/repoperls/installed-perls/perl/v5.19.8-187-gb373396/a2da/lib/5.19.9/CGI.pm line 3
# eval {...} called at /home/sand/src/perl/repoperls/installed-perls/perl/v5.19.8-187-gb373396/a2da/lib/5.19.9/CGI.pm line 3
# require CGI.pm called at t/03_login_box_basic.t line 15
# main::BEGIN() called at /home/sand/src/perl/repoperls/installed-perls/perl/v5.19.8-187-gb373396/a2da/lib/5.19.9/CGI.pm line 3
# eval {...} called at /home/sand/src/perl/repoperls/installed-perls/perl/v5.19.8-187-gb373396/a2da/lib/5.19.9/CGI.pm line 3
#
# ----------
# Previous test 0 ''
# CGI::Cookie will be removed from the Perl core distribution in the next major release. Please install it from CPAN. It is being used at /tmp/loop_over_bdir-17570-iCZBHi/CGI-Application-Plugin-Authentication-0.20-JKIFdJ/blib/lib/CGI/Application/Plugin/Authentication/Store/Cookie.pm, line 10.
# at /home/sand/src/perl/repoperls/installed-perls/perl/v5.19.8-187-gb373396/a2da/lib/5.19.9/deprecate.pm line 61.
# deprecate::import(undef, undef, "deprecate") called at /home/sand/src/perl/repoperls/installed-perls/perl/v5.19.8-187-gb373396/a2da/lib/5.19.9/CGI/Cookie.pm line 6
# CGI::Cookie::BEGIN() called at /home/sand/src/perl/repoperls/installed-perls/perl/v5.19.8-187-gb373396/a2da/lib/5.19.9/CGI/Cookie.pm line 6
# eval {...} called at /home/sand/src/perl/repoperls/installed-perls/perl/v5.19.8-187-gb373396/a2da/lib/5.19.9/CGI/Cookie.pm line 6
# require CGI/Cookie.pm called at /tmp/loop_over_bdir-17570-iCZBHi/CGI-Application-Plugin-Authentication-0.20-JKIFdJ/blib/lib/CGI/Application/Plugin/Authentication/Store/Cookie.pm line 10
# CGI::Application::Plugin::Authentication::Store::Cookie::BEGIN() called at /home/sand/src/perl/repoperls/installed-perls/perl/v5.19.8-187-gb373396/a2da/lib/5.19.9/CGI/Cookie.pm line 6
# eval {...} called at /home/sand/src/perl/repoperls/installed-perls/perl/v5.19.8-187-gb373396/a2da/lib/5.19.9/CGI/Cookie.pm line 6
# require CGI/Application/Plugin/Authentication/Store/Cookie.pm called at /tmp/loop_over_bdir-17570-iCZBHi/CGI-Application-Plugin-Authentication-0.20-JKIFdJ/blib/lib/CGI/Application/Plugin/Authentication.pm line 1516
# eval '
# #line 1516 "/tmp/loop_over_bdir-17570-iCZBHi/CGI-Application-Plugin-Authentication-0.20-JKIFdJ/blib/lib/CGI/Application/Plugin/Authentication.pm"
# CORE::require($file);
# ' called at /home/sand/src/perl/repoperls/installed-perls/perl/v5.19.8-187-gb373396/a2da/lib/site_perl/5.19.9/UNIVERSAL/require.pm line 92
# UNIVERSAL::require("CGI::Application::Plugin::Authentication::Store::Cookie") called at /tmp/loop_over_bdir-17570-iCZBHi/CGI-Application-Plugin-Authentication-0.20-JKIFdJ/blib/lib/CGI/Application/Plugin/Authentication.pm line 1516
# CGI::Application::Plugin::Authentication::_find_deligate_class("CGI::Application::Plugin::Authentication::Store::Cookie", "Cookie") called at /tmp/loop_over_bdir-17570-iCZBHi/CGI-Application-Plugin-Authentication-0.20-JKIFdJ/blib/lib/CGI/Application/Plugin/Authentication.pm line 1152
# CGI::Application::Plugin::Authentication::store(CGI::Application::Plugin::Authentication=HASH(0x289b3c8)) called at /tmp/loop_over_bdir-17570-iCZBHi/CGI-Application-Plugin-Authentication-0.20-JKIFdJ/blib/lib/CGI/Application/Plugin/Authentication.pm line 1028
# CGI::Application::Plugin::Authentication::username(CGI::Application::Plugin::Authentication=HASH(0x289b3c8)) called at /tmp/loop_over_bdir-17570-iCZBHi/CGI-Application-Plugin-Authentication-0.20-JKIFdJ/blib/lib/CGI/Application/Plugin/Authentication.pm line 990
# CGI::Application::Plugin::Authentication::is_authenticated(CGI::Application::Plugin::Authentication=HASH(0x289b3c8)) called at t/03_login_box_basic.t line 67
# main::__ANON__() called at /home/sand/src/perl/repoperls/installed-perls/perl/v5.19.8-187-gb373396/a2da/lib/5.19.9/Test/Builder.pm line 258
# Test::Builder::__ANON__() called at /home/sand/src/perl/repoperls/installed-perls/perl/v5.19.8-187-gb373396/a2da/lib/5.19.9/Test/Builder.pm line 263
# eval {...} called at /home/sand/src/perl/repoperls/installed-perls/perl/v5.19.8-187-gb373396/a2da/lib/5.19.9/Test/Builder.pm line 263
# Test::Builder::subtest(Test::Builder=HASH(0x20944a0), "empty", CODE(0x26f83a0)) called at /home/sand/src/perl/repoperls/installed-perls/perl/v5.19.8-187-gb373396/a2da/lib/5.19.9/Test/More.pm line 770
# Test::More::subtest("empty", CODE(0x26f83a0)) called at t/03_login_box_basic.t line 82
#
# Looks like you failed 1 test of 6.
t/03_login_box_basic.t ..............
Dubious, test returned 1 (wstat 256, 0x100)
Failed 1/6 subtests
# Color::Calc required
t/03_login_box_other.t .............. skipped: Color::Calc required
# Failed test 'checking generated warning'
# at t/03_missing_color.t line 75.
# found warning: CGI::Cookie will be removed from the Perl core distribution in the next major release. Please install it from CPAN. It is being used at /tmp/loop_over_bdir-17570-iCZBHi/CGI-Application-Plugin-Authentication-0.20-JKIFdJ/blib/lib/CGI/Application/Plugin/Authentication/Store/Cookie.pm, line 10.
# found warning: Color::Calc is required when specifying a custom BASE_COLOUR, and leaving LIGHTER_COLOUR, LIGHT_COLOUR, DARK_COLOUR or DARKER_COLOUR blank or when providing percentage based colour at /tmp/loop_over_bdir-17570-iCZBHi/CGI-Application-Plugin-Authentication-0.20-JKIFdJ/blib/lib/CGI/Application/Plugin/Authentication/Display/Classic.pm line 139.
# expected to find warning: Color::Calc is required when specifying a custom BASE_COLOUR, and leaving LIGHTER_COLOUR, LIGHT_COLOUR, DARK_COLOUR or DARKER_COLOUR blank or when providing percentage based colour
# Looks like you failed 1 test of 2.
# Failed test 'Base color'
# at t/03_missing_color.t line 79.
# Failed test 'no warnings'
# at /home/sand/src/perl/repoperls/installed-perls/perl/v5.19.8-187-gb373396/a2da/lib/site_perl/5.19.9/Test/NoWarnings.pm line 45.
# There were 1 warning(s)
# Previous test 0 ''
# CGI will be removed from the Perl core distribution in the next major release. Please install it from CPAN. It is being used at t/03_missing_color.t, line 16.
# at /home/sand/src/perl/repoperls/installed-perls/perl/v5.19.8-187-gb373396/a2da/lib/5.19.9/deprecate.pm line 61.
# deprecate::import(undef, undef, "deprecate") called at /home/sand/src/perl/repoperls/installed-perls/perl/v5.19.8-187-gb373396/a2da/lib/5.19.9/CGI.pm line 3
# CGI::BEGIN() called at /home/sand/src/perl/repoperls/installed-perls/perl/v5.19.8-187-gb373396/a2da/lib/5.19.9/CGI.pm line 3
# eval {...} called at /home/sand/src/perl/repoperls/installed-perls/perl/v5.19.8-187-gb373396/a2da/lib/5.19.9/CGI.pm line 3
# require CGI.pm called at t/03_missing_color.t line 16
# main::BEGIN() called at /home/sand/src/perl/repoperls/installed-perls/perl/v5.19.8-187-gb373396/a2da/lib/5.19.9/CGI.pm line 3
# eval {...} called at /home/sand/src/perl/repoperls/installed-perls/perl/v5.19.8-187-gb373396/a2da/lib/5.19.9/CGI.pm line 3
#
# Looks like you failed 2 tests of 4.
t/03_missing_color.t ................
Dubious, test returned 2 (wstat 512, 0x200)
Failed 2/4 subtests
CGI will be removed from the Perl core distribution in the next major release. Please install it from CPAN. It is being used at t/04_attributes.t, line 7.
t/04_attributes.t ................... ok
CGI will be removed from the Perl core distribution in the next major release. Please install it from CPAN. It is being used at t/05_autorunmode.t, line 10.
t/05_autorunmode.t .................. skipped: CGI::Application::Plugin::AutoRunmode required for this test
CGI will be removed from the Perl core distribution in the next major release. Please install it from CPAN. It is being used at t/06_timeout.t, line 8.
# The following tests have some small time delays
t/06_timeout.t ...................... ok
CGI will be removed from the Perl core distribution in the next major release. Please install it from CPAN. It is being used at t/07_protected_runmodes.t, line 8.
CGI::Util will be removed from the Perl core distribution in the next major release. Please install it from CPAN. It is being used at /home/sand/src/perl/repoperls/installed-perls/perl/v5.19.8-187-gb373396/a2da/lib/5.19.9/CGI.pm, line 29.
t/07_protected_runmodes.t ........... ok
Use of uninitialized value in lc at /tmp/loop_over_bdir-17570-iCZBHi/CGI-Application-Plugin-Authentication-0.20-JKIFdJ/blib/lib/CGI/Application/Plugin/Authentication/Driver/Filter/crypt.pm line 18.
Use of uninitialized value in lc at /tmp/loop_over_bdir-17570-iCZBHi/CGI-Application-Plugin-Authentication-0.20-JKIFdJ/blib/lib/CGI/Application/Plugin/Authentication/Driver/Filter/crypt.pm line 18.
Use of uninitialized value in lc at /tmp/loop_over_bdir-17570-iCZBHi/CGI-Application-Plugin-Authentication-0.20-JKIFdJ/blib/lib/CGI/Application/Plugin/Authentication/Driver/Filter/crypt.pm line 18.
t/40_encoder_crypt.t ................ ok
t/40_encoder_lc.t ................... ok
Use of uninitialized value in lc at /tmp/loop_over_bdir-17570-iCZBHi/CGI-Application-Plugin-Authentication-0.20-JKIFdJ/blib/lib/CGI/Application/Plugin/Authentication/Driver/Filter/md5.pm line 28.
Use of uninitialized value in lc at /tmp/loop_over_bdir-17570-iCZBHi/CGI-Application-Plugin-Authentication-0.20-JKIFdJ/blib/lib/CGI/Application/Plugin/Authentication/Driver/Filter/md5.pm line 28.
Use of uninitialized value in lc at /tmp/loop_over_bdir-17570-iCZBHi/CGI-Application-Plugin-Authentication-0.20-JKIFdJ/blib/lib/CGI/Application/Plugin/Authentication/Driver/Filter/md5.pm line 28.
t/40_encoder_md5.t .................. ok
Use of uninitialized value in lc at /tmp/loop_over_bdir-17570-iCZBHi/CGI-Application-Plugin-Authentication-0.20-JKIFdJ/blib/lib/CGI/Application/Plugin/Authentication/Driver/Filter/sha1.pm line 28.
Use of uninitialized value in lc at /tmp/loop_over_bdir-17570-iCZBHi/CGI-Application-Plugin-Authentication-0.20-JKIFdJ/blib/lib/CGI/Application/Plugin/Authentication/Driver/Filter/sha1.pm line 28.
Use of uninitialized value in lc at /tmp/loop_over_bdir-17570-iCZBHi/CGI-Application-Plugin-Authentication-0.20-JKIFdJ/blib/lib/CGI/Application/Plugin/Authentication/Driver/Filter/sha1.pm line 28.
t/40_encoder_sha1.t ................. ok
t/40_encoder_strip.t ................ ok
t/40_encoder_uc.t ................... ok
CGI will be removed from the Perl core distribution in the next major release. Please install it from CPAN. It is being used at t/50_driver_missing_modules.t, line 21.
Use of uninitialized value in lc at /tmp/loop_over_bdir-17570-iCZBHi/CGI-Application-Plugin-Authentication-0.20-JKIFdJ/blib/lib/CGI/Application/Plugin/Authentication/Driver/Filter/md5.pm line 28.
Use of uninitialized value in lc at /tmp/loop_over_bdir-17570-iCZBHi/CGI-Application-Plugin-Authentication-0.20-JKIFdJ/blib/lib/CGI/Application/Plugin/Authentication/Driver/Filter/sha1.pm line 28.
t/50_driver_missing_modules.t ....... ok
CGI will be removed from the Perl core distribution in the next major release. Please install it from CPAN. It is being used at t/50_driver_undefined.t, line 21.
CGI::Cookie will be removed from the Perl core distribution in the next major release. Please install it from CPAN. It is being used at /tmp/loop_over_bdir-17570-iCZBHi/CGI-Application-Plugin-Authentication-0.20-JKIFdJ/blib/lib/CGI/Application/Plugin/Authentication/Store/Cookie.pm, line 10.
t/50_driver_undefined.t ............. ok
t/51_driver_dummy.t ................. ok
t/52_driver_generic.t ............... ok
Use of uninitialized value in lc at /tmp/loop_over_bdir-17570-iCZBHi/CGI-Application-Plugin-Authentication-0.20-JKIFdJ/blib/lib/CGI/Application/Plugin/Authentication/Driver/Filter/crypt.pm line 18.
Use of uninitialized value in lc at /tmp/loop_over_bdir-17570-iCZBHi/CGI-Application-Plugin-Authentication-0.20-JKIFdJ/blib/lib/CGI/Application/Plugin/Authentication/Driver/Filter/crypt.pm line 18.
Use of uninitialized value in lc at /tmp/loop_over_bdir-17570-iCZBHi/CGI-Application-Plugin-Authentication-0.20-JKIFdJ/blib/lib/CGI/Application/Plugin/Authentication/Driver/Filter/md5.pm line 28.
Use of uninitialized value in lc at /tmp/loop_over_bdir-17570-iCZBHi/CGI-Application-Plugin-Authentication-0.20-JKIFdJ/blib/lib/CGI/Application/Plugin/Authentication/Driver/Filter/crypt.pm line 18.
Use of uninitialized value in lc at /tmp/loop_over_bdir-17570-iCZBHi/CGI-Application-Plugin-Authentication-0.20-JKIFdJ/blib/lib/CGI/Application/Plugin/Authentication/Driver/Filter/md5.pm line 28.
Use of uninitialized value in lc at /tmp/loop_over_bdir-17570-iCZBHi/CGI-Application-Plugin-Authentication-0.20-JKIFdJ/blib/lib/CGI/Application/Plugin/Authentication/Driver/Filter/md5.pm line 28.
Use of uninitialized value in lc at /tmp/loop_over_bdir-17570-iCZBHi/CGI-Application-Plugin-Authentication-0.20-JKIFdJ/blib/lib/CGI/Application/Plugin/Authentication/Driver/Filter/crypt.pm line 18.
Use of uninitialized value in lc at /tmp/loop_over_bdir-17570-iCZBHi/CGI-Application-Plugin-Authentication-0.20-JKIFdJ/blib/lib/CGI/Application/Plugin/Authentication/Driver/Filter/crypt.pm line 18.
t/53_driver_dbi.t ................... ok
t/53_driver_dbi_bad.t ............... ok
t/53_driver_dbi_die.t ............... ok
t/53_driver_dbi_syntax.t ............ ok
CGI will be removed from the Perl core distribution in the next major release. Please install it from CPAN. It is being used at /tmp/loop_over_bdir-17570-iCZBHi/CGI-Application-Plugin-Authentication-0.20-JKIFdJ/blib/lib/CGI/Application/Plugin/Authentication.pm, line 13.
CGI::Util will be removed from the Perl core distribution in the next major release. Please install it from CPAN. It is being used at /home/sand/src/perl/repoperls/installed-perls/perl/v5.19.8-187-gb373396/a2da/lib/5.19.9/CGI.pm, line 29.
t/54_driver_htpasswd.t .............. skipped: Apache::Htpasswd >= 1.8 required for this test
t/55_driver_authensimple.t .......... skipped: Authen::Simple required for this test
t/55_driver_authensimple_die.t ...... ok
CGI will be removed from the Perl core distribution in the next major release. Please install it from CPAN. It is being used at t/55_driver_missing_authensimple.t, line 13.
CGI::Cookie will be removed from the Perl core distribution in the next major release. Please install it from CPAN. It is being used at /tmp/loop_over_bdir-17570-iCZBHi/CGI-Application-Plugin-Authentication-0.20-JKIFdJ/blib/lib/CGI/Application/Plugin/Authentication/Store/Cookie.pm, line 10.
t/55_driver_missing_authensimple.t .. ok
t/60_parsimony.t .................... skipped: CGI::Application::Plugin::Session etc required for this test
CGI::Util will be removed from the Perl core distribution in the next major release. Please install it from CPAN. It is being used at t/60_store.t, line 6.
t/60_store.t ........................ ok
CGI::Util will be removed from the Perl core distribution in the next major release. Please install it from CPAN. It is being used at t/60_store_cookie.t, line 6.
CGI::Cookie will be removed from the Perl core distribution in the next major release. Please install it from CPAN. It is being used at /tmp/loop_over_bdir-17570-iCZBHi/CGI-Application-Plugin-Authentication-0.20-JKIFdJ/blib/lib/CGI/Application/Plugin/Authentication/Store/Cookie.pm, line 10.
t/60_store_cookie.t ................. ok
CGI::Util will be removed from the Perl core distribution in the next major release. Please install it from CPAN. It is being used at t/60_store_session.t, line 6.
t/60_store_session.t ................ skipped: CGI::Application::Plugin::Session required for this test
CGI::Util will be removed from the Perl core distribution in the next major release. Please install it from CPAN. It is being used at t/61_cookie_badargs.t, line 6.
# Failed test 'no warnings'
# at /home/sand/src/perl/repoperls/installed-perls/perl/v5.19.8-187-gb373396/a2da/lib/site_perl/5.19.9/Test/NoWarnings.pm line 45.
# There were 1 warning(s)
# Previous test 0 ''
# CGI::Cookie will be removed from the Perl core distribution in the next major release. Please install it from CPAN. It is being used at /tmp/loop_over_bdir-17570-iCZBHi/CGI-Application-Plugin-Authentication-0.20-JKIFdJ/blib/lib/CGI/Application/Plugin/Authentication/Store/Cookie.pm, line 10.
# at /home/sand/src/perl/repoperls/installed-perls/perl/v5.19.8-187-gb373396/a2da/lib/5.19.9/deprecate.pm line 61.
# deprecate::import() called at /home/sand/src/perl/repoperls/installed-perls/perl/v5.19.8-187-gb373396/a2da/lib/5.19.9/CGI/Cookie.pm line 6
# CGI::Cookie::BEGIN() called at /home/sand/src/perl/repoperls/installed-perls/perl/v5.19.8-187-gb373396/a2da/lib/5.19.9/CGI/Cookie.pm line 6
# eval {...} called at /home/sand/src/perl/repoperls/installed-perls/perl/v5.19.8-187-gb373396/a2da/lib/5.19.9/CGI/Cookie.pm line 6
# require CGI/Cookie.pm called at /tmp/loop_over_bdir-17570-iCZBHi/CGI-Application-Plugin-Authentication-0.20-JKIFdJ/blib/lib/CGI/Application/Plugin/Authentication/Store/Cookie.pm line 10
# CGI::Application::Plugin::Authentication::Store::Cookie::BEGIN() called at /home/sand/src/perl/repoperls/installed-perls/perl/v5.19.8-187-gb373396/a2da/lib/5.19.9/CGI/Cookie.pm line 6
# eval {...} called at /home/sand/src/perl/repoperls/installed-perls/perl/v5.19.8-187-gb373396/a2da/lib/5.19.9/CGI/Cookie.pm line 6
# require CGI/Application/Plugin/Authentication/Store/Cookie.pm called at /tmp/loop_over_bdir-17570-iCZBHi/CGI-Application-Plugin-Authentication-0.20-JKIFdJ/blib/lib/CGI/Application/Plugin/Authentication.pm line 1516
# eval '
# #line 1516 "/tmp/loop_over_bdir-17570-iCZBHi/CGI-Application-Plugin-Authentication-0.20-JKIFdJ/blib/lib/CGI/Application/Plugin/Authentication.pm"
# CORE::require($file);
# ' called at /home/sand/src/perl/repoperls/installed-perls/perl/v5.19.8-187-gb373396/a2da/lib/site_perl/5.19.9/UNIVERSAL/require.pm line 92
# UNIVERSAL::require() called at /tmp/loop_over_bdir-17570-iCZBHi/CGI-Application-Plugin-Authentication-0.20-JKIFdJ/blib/lib/CGI/Application/Plugin/Authentication.pm line 1516
# CGI::Application::Plugin::Authentication::_find_deligate_class() called at /tmp/loop_over_bdir-17570-iCZBHi/CGI-Application-Plugin-Authentication-0.20-JKIFdJ/blib/lib/CGI/Application/Plugin/Authentication.pm line 1152
# CGI::Application::Plugin::Authentication::store() called at /tmp/loop_over_bdir-17570-iCZBHi/CGI-Application-Plugin-Authentication-0.20-JKIFdJ/blib/lib/CGI/Application/Plugin/Authentication.pm line 1028
# CGI::Application::Plugin::Authentication::username() called at t/TestAppStore.pm line 19
# TestAppStore::unprotected() called at /home/sand/src/perl/repoperls/installed-perls/perl/v5.19.8-187-gb373396/a2da/lib/site_perl/5.19.9/CGI/Application.pm line 143
# eval {...} called at /home/sand/src/perl/repoperls/installed-perls/perl/v5.19.8-187-gb373396/a2da/lib/site_perl/5.19.9/CGI/Application.pm line 142
# CGI::Application::__get_body() called at /home/sand/src/perl/repoperls/installed-perls/perl/v5.19.8-187-gb373396/a2da/lib/site_perl/5.19.9/CGI/Application.pm line 191
# CGI::Application::run() called at t/TestAppStore.pm line 37
# TestAppStore::run_app() called at t/61_cookie_badargs.t line 33
# Test::Exception::throws_ok() called at t/61_cookie_badargs.t line 34
# TestAppStoreCookie::run_store_tests() called at t/61_cookie_badargs.t line 40
#
# Looks like you failed 1 test of 2.
t/61_cookie_badargs.t ...............
Dubious, test returned 1 (wstat 256, 0x100)
Failed 1/2 subtests
# Failed test 'no warnings'
# at /home/sand/src/perl/repoperls/installed-perls/perl/v5.19.8-187-gb373396/a2da/lib/site_perl/5.19.9/Test/NoWarnings.pm line 45.
# There were 2 warning(s)
# Previous test 0 ''
# CGI::Util will be removed from the Perl core distribution in the next major release. Please install it from CPAN. It is being used at t/61_store_cookie_noexpiry.t, line 9.
# at /home/sand/src/perl/repoperls/installed-perls/perl/v5.19.8-187-gb373396/a2da/lib/5.19.9/deprecate.pm line 61.
# deprecate::import(undef, undef, "deprecate") called at /home/sand/src/perl/repoperls/installed-perls/perl/v5.19.8-187-gb373396/a2da/lib/5.19.9/CGI/Util.pm line 5
# CGI::Util::BEGIN() called at /home/sand/src/perl/repoperls/installed-perls/perl/v5.19.8-187-gb373396/a2da/lib/5.19.9/CGI/Util.pm line 5
# eval {...} called at /home/sand/src/perl/repoperls/installed-perls/perl/v5.19.8-187-gb373396/a2da/lib/5.19.9/CGI/Util.pm line 5
# require CGI/Util.pm called at t/61_store_cookie_noexpiry.t line 9
# main::BEGIN() called at /home/sand/src/perl/repoperls/installed-perls/perl/v5.19.8-187-gb373396/a2da/lib/5.19.9/CGI/Util.pm line 5
# eval {...} called at /home/sand/src/perl/repoperls/installed-perls/perl/v5.19.8-187-gb373396/a2da/lib/5.19.9/CGI/Util.pm line 5
#
# ----------
# Previous test 0 ''
# CGI::Cookie will be removed from the Perl core distribution in the next major release. Please install it from CPAN. It is being used at /tmp/loop_over_bdir-17570-iCZBHi/CGI-Application-Plugin-Authentication-0.20-JKIFdJ/blib/lib/CGI/Application/Plugin/Authentication/Store/Cookie.pm, line 10.
# at /home/sand/src/perl/repoperls/installed-perls/perl/v5.19.8-187-gb373396/a2da/lib/5.19.9/deprecate.pm line 61.
# deprecate::import(undef, undef, "deprecate") called at /home/sand/src/perl/repoperls/installed-perls/perl/v5.19.8-187-gb373396/a2da/lib/5.19.9/CGI/Cookie.pm line 6
# CGI::Cookie::BEGIN() called at /home/sand/src/perl/repoperls/installed-perls/perl/v5.19.8-187-gb373396/a2da/lib/5.19.9/CGI/Cookie.pm line 6
# eval {...} called at /home/sand/src/perl/repoperls/installed-perls/perl/v5.19.8-187-gb373396/a2da/lib/5.19.9/CGI/Cookie.pm line 6
# require CGI/Cookie.pm called at /tmp/loop_over_bdir-17570-iCZBHi/CGI-Application-Plugin-Authentication-0.20-JKIFdJ/blib/lib/CGI/Application/Plugin/Authentication/Store/Cookie.pm line 10
# CGI::Application::Plugin::Authentication::Store::Cookie::BEGIN() called at /home/sand/src/perl/repoperls/installed-perls/perl/v5.19.8-187-gb373396/a2da/lib/5.19.9/CGI/Cookie.pm line 6
# eval {...} called at /home/sand/src/perl/repoperls/installed-perls/perl/v5.19.8-187-gb373396/a2da/lib/5.19.9/CGI/Cookie.pm line 6
# require CGI/Application/Plugin/Authentication/Store/Cookie.pm called at /tmp/loop_over_bdir-17570-iCZBHi/CGI-Application-Plugin-Authentication-0.20-JKIFdJ/blib/lib/CGI/Application/Plugin/Authentication.pm line 1516
# eval '
# #line 1516 "/tmp/loop_over_bdir-17570-iCZBHi/CGI-Application-Plugin-Authentication-0.20-JKIFdJ/blib/lib/CGI/Application/Plugin/Authentication.pm"
# CORE::require($file);
# ' called at /home/sand/src/perl/repoperls/installed-perls/perl/v5.19.8-187-gb373396/a2da/lib/site_perl/5.19.9/UNIVERSAL/require.pm line 92
# UNIVERSAL::require("CGI::Application::Plugin::Authentication::Store::Cookie") called at /tmp/loop_over_bdir-17570-iCZBHi/CGI-Application-Plugin-Authentication-0.20-JKIFdJ/blib/lib/CGI/Application/Plugin/Authentication.pm line 1516
# CGI::Application::Plugin::Authentication::_find_deligate_class("CGI::Application::Plugin::Authentication::Store::Cookie", "Cookie") called at /tmp/loop_over_bdir-17570-iCZBHi/CGI-Application-Plugin-Authentication-0.20-JKIFdJ/blib/lib/CGI/Application/Plugin/Authentication.pm line 1152
# CGI::Application::Plugin::Authentication::store(CGI::Application::Plugin::Authentication=HASH(0x1a5ec38)) called at /tmp/loop_over_bdir-17570-iCZBHi/CGI-Application-Plugin-Authentication-0.20-JKIFdJ/blib/lib/CGI/Application/Plugin/Authentication.pm line 1028
# CGI::Application::Plugin::Authentication::username(CGI::Application::Plugin::Authentication=HASH(0x1a5ec38)) called at t/TestAppStore.pm line 19
# TestAppStore::unprotected(TestAppStoreCookie=HASH(0x1a5ee18)) called at /home/sand/src/perl/repoperls/installed-perls/perl/v5.19.8-187-gb373396/a2da/lib/site_perl/5.19.9/CGI/Application.pm line 143
# eval {...} called at /home/sand/src/perl/repoperls/installed-perls/perl/v5.19.8-187-gb373396/a2da/lib/site_perl/5.19.9/CGI/Application.pm line 142
# CGI::Application::__get_body(TestAppStoreCookie=HASH(0x1a5ee18), "unprotected") called at /home/sand/src/perl/repoperls/installed-perls/perl/v5.19.8-187-gb373396/a2da/lib/site_perl/5.19.9/CGI/Application.pm line 191
# CGI::Application::run(TestAppStoreCookie=HASH(0x1a5ee18)) called at t/TestAppStore.pm line 37
# TestAppStore::run_app("TestAppStoreCookie", HASH(0x10f9bf0)) called at t/61_store_cookie_noexpiry.t line 63
# TestAppStoreCookie::run_store_tests("TestAppStoreCookie") called at t/61_store_cookie_noexpiry.t line 102
#
# Looks like you failed 1 test of 21.
t/61_store_cookie_noexpiry.t ........
Dubious, test returned 1 (wstat 256, 0x100)
Failed 1/21 subtests
# Failed test 'no warnings'
# at /home/sand/src/perl/repoperls/installed-perls/perl/v5.19.8-187-gb373396/a2da/lib/site_perl/5.19.9/Test/NoWarnings.pm line 45.
# There were 2 warning(s)
# Previous test 0 ''
# CGI::Util will be removed from the Perl core distribution in the next major release. Please install it from CPAN. It is being used at t/61_store_cookie_other.t, line 9.
# at /home/sand/src/perl/repoperls/installed-perls/perl/v5.19.8-187-gb373396/a2da/lib/5.19.9/deprecate.pm line 61.
# deprecate::import(undef, undef, "deprecate") called at /home/sand/src/perl/repoperls/installed-perls/perl/v5.19.8-187-gb373396/a2da/lib/5.19.9/CGI/Util.pm line 5
# CGI::Util::BEGIN() called at /home/sand/src/perl/repoperls/installed-perls/perl/v5.19.8-187-gb373396/a2da/lib/5.19.9/CGI/Util.pm line 5
# eval {...} called at /home/sand/src/perl/repoperls/installed-perls/perl/v5.19.8-187-gb373396/a2da/lib/5.19.9/CGI/Util.pm line 5
# require CGI/Util.pm called at t/61_store_cookie_other.t line 9
# main::BEGIN() called at /home/sand/src/perl/repoperls/installed-perls/perl/v5.19.8-187-gb373396/a2da/lib/5.19.9/CGI/Util.pm line 5
# eval {...} called at /home/sand/src/perl/repoperls/installed-perls/perl/v5.19.8-187-gb373396/a2da/lib/5.19.9/CGI/Util.pm line 5
#
# ----------
# Previous test 0 ''
# CGI::Cookie will be removed from the Perl core distribution in the next major release. Please install it from CPAN. It is being used at /tmp/loop_over_bdir-17570-iCZBHi/CGI-Application-Plugin-Authentication-0.20-JKIFdJ/blib/lib/CGI/Application/Plugin/Authentication/Store/Cookie.pm, line 10.
# at /home/sand/src/perl/repoperls/installed-perls/perl/v5.19.8-187-gb373396/a2da/lib/5.19.9/deprecate.pm line 61.
# deprecate::import(undef, undef, "deprecate") called at /home/sand/src/perl/repoperls/installed-perls/perl/v5.19.8-187-gb373396/a2da/lib/5.19.9/CGI/Cookie.pm line 6
# CGI::Cookie::BEGIN() called at /home/sand/src/perl/repoperls/installed-perls/perl/v5.19.8-187-gb373396/a2da/lib/5.19.9/CGI/Cookie.pm line 6
# eval {...} called at /home/sand/src/perl/repoperls/installed-perls/perl/v5.19.8-187-gb373396/a2da/lib/5.19.9/CGI/Cookie.pm line 6
# require CGI/Cookie.pm called at /tmp/loop_over_bdir-17570-iCZBHi/CGI-Application-Plugin-Authentication-0.20-JKIFdJ/blib/lib/CGI/Application/Plugin/Authentication/Store/Cookie.pm line 10
# CGI::Application::Plugin::Authentication::Store::Cookie::BEGIN() called at /home/sand/src/perl/repoperls/installed-perls/perl/v5.19.8-187-gb373396/a2da/lib/5.19.9/CGI/Cookie.pm line 6
# eval {...} called at /home/sand/src/perl/repoperls/installed-perls/perl/v5.19.8-187-gb373396/a2da/lib/5.19.9/CGI/Cookie.pm line 6
# require CGI/Application/Plugin/Authentication/Store/Cookie.pm called at t/61_store_cookie_other.t line 109
# TestAppStoreCookie::BEGIN() called at /home/sand/src/perl/repoperls/installed-perls/perl/v5.19.8-187-gb373396/a2da/lib/5.19.9/CGI/Cookie.pm line 6
# eval {...} called at /home/sand/src/perl/repoperls/installed-perls/perl/v5.19.8-187-gb373396/a2da/lib/5.19.9/CGI/Cookie.pm line 6
#
# Looks like you failed 1 test of 25.
t/61_store_cookie_other.t ...........
Dubious, test returned 1 (wstat 256, 0x100)
Failed 1/25 subtests
t/70_action_dispatch.t .............. skipped: CGI::Application::Plugin::ActionDispatch required
t/80_devpopup.t ..................... skipped: CGI::Application::Plugin::DevPopup required
t/98_pod.t .......................... skipped: Author test. Set $ENV{TEST_AUTHOR} to a true value to run.
t/99_pod_coverage.t ................. skipped: Author test. Set $ENV{TEST_AUTHOR} to a true value to run.
t/changes.t ......................... skipped: Author test. Set $ENV{TEST_AUTHOR} to a true value to run.
t/manifest.t ........................ skipped: Author test. Set $ENV{TEST_AUTHOR} to a true value to run.
t/podspell.t ........................ skipped: Author test. Set $ENV{TEST_AUTHOR} to a true value to run.
t/prereq.t .......................... skipped: Author test. Set $ENV{TEST_PREREQ} to a true value to run.
Test Summary Report
-------------------
t/03_login_box_basic.t (Wstat: 256 Tests: 6 Failed: 1)
Failed test: 6
Non-zero exit status: 1
t/03_missing_color.t (Wstat: 512 Tests: 4 Failed: 2)
Failed tests: 2, 4
Non-zero exit status: 2
t/61_cookie_badargs.t (Wstat: 256 Tests: 2 Failed: 1)
Failed test: 2
Non-zero exit status: 1
t/61_store_cookie_noexpiry.t (Wstat: 256 Tests: 21 Failed: 1)
Failed test: 21
Non-zero exit status: 1
t/61_store_cookie_other.t (Wstat: 256 Tests: 25 Failed: 1)
Failed test: 25
Non-zero exit status: 1
Files=45, Tests=484, 6 wallclock secs ( 0.12 usr 0.05 sys + 2.02 cusr 0.18 csys = 2.37 CPU)
Result: FAIL
Failed 5/45 test programs. 6/484 subtests failed.
------------------------------
PREREQUISITES
------------------------------
Prerequisite modules loaded:
requires:
Module Need Have
--------------------- ----- ----------
Attribute::Handlers 0 0.95
CGI 3.16 3.64
CGI::Application 4 4.50
Class::ISA 0 0.36
Digest::SHA 0 5.85
MIME::Base64 0 3.14
perl 5.006 5.019009
Scalar::Util 0 1.38
UNIVERSAL::require 0 0.15
build_requires:
Module Need Have
--------------------- ----- ----------
Readonly 0 1.04
Test::Exception 0 0.32
Test::MockObject 0 1.20120301
Test::More 0.93 1.001002
Test::NoWarnings 0 1.04
Test::Regression 0 0.07
Test::Taint 0 1.06
Test::Warn 0.11 0.24
Test::Without::Module 0 0.17
configure_requires:
Module Need Have
--------------------- ----- ----------
Module::Build 0.38 0.4204
------------------------------
ENVIRONMENT AND OTHER CONTEXT
------------------------------
Environment variables:
AUTOMATED_TESTING = 1
LANG = en_US.UTF-8
LANGUAGE = en_US:en
PATH = /usr/lib/ccache:/home/sand/bin:/usr/local/bin:/usr/bin:/bin:/usr/bin/X11:/usr/games:/usr/local/perl/bin:/usr/X11/bin:/sbin:/usr/sbin
PERL = /tmp/basesmoker-reloperl-Ma1w/bin/perl
PERL5LIB =
PERL5OPT =
PERL5_CPANPLUS_IS_RUNNING = 11470
PERL5_CPAN_IS_RUNNING = 11470
PERL_MM_USE_DEFAULT = 1
SHELL = /usr/bin/zsh
TERM = screen
Perl special variables (and OS-specific diagnostics, for MSWin32):
$^X = /tmp/basesmoker-reloperl-Ma1w/bin/perl
$UID/$EUID = 1005 / 1005
$GID = 1005 1005
$EGID = 1005 1005
Perl module toolchain versions installed:
Module Have
------------------- --------
CPAN 2.03
CPAN::Meta 2.133380
Cwd 3.46
ExtUtils::CBuilder 0.280214
ExtUtils::Command 1.18
ExtUtils::Install 1.62
ExtUtils::MakeMaker 6.86
ExtUtils::Manifest 1.63
ExtUtils::ParseXS 3.23
File::Spec 3.46
JSON 2.90
JSON::PP 2.27203
Module::Build 0.4204
Module::Signature 0.73
Parse::CPAN::Meta 1.4409
Test::Harness 3.30
Test::More 1.001002
YAML 0.88
YAML::Syck 1.27
version 0.9907
--
Summary of my perl5 (revision 5 version 19 subversion 9) configuration:
Commit id: b373396993794bd428d71821e0a3f89d22a2ccb0
Platform:
osname=linux, osvers=3.10-3-amd64, archname=x86_64-linux-thread-multi-ld
uname='linux k83 3.10-3-amd64 #1 smp debian 3.10.11-1 (2013-09-10) x86_64 gnulinux '
config_args='-Dprefix=/home/sand/src/perl/repoperls/installed-perls/perl/v5.19.8-187-gb373396/a2da -Dmyhostname=k83 -Dinstallusrbinperl=n -Uversiononly -Dusedevel -des -Ui_db -Duseithreads -Duselongdouble -DDEBUGGING=-g'
hint=recommended, useposix=true, d_sigaction=define
useithreads=define, usemultiplicity=define
use64bitint=define, use64bitall=define, uselongdouble=define
usemymalloc=n, bincompat5005=undef
Compiler:
cc='cc', ccflags ='-D_REENTRANT -D_GNU_SOURCE -fno-strict-aliasing -pipe -fstack-protector -I/usr/local/include -D_LARGEFILE_SOURCE -D_FILE_OFFSET_BITS=64',
optimize='-O2 -g',
cppflags='-D_REENTRANT -D_GNU_SOURCE -fno-strict-aliasing -pipe -fstack-protector -I/usr/local/include'
ccversion='', gccversion='4.8.2', gccosandvers=''
intsize=4, longsize=8, ptrsize=8, doublesize=8, byteorder=12345678
d_longlong=define, longlongsize=8, d_longdbl=define, longdblsize=16
ivtype='long', ivsize=8, nvtype='long double', nvsize=16, Off_t='off_t', lseeksize=8
alignbytes=16, prototype=define
Linker and Libraries:
ld='cc', ldflags =' -fstack-protector -L/usr/local/lib'
libpth=/usr/local/lib /usr/lib/gcc/x86_64-linux-gnu/4.8/include-fixed /usr/include/x86_64-linux-gnu /usr/lib /lib/x86_64-linux-gnu /lib/../lib /usr/lib/x86_64-linux-gnu /usr/lib/../lib /lib
libs=-lnsl -lgdbm -ldb -ldl -lm -lcrypt -lutil -lpthread -lc -lgdbm_compat
perllibs=-lnsl -ldl -lm -lcrypt -lutil -lpthread -lc
libc=libc-2.17.so, so=so, useshrplib=false, libperl=libperl.a
gnulibc_version='2.17'
Dynamic Linking:
dlsrc=dl_dlopen.xs, dlext=so, d_dlsymun=undef, ccdlflags='-Wl,-E'
cccdlflags='-fPIC', lddlflags='-shared -O2 -g -L/usr/local/lib -fstack-protector'
Characteristics of this binary (from libperl):
Compile-time options: HAS_TIMES MULTIPLICITY PERLIO_LAYERS
PERL_DONT_CREATE_GVSV
PERL_HASH_FUNC_ONE_AT_A_TIME_HARD
PERL_IMPLICIT_CONTEXT PERL_MALLOC_WRAP
PERL_NEW_COPY_ON_WRITE PERL_PRESERVE_IVUV
PERL_USE_DEVEL USE_64_BIT_ALL USE_64_BIT_INT
USE_ITHREADS USE_LARGE_FILES USE_LOCALE
USE_LOCALE_COLLATE USE_LOCALE_CTYPE
USE_LOCALE_NUMERIC USE_LONG_DOUBLE USE_PERLIO
USE_PERL_ATOF USE_REENTRANT_API
Built under linux
Compiled at Jan 26 2014 18:57:25
%ENV:
PERL="/tmp/basesmoker-reloperl-Ma1w/bin/perl"
PERL5LIB=""
PERL5OPT=""
PERL5_CPANPLUS_IS_RUNNING="11470"
PERL5_CPAN_IS_RUNNING="11470"
PERL_MM_USE_DEFAULT="1"
@INC:
/home/sand/src/perl/repoperls/installed-perls/perl/v5.19.8-187-gb373396/a2da/lib/site_perl/5.19.9/x86_64-linux-thread-multi-ld
/home/sand/src/perl/repoperls/installed-perls/perl/v5.19.8-187-gb373396/a2da/lib/site_perl/5.19.9
/home/sand/src/perl/repoperls/installed-perls/perl/v5.19.8-187-gb373396/a2da/lib/5.19.9/x86_64-linux-thread-multi-ld
/home/sand/src/perl/repoperls/installed-perls/perl/v5.19.8-187-gb373396/a2da/lib/5.19.9
.