Back
From: metabase:user:d1ac2ff8-7f34-11e0-ad7d-d635d302c8a1
Subject: FAIL WebService-Uptrack-v0.0.2 v5.14.0 GNU/Linux
Date: 2011-06-02T05:12:38Z
This distribution has been tested as part of the CPAN Testers
project, supporting the Perl programming language. See
http://wiki.cpantesters.org/ for more information or email
questions to cpan-testers-discuss@perl.org
--
Dear Steve Huff,
This is a computer-generated report for WebService-Uptrack-v0.0.2
on perl 5.14.0, created by CPAN-Reporter-1.1902.
Thank you for uploading your work to CPAN. However, there was a problem
testing your distribution.
If you think this report is invalid, please consult the CPAN Testers Wiki
for suggestions on how to avoid getting FAIL reports for missing library
or binary dependencies, unsupported operating systems, and so on:
http://wiki.cpantesters.org/wiki/CPANAuthorNotes
Sections of this report:
* Tester comments
* Program output
* Prerequisites
* Environment and other context
------------------------------
TESTER COMMENTS
------------------------------
Additional comments from tester:
this report is from an automated smoke testing program
and was not reviewed by a human for accuracy
------------------------------
PROGRAM OUTPUT
------------------------------
Output from './Build test':
# Testing WebService::Uptrack 0.0.2
t/00.load.t ....... ok
# Instantiating WebService::Uptrack 0.0.2
t/01.init.t ....... ok
# Test initialization of _ua
t/02.ua.t ......... ok
# Test initialization of _json
t/03.json.t ....... ok
t/kwalitee.t ...... ok
# Failed test 'Test::Perl::Critic for "blib/lib/WebService/Uptrack.pm"'
# at /home/lonesome/perl-5.14.0/lib/site_perl/5.14.0/Test/Perl/Critic.pm line 110.
#
# Perl::Critic found these violations in "blib/lib/WebService/Uptrack.pm":
# Modules have to return a true value ("1;") at line 1, column 1. Use "1;" as the last statement of the module. (Severity: 5)
# Use of "require" is not allowed at line 13, column 1. Use Require() method of MainObject instead. (Severity: 5)
# Use of "require" is not allowed at line 14, column 1. Use Require() method of MainObject instead. (Severity: 5)
# Use of "require" is not allowed at line 15, column 1. Use Require() method of MainObject instead. (Severity: 5)
# Use of "require" is not allowed at line 16, column 1. Use Require() method of MainObject instead. (Severity: 5)
# Variable, subroutine, and package names have to be in CamelCase at line 21, column 14. (no explanation). (Severity: 5)
# Variable, subroutine, and package names have to be in CamelCase at line 36, column 20. (no explanation). (Severity: 5)
# Variable, subroutine, and package names have to be in CamelCase at line 38, column 21. (no explanation). (Severity: 5)
# Variable, subroutine, and package names have to be in CamelCase at line 41, column 1. (no explanation). (Severity: 5)
# Variable, subroutine, and package names have to be in CamelCase at line 42, column 9. (no explanation). (Severity: 5)
# Variable, subroutine, and package names have to be in CamelCase at line 42, column 16. (no explanation). (Severity: 5)
# Variable, subroutine, and package names have to be in CamelCase at line 42, column 22. (no explanation). (Severity: 5)
# Variable, subroutine, and package names have to be in CamelCase at line 44, column 5. (no explanation). (Severity: 5)
# Variable, subroutine, and package names have to be in CamelCase at line 45, column 5. (no explanation). (Severity: 5)
# Variable, subroutine, and package names have to be in CamelCase at line 46, column 5. (no explanation). (Severity: 5)
# Variable, subroutine, and package names have to be in CamelCase at line 47, column 13. (no explanation). (Severity: 5)
# Variable, subroutine, and package names have to be in CamelCase at line 65, column 1. (no explanation). (Severity: 5)
# Method invokation should use "()" at line 65, column 40. Use "->MethodName()" instead of "->MethodName". (Severity: 5)
# Variable, subroutine, and package names have to be in CamelCase at line 75, column 1. (no explanation). (Severity: 5)
# Method invokation should use "()" at line 75, column 36. Use "->MethodName()" instead of "->MethodName". (Severity: 5)
# Variable, subroutine, and package names have to be in CamelCase at line 77, column 1. (no explanation). (Severity: 5)
# Variable, subroutine, and package names have to be in CamelCase at line 78, column 9. (no explanation). (Severity: 5)
# Variable, subroutine, and package names have to be in CamelCase at line 78, column 16. (no explanation). (Severity: 5)
# Variable, subroutine, and package names have to be in CamelCase at line 80, column 5. (no explanation). (Severity: 5)
# Variable, subroutine, and package names have to be in CamelCase at line 80, column 41. (no explanation). (Severity: 5)
# Variable, subroutine, and package names have to be in CamelCase at line 83, column 9. (no explanation). (Severity: 5)
# Variable, subroutine, and package names have to be in CamelCase at line 83, column 19. (no explanation). (Severity: 5)
# Variable, subroutine, and package names have to be in CamelCase at line 84, column 9. (no explanation). (Severity: 5)
# Variable, subroutine, and package names have to be in CamelCase at line 84, column 19. (no explanation). (Severity: 5)
# Variable, subroutine, and package names have to be in CamelCase at line 85, column 9. (no explanation). (Severity: 5)
# Variable, subroutine, and package names have to be in CamelCase at line 85, column 19. (no explanation). (Severity: 5)
# Variable, subroutine, and package names have to be in CamelCase at line 88, column 23. (no explanation). (Severity: 5)
# Variable, subroutine, and package names have to be in CamelCase at line 93, column 9. (no explanation). (Severity: 5)
# Variable, subroutine, and package names have to be in CamelCase at line 94, column 44. (no explanation). (Severity: 5)
# Method invokation should use "()" at line 94, column 49. Use "->MethodName()" instead of "->MethodName". (Severity: 5)
# Variable, subroutine, and package names have to be in CamelCase at line 95, column 44. (no explanation). (Severity: 5)
# Method invokation should use "()" at line 95, column 49. Use "->MethodName()" instead of "->MethodName". (Severity: 5)
# Variable, subroutine, and package names have to be in CamelCase at line 99, column 9. (no explanation). (Severity: 5)
# Variable, subroutine, and package names have to be in CamelCase at line 99, column 18. (no explanation). (Severity: 5)
# Method invokation should use "()" at line 99, column 23. Use "->MethodName()" instead of "->MethodName". (Severity: 5)
# Variable, subroutine, and package names have to be in CamelCase at line 99, column 31. (no explanation). (Severity: 5)
# Variable, subroutine, and package names have to be in CamelCase at line 100, column 5. (no explanation). (Severity: 5)
# Variable, subroutine, and package names have to be in CamelCase at line 103, column 9. (no explanation). (Severity: 5)
# Variable, subroutine, and package names have to be in CamelCase at line 103, column 42. (no explanation). (Severity: 5)
# Variable, subroutine, and package names have to be in CamelCase at line 103, column 49. (no explanation). (Severity: 5)
# Variable, subroutine, and package names have to be in CamelCase at line 103, column 55. (no explanation). (Severity: 5)
# Variable, subroutine, and package names have to be in CamelCase at line 103, column 63. (no explanation). (Severity: 5)
# Variable, subroutine, and package names have to be in CamelCase at line 105, column 5. (no explanation). (Severity: 5)
# Variable, subroutine, and package names have to be in CamelCase at line 108, column 9. (no explanation). (Severity: 5)
# Variable, subroutine, and package names have to be in CamelCase at line 108, column 23. (no explanation). (Severity: 5)
# Method invokation should use "()" at line 108, column 28. Use "->MethodName()" instead of "->MethodName". (Severity: 5)
# Variable, subroutine, and package names have to be in CamelCase at line 108, column 44. (no explanation). (Severity: 5)
# Variable, subroutine, and package names have to be in CamelCase at line 111, column 10. (no explanation). (Severity: 5)
# Method invokation should use "()" at line 111, column 19. Use "->MethodName()" instead of "->MethodName". (Severity: 5)
# Variable, subroutine, and package names have to be in CamelCase at line 112, column 13. (no explanation). (Severity: 5)
# Variable, subroutine, and package names have to be in CamelCase at line 112, column 23. (no explanation). (Severity: 5)
# Method invokation should use "()" at line 112, column 32. Use "->MethodName()" instead of "->MethodName". (Severity: 5)
# Variable, subroutine, and package names have to be in CamelCase at line 114, column 13. (no explanation). (Severity: 5)
# Variable, subroutine, and package names have to be in CamelCase at line 114, column 25. (no explanation). (Severity: 5)
# Method invokation should use "()" at line 114, column 30. Use "->MethodName()" instead of "->MethodName". (Severity: 5)
# Method invokation should use "()" at line 114, column 37. Use "->MethodName()" instead of "->MethodName". (Severity: 5)
# Variable, subroutine, and package names have to be in CamelCase at line 114, column 53. (no explanation). (Severity: 5)
# Variable, subroutine, and package names have to be in CamelCase at line 117, column 19. (no explanation). (Severity: 5)
# Variable, subroutine, and package names have to be in CamelCase at line 118, column 24. (no explanation). (Severity: 5)
# Variable, subroutine, and package names have to be in CamelCase at line 118, column 37. (no explanation). (Severity: 5)
# Variable, subroutine, and package names have to be in CamelCase at line 119, column 17. (no explanation). (Severity: 5)
# Variable, subroutine, and package names have to be in CamelCase at line 119, column 45. (no explanation). (Severity: 5)
# Variable, subroutine, and package names have to be in CamelCase at line 123, column 13. (no explanation). (Severity: 5)
# Variable, subroutine, and package names have to be in CamelCase at line 123, column 40. (no explanation). (Severity: 5)
# Variable, subroutine, and package names have to be in CamelCase at line 126, column 17. (no explanation). (Severity: 5)
# Variable, subroutine, and package names have to be in CamelCase at line 132, column 28. (no explanation). (Severity: 5)
# Method invokation should use "()" at line 132, column 37. Use "->MethodName()" instead of "->MethodName". (Severity: 5)
# Variable, subroutine, and package names have to be in CamelCase at line 133, column 28. (no explanation). (Severity: 5)
# Method invokation should use "()" at line 133, column 37. Use "->MethodName()" instead of "->MethodName". (Severity: 5)
# Variable, subroutine, and package names have to be in CamelCase at line 139, column 1. (no explanation). (Severity: 5)
# Variable, subroutine, and package names have to be in CamelCase at line 140, column 9. (no explanation). (Severity: 5)
# Variable, subroutine, and package names have to be in CamelCase at line 142, column 18. (no explanation). (Severity: 5)
# Variable, subroutine, and package names have to be in CamelCase at line 143, column 9. (no explanation). (Severity: 5)
# Variable, subroutine, and package names have to be in CamelCase at line 143, column 30. (no explanation). (Severity: 5)
# Variable, subroutine, and package names have to be in CamelCase at line 146, column 13. (no explanation). (Severity: 5)
# Variable, subroutine, and package names have to be in CamelCase at line 149, column 1. (no explanation). (Severity: 5)
# Variable, subroutine, and package names have to be in CamelCase at line 150, column 9. (no explanation). (Severity: 5)
# Variable, subroutine, and package names have to be in CamelCase at line 150, column 16. (no explanation). (Severity: 5)
# Variable, subroutine, and package names have to be in CamelCase at line 150, column 26. (no explanation). (Severity: 5)
# Variable, subroutine, and package names have to be in CamelCase at line 152, column 14. (no explanation). (Severity: 5)
# Use of low precedence operators is not allowed at line 152, column 23. Replace low precedence operators with the high precedence substitutes. (Severity: 5)
# Variable, subroutine, and package names have to be in CamelCase at line 152, column 26. (no explanation). (Severity: 5)
# Variable, subroutine, and package names have to be in CamelCase at line 154, column 10. (no explanation). (Severity: 5)
# Method invokation should use "()" at line 154, column 15. Use "->MethodName()" instead of "->MethodName". (Severity: 5)
# Variable, subroutine, and package names have to be in CamelCase at line 154, column 26. (no explanation). (Severity: 5)
# Variable, subroutine, and package names have to be in CamelCase at line 155, column 15. (no explanation). (Severity: 5)
# Variable, subroutine, and package names have to be in CamelCase at line 161, column 1. (no explanation). (Severity: 5)
# Variable, subroutine, and package names have to be in CamelCase at line 162, column 9. (no explanation). (Severity: 5)
# Variable, subroutine, and package names have to be in CamelCase at line 164, column 9. (no explanation). (Severity: 5)
# Variable, subroutine, and package names have to be in CamelCase at line 168, column 13. (no explanation). (Severity: 5)
# Variable, subroutine, and package names have to be in CamelCase at line 168, column 30. (no explanation). (Severity: 5)
# Variable, subroutine, and package names have to be in CamelCase at line 171, column 1. (no explanation). (Severity: 5)
# Variable, subroutine, and package names have to be in CamelCase at line 172, column 9. (no explanation). (Severity: 5)
# Variable, subroutine, and package names have to be in CamelCase at line 172, column 16. (no explanation). (Severity: 5)
# Variable, subroutine, and package names have to be in CamelCase at line 174, column 23. (no explanation). (Severity: 5)
# Variable, subroutine, and package names have to be in CamelCase at line 178, column 9. (no explanation). (Severity: 5)
# Variable, subroutine, and package names have to be in CamelCase at line 182, column 13. (no explanation). (Severity: 5)
# Variable, subroutine, and package names have to be in CamelCase at line 182, column 30. (no explanation). (Severity: 5)
# Variable, subroutine, and package names have to be in CamelCase at line 185, column 1. (no explanation). (Severity: 5)
# Variable, subroutine, and package names have to be in CamelCase at line 186, column 9. (no explanation). (Severity: 5)
# Variable, subroutine, and package names have to be in CamelCase at line 186, column 16. (no explanation). (Severity: 5)
# Variable, subroutine, and package names have to be in CamelCase at line 186, column 23. (no explanation). (Severity: 5)
# Variable, subroutine, and package names have to be in CamelCase at line 188, column 23. (no explanation). (Severity: 5)
# Variable, subroutine, and package names have to be in CamelCase at line 188, column 43. (no explanation). (Severity: 5)
# Variable, subroutine, and package names have to be in CamelCase at line 193, column 5. (no explanation). (Severity: 5)
# Variable, subroutine, and package names have to be in CamelCase at line 193, column 13. (no explanation). (Severity: 5)
# Variable, subroutine, and package names have to be in CamelCase at line 196, column 9. (no explanation). (Severity: 5)
# Variable, subroutine, and package names have to be in CamelCase at line 196, column 19. (no explanation). (Severity: 5)
# Method invokation should use "()" at line 196, column 24. Use "->MethodName()" instead of "->MethodName". (Severity: 5)
# Method invokation should use "()" at line 196, column 31. Use "->MethodName()" instead of "->MethodName". (Severity: 5)
# Variable, subroutine, and package names have to be in CamelCase at line 196, column 63. (no explanation). (Severity: 5)
# Variable, subroutine, and package names have to be in CamelCase at line 198, column 9. (no explanation). (Severity: 5)
# Variable, subroutine, and package names have to be in CamelCase at line 201, column 32. (no explanation). (Severity: 5)
# Variable, subroutine, and package names have to be in CamelCase at line 204, column 13. (no explanation). (Severity: 5)
# Variable, subroutine, and package names have to be in CamelCase at line 204, column 30. (no explanation). (Severity: 5)
# Method invokation should use "()" at line 209, column 12. Use "->MethodName()" instead of "->MethodName". (Severity: 5)
# Method invokation should use "()" at line 209, column 18. Use "->MethodName()" instead of "->MethodName". (Severity: 5)
# Looks like you failed 1 test of 1.
t/perlcritic.t ....
Dubious, test returned 1 (wstat 256, 0x100)
Failed 1/1 subtests
t/pod-coverage.t .. ok
t/pod.t ........... ok
Test Summary Report
-------------------
t/perlcritic.t (Wstat: 256 Tests: 1 Failed: 1)
Failed test: 1
Non-zero exit status: 1
Files=8, Tests=23, 4 wallclock secs ( 0.04 usr 0.01 sys + 2.38 cusr 0.35 csys = 2.78 CPU)
Result: FAIL
Failed 1/8 test programs. 1/23 subtests failed.
------------------------------
PREREQUISITES
------------------------------
Prerequisite modules loaded:
requires:
Module Need Have
---------------------------- ---- ------
Carp 0 1.20
Data::Dumper 0 2.131
HTTP::Request 0 6.00
HTTP::Response 0 6.01
JSON::XS 0 2.3
LWP::UserAgent 0 6.02
Moose 0 1.17
Moose::Util::TypeConstraints 0 1.17
MooseX::StrictConstructor 0 0.15
Readonly 0 1.03
version 0 0.89
build_requires:
Module Need Have
---------------------------- ---- ------
Test::More 0 0.98
configure_requires:
Module Need Have
---------------------------- ---- ------
Module::Build 0.36 0.3800
------------------------------
ENVIRONMENT AND OTHER CONTEXT
------------------------------
Environment variables:
AUTOMATED_TESTING = 1
LANG = en_GB.UTF-8
PATH = /usr/lib/ccache:/usr/local/bin:/bin:/usr/bin:/usr/local/sbin:/usr/sbin:/sbin:/home/lonesome/bin
PERL5LIB =
PERL5OPT =
PERL5_CPANPLUS_IS_RUNNING = 31206
PERL5_CPAN_IS_RUNNING = 31206
PERL5_CPAN_IS_RUNNING_IN_RECURSION = 9665,31206
PERL_CR_SMOKER_CURRENT = WebService-Uptrack-v0.0.2
PERL_EXTUTILS_AUTOINSTALL = --defaultdeps
PERL_MM_USE_DEFAULT = 1
SHELL = /bin/bash
TERM = screen
Perl special variables (and OS-specific diagnostics, for MSWin32):
$^X = /home/lonesome/perl-5.14.0/bin/perl
$UID/$EUID = 500 / 500
$GID = 500 10 500
$EGID = 500 10 500
Perl module toolchain versions installed:
Module Have
------------------- --------
CPAN 1.9600
Cwd 3.36
ExtUtils::CBuilder 0.280202
ExtUtils::Command 1.17
ExtUtils::Install 1.56
ExtUtils::MakeMaker 6.57_11
ExtUtils::Manifest 1.58
ExtUtils::ParseXS 2.2210
File::Spec 3.33
Module::Build 0.3800
Module::Signature 0.68
Test::Harness 3.23
Test::More 0.98
YAML 0.73
YAML::Syck 1.17
version 0.89
--
Summary of my perl5 (revision 5 version 14 subversion 0) configuration:
Platform:
osname=linux, osvers=2.6.38.6-27.fc15.i686, archname=i686-linux
uname='linux fedora15 2.6.38.6-27.fc15.i686 #1 smp sun may 15 17:57:13 utc 2011 i686 i686 i386 gnulinux '
config_args='-des -Dcc=ccache gcc -Dld=gcc -Dprefix=/home/lonesome/perl-5.14.0'
hint=recommended, useposix=true, d_sigaction=define
useithreads=undef, usemultiplicity=undef
useperlio=define, d_sfio=undef, uselargefiles=define, usesocks=undef
use64bitint=undef, use64bitall=undef, uselongdouble=undef
usemymalloc=n, bincompat5005=undef
Compiler:
cc='ccache gcc', ccflags ='-fno-strict-aliasing -pipe -fstack-protector -I/usr/local/include -D_LARGEFILE_SOURCE -D_FILE_OFFSET_BITS=64',
optimize='-O2',
cppflags='-fno-strict-aliasing -pipe -fstack-protector -I/usr/local/include'
ccversion='', gccversion='4.6.0 20110509 (Red Hat 4.6.0-7)', gccosandvers=''
intsize=4, longsize=4, ptrsize=4, doublesize=8, byteorder=1234
d_longlong=define, longlongsize=8, d_longdbl=define, longdblsize=12
ivtype='long', ivsize=4, nvtype='double', nvsize=8, Off_t='off_t', lseeksize=8
alignbytes=4, prototype=define
Linker and Libraries:
ld='gcc', ldflags =' -fstack-protector -L/usr/local/lib'
libpth=/usr/local/lib /lib /usr/lib
libs=-lnsl -ldl -lm -lcrypt -lutil -lc
perllibs=-lnsl -ldl -lm -lcrypt -lutil -lc
libc=/lib/libc-2.13.90.so, so=so, useshrplib=false, libperl=libperl.a
gnulibc_version='2.13.90'
Dynamic Linking:
dlsrc=dl_dlopen.xs, dlext=so, d_dlsymun=undef, ccdlflags='-Wl,-E'
cccdlflags='-fPIC', lddlflags='-shared -O2 -L/usr/local/lib -fstack-protector'
Characteristics of this binary (from libperl):
Compile-time options: PERL_DONT_CREATE_GVSV PERL_MALLOC_WRAP
PERL_PRESERVE_IVUV USE_LARGE_FILES USE_PERLIO
USE_PERL_ATOF
Built under linux
Compiled at Jun 1 2011 10:32:53
%ENV:
PERL5LIB=""
PERL5OPT=""
PERL5_CPANPLUS_IS_RUNNING="31206"
PERL5_CPAN_IS_RUNNING="31206"
PERL5_CPAN_IS_RUNNING_IN_RECURSION="9665,31206"
PERL_CR_SMOKER_CURRENT="WebService-Uptrack-v0.0.2"
PERL_EXTUTILS_AUTOINSTALL="--defaultdeps"
PERL_MM_USE_DEFAULT="1"
@INC:
/home/lonesome/perl-5.14.0/lib/site_perl/5.14.0/i686-linux
/home/lonesome/perl-5.14.0/lib/site_perl/5.14.0
/home/lonesome/perl-5.14.0/lib/5.14.0/i686-linux
/home/lonesome/perl-5.14.0/lib/5.14.0
.