Report for HTML-FromText-2.05

Back
From: metabase:user:313dc9fe-2aae-11df-837a-5e0a49663a4f
Subject: FAIL HTML-FromText-2.05 v5.15.4 GNU/Linux
Date: 2011-11-10T20:24:05Z

This distribution has been tested as part of the CPAN Testers
project, supporting the Perl programming language.  See
http://wiki.cpantesters.org/ for more information or email
questions to cpan-testers-discuss@perl.org


--
Dear Casey West,

This is a computer-generated report for HTML-FromText-2.05
on perl 5.15.4, created by CPAN-Reporter-1.2002.

Thank you for uploading your work to CPAN.  However, there was a problem
testing your distribution.

If you think this report is invalid, please consult the CPAN Testers Wiki
for suggestions on how to avoid getting FAIL reports for missing library
or binary dependencies, unsupported operating systems, and so on:

http://wiki.cpantesters.org/wiki/CPANAuthorNotes

Sections of this report:

    * Tester comments
    * Program output
    * Prerequisites
    * Environment and other context

------------------------------
TESTER COMMENTS
------------------------------

Additional comments from tester:

this report is from an automated smoke testing program
and was not reviewed by a human for accuracy

------------------------------
PROGRAM OUTPUT
------------------------------

Output from '/usr/bin/make test':

PERL_DL_NONLAZY=1 /home/perl5154/perl/perl "-MExtUtils::Command::MM" "-e" "test_harness(0, 'blib/lib', 'blib/arch')" t/*.t

#   Failed test 'indented tables with normal para'
#   at t/01_features.t line 286.
#          got: '<table class="hft-tables">
#   <tr><td>http://www.pm.org</td><td>Perl Mongers</td></tr>
#   <tr><td>http://perl.com</td><td>O&#39;Reilly Perl Center</td></tr>
#   <tr><td>http://lists.perl.org</td><td>List of Mailing Lists</td></tr>
#   <tr><td>http://use.perl.org</td><td>Perl News and Community Journals</td></tr>
#   <tr><td>http://perl.apache.org</td><td>mod_perl</td></tr>
#   <tr><td>http://theperlreview.com</td><td>The Perl Review</td></tr>
# </table>
# '
#     expected: '<table class="hft-tables">
#   <tr><td>http://www.pm.org</td><td>Perl Mongers</td></tr>
#   <tr><td>http://perl.com</td><td>O'Reilly Perl Center</td></tr>
#   <tr><td>http://lists.perl.org</td><td>List of Mailing Lists</td></tr>
#   <tr><td>http://use.perl.org</td><td>Perl News and Community Journals</td></tr>
#   <tr><td>http://perl.apache.org</td><td>mod_perl</td></tr>
#   <tr><td>http://theperlreview.com</td><td>The Perl Review</td></tr>
# </table>
# '
# Looks like you failed 1 test of 28.
t/01_features.t .. 
Dubious, test returned 1 (wstat 256, 0x100)
Failed 1/28 subtests 

#   Failed test 'complex bullets'
#   at t/02_v2.01.t line 78.
#          got: '<ul class="hft-bullets">
# <li> Fast, powerful and extensible template processing system. </li>
#  <ul class="hft-bullets">
#  <li>         Powerful presentation language supports all standard templating directives, e.g. variable substitution, includes, conditionals,
#           loops. </li>
#    <ul class="hft-bullets">
#    <li>       Many additional features such as output filtering, exception handling, macro definition, support for plugin objects, definition
#           of template metadata, embedded Perl code (only enabled by EVAL_PERL option), definition of template blocks, a &#39;switch&#39;
#           statement, and more. </li>
#    <li>       Full support for complex Perl data types such as hashes, lists, objects and sub-routine references. </li>
#    </ul>
#   <li>        Clear separation of concerns between user interface (templates), application code (Perl objects/sub-routines) and data
#           (Perl data). </li>
#    <ul class="hft-bullets">
#    <li>       Programmer-centric back end, allowing application logic and data structures to be built in Perl. </li>
#    <li>       Designer-centric front end, hiding underlying complexity behind simple variable access. </li>
#    <li>       Templates are compiled to Perl code for maximum runtime efficiency and performance. Compiled templates are cached
#           and can be written to disk in &quot;compiled form&quot; (e.g. Perl code) to achieve cache persistance. </li>
#     <ul class="hft-bullets">
#     <li>      Well suited to online dynamic web content generation (e.g. Apache/mod_perl). </li>
#     <li>      Also has excellent support for offline batch processing for generating static pages (e.g. HTML, POD, LaTeX, PostScript,
#           plain text) from source templates. </li>
#      <ul class="hft-bullets">
#      <li>     Comprehensive documentation including tutorial and reference manuals. </li>
#      <li>     Fully Open Source and Free </li>
# </ul>
# </ul>
# </ul>
# </ul>
# </ul>
# '
#     expected: '<ul class="hft-bullets">
# <li> Fast, powerful and extensible template processing system. </li>
#  <ul class="hft-bullets">
#  <li>         Powerful presentation language supports all standard templating directives, e.g. variable substitution, includes, conditionals,
#           loops. </li>
#    <ul class="hft-bullets">
#    <li>       Many additional features such as output filtering, exception handling, macro definition, support for plugin objects, definition
#           of template metadata, embedded Perl code (only enabled by EVAL_PERL option), definition of template blocks, a 'switch'
#           statement, and more. </li>
#    <li>       Full support for complex Perl data types such as hashes, lists, objects and sub-routine references. </li>
#    </ul>
#   <li>        Clear separation of concerns between user interface (templates), application code (Perl objects/sub-routines) and data
#           (Perl data). </li>
#    <ul class="hft-bullets">
#    <li>       Programmer-centric back end, allowing application logic and data structures to be built in Perl. </li>
#    <li>       Designer-centric front end, hiding underlying complexity behind simple variable access. </li>
#    <li>       Templates are compiled to Perl code for maximum runtime efficiency and performance. Compiled templates are cached
#           and can be written to disk in &quot;compiled form&quot; (e.g. Perl code) to achieve cache persistance. </li>
#     <ul class="hft-bullets">
#     <li>      Well suited to online dynamic web content generation (e.g. Apache/mod_perl). </li>
#     <li>      Also has excellent support for offline batch processing for generating static pages (e.g. HTML, POD, LaTeX, PostScript,
#           plain text) from source templates. </li>
#      <ul class="hft-bullets">
#      <li>     Comprehensive documentation including tutorial and reference manuals. </li>
#      <li>     Fully Open Source and Free </li>
# </ul>
# </ul>
# </ul>
# </ul>
# </ul>
# '
# Looks like you failed 1 test of 6.
t/02_v2.01.t ..... 
Dubious, test returned 1 (wstat 256, 0x100)
Failed 1/6 subtests 
t/03_v2.02.t ..... ok
t/04_v2.03.t ..... ok
t/05_v2.04.t ..... ok
t/06_v2.05.t ..... ok
t/99_pod.t ....... ok

Test Summary Report
-------------------
t/01_features.t (Wstat: 256 Tests: 28 Failed: 1)
  Failed test:  28
  Non-zero exit status: 1
t/02_v2.01.t   (Wstat: 256 Tests: 6 Failed: 1)
  Failed test:  6
  Non-zero exit status: 1
Files=7, Tests=55,  1 wallclock secs ( 0.04 usr  0.02 sys +  0.25 cusr  0.11 csys =  0.42 CPU)
Result: FAIL
Failed 2/7 test programs. 2/55 subtests failed.
make: *** [test_dynamic] Error 255

------------------------------
PREREQUISITES
------------------------------

Prerequisite modules loaded:

requires:

    Module                Need    Have     
    --------------------- ------- ---------
    Email::Find::addrspec 0.09    0.09     
    Exporter::Lite        0.01    0.02     
    HTML::Entities        1.26    3.69     
    Scalar::Util          1.12    1.23     
    Test::More            0.47    0.98     
    Text::Tabs            98.1128 2009.0305

build_requires:

    Module                Need    Have     
    --------------------- ------- ---------
    ExtUtils::MakeMaker   0       6.61_01  


------------------------------
ENVIRONMENT AND OTHER CONTEXT
------------------------------

Environment variables:

    AUTOMATED_TESTING = 1
    LANG = en_US.UTF-8
    PATH = /usr/local/sbin:/usr/local/bin:/usr/sbin:/usr/bin:/sbin:/bin:/usr/games
    PERL5LIB = /home/perl5154/.cpan/build/Email-Find-0.10-Z_khMy/blib/arch:/home/perl5154/.cpan/build/Email-Find-0.10-Z_khMy/blib/lib:/home/perl5154/.cpan/build/MailTools-2.08-P9cock/blib/arch:/home/perl5154/.cpan/build/MailTools-2.08-P9cock/blib/lib:/home/perl5154/.cpan/build/Email-Valid-0.185-BmZIYS/blib/arch:/home/perl5154/.cpan/build/Email-Valid-0.185-BmZIYS/blib/lib:/home/perl5154/.cpan/build/Exporter-Lite-0.02-0ZfjNZ/blib/arch:/home/perl5154/.cpan/build/Exporter-Lite-0.02-0ZfjNZ/blib/lib:/home/perl5154/.cpan/build/TimeDate-1.20-618NgP/blib/arch:/home/perl5154/.cpan/build/TimeDate-1.20-618NgP/blib/lib:/home/perl5154/.cpan/build/Template-Toolkit-2.22-wCxlN9/blib/arch:/home/perl5154/.cpan/build/Template-Toolkit-2.22-wCxlN9/blib/lib:/home/perl5154/.cpan/build/AppConfig-1.66-HiVdXC/blib/arch:/home/perl5154/.cpan/build/AppConfig-1.66-HiVdXC/blib/lib:/home/perl5154/.cpan/build/Locale-Maketext-Lexicon-0.91-EGBD0A/blib/arch:/home/perl5154/.cpan/build/Locale-Maketext-Lexicon-0.91-EGBD0A/blib/lib:/home/perl5154/.cpan/build/HTML-FromANSI-2.03-mrR7IW/blib/arch:/home/perl5154/.cpan/build/HTML-FromANSI-2.03-mrR7IW/blib/lib:/home/perl5154/.cpan/build/Term-VT102-Boundless-0.04-sdSz73/blib/arch:/home/perl5154/.cpan/build/Term-VT102-Boundless-0.04-sdSz73/blib/lib:/home/perl5154/.cpan/build/Test-use-ok-0.02-hzCeGF/blib/arch:/home/perl5154/.cpan/build/Test-use-ok-0.02-hzCeGF/blib/lib:/home/perl5154/.cpan/build/Term-VT102-0.91-bNj7uK/blib/arch:/home/perl5154/.cpan/build/Term-VT102-0.91-bNj7uK/blib/lib
    PERL5OPT = 
    PERL5_CPANPLUS_IS_RUNNING = 19130
    PERL5_CPAN_IS_RUNNING = 19130
    PERL5_CPAN_IS_RUNNING_IN_RECURSION = 18082,19130
    PERL_CR_SMOKER_CURRENT = Slash-OurNet-1.41
    PERL_EXTUTILS_AUTOINSTALL = --defaultdeps
    PERL_MM_USE_DEFAULT = 1
    SHELL = /bin/bash
    TERM = xterm

Perl special variables (and OS-specific diagnostics, for MSWin32):

    $^X = /home/perl5154/perl/perl
    $UID/$EUID = 1012 / 1012
    $GID = 1016 1016
    $EGID = 1016 1016

Perl module toolchain versions installed:

    Module              Have    
    ------------------- --------
    CPAN                1.9800  
    CPAN::Meta          2.112621
    Cwd                 3.37    
    ExtUtils::CBuilder  0.280204
    ExtUtils::Command   1.17    
    ExtUtils::Install   1.57    
    ExtUtils::MakeMaker 6.61_01 
    ExtUtils::Manifest  1.60    
    ExtUtils::ParseXS   3.05    
    File::Spec          3.34    
    JSON                n/a     
    JSON::PP            2.27200 
    Module::Build       0.39_01 
    Module::Signature   n/a     
    Parse::CPAN::Meta   1.4401  
    Test::Harness       3.23    
    Test::More          0.98    
    YAML                0.77    
    YAML::Syck          n/a     
    version             0.93    


--

Summary of my perl5 (revision 5 version 15 subversion 4) configuration:
   
  Platform:
    osname=linux, osvers=2.6.35-28-generic-pae, archname=i686-linux-thread-multi-64int-ld
    uname='linux higgsboson 2.6.35-28-generic-pae #49-ubuntu smp tue mar 1 14:58:06 utc 2011 i686 gnulinux '
    config_args=''
    hint=previous, useposix=true, d_sigaction=define
    useithreads=define, usemultiplicity=define
    useperlio=define, d_sfio=undef, uselargefiles=define, usesocks=undef
    use64bitint=define, use64bitall=undef, uselongdouble=define
    usemymalloc=n, bincompat5005=undef
  Compiler:
    cc='cc', ccflags ='-D_REENTRANT -D_GNU_SOURCE -fno-strict-aliasing -pipe -fstack-protector -I/usr/local/include -D_LARGEFILE_SOURCE -D_FILE_OFFSET_BITS=64',
    optimize='-O2',
    cppflags='-D_REENTRANT -D_GNU_SOURCE -fno-strict-aliasing -pipe -fstack-protector -I/usr/local/include -D_REENTRANT -D_GNU_SOURCE -fno-strict-aliasing -pipe -fstack-protector -I/usr/local/include -D_LARGEFILE_SOURCE -D_FILE_OFFSET_BITS=64 -D_REENTRANT -D_GNU_SOURCE -fno-strict-aliasing -pipe -fstack-protector -I/usr/local/include -D_LARGEFILE_SOURCE -D_FILE_OFFSET_BITS=64 -D_REENTRANT -D_GNU_SOURCE -fno-strict-aliasing -pipe -fstack-protector -I/usr/local/include -D_LARGEFILE_SOURCE -D_FILE_OFFSET_BITS=64'
    ccversion='', gccversion='4.5.2', gccosandvers=''
    intsize=4, longsize=4, ptrsize=4, doublesize=8, byteorder=12345678
    d_longlong=define, longlongsize=8, d_longdbl=define, longdblsize=12
    ivtype='long long', ivsize=8, nvtype='long double', nvsize=12, Off_t='off_t', lseeksize=8
    alignbytes=4, prototype=define
  Linker and Libraries:
    ld='cc', ldflags =' -fstack-protector -L/usr/local/lib'
    libpth=/usr/local/lib /lib /usr/lib /usr/lib64
    libs=-lnsl -ldl -lm -lcrypt -lutil -lpthread -lc -lrt
    perllibs=-lnsl -ldl -lm -lcrypt -lutil -lpthread -lc -lrt
    libc=/lib/libc-2.12.1.so, so=so, useshrplib=false, libperl=libperl.a
    gnulibc_version='2.13'
  Dynamic Linking:
    dlsrc=dl_dlopen.xs, dlext=so, d_dlsymun=undef, ccdlflags='-Wl,-E'
    cccdlflags='-fPIC', lddlflags='-shared -O2 -L/usr/local/lib -fstack-protector'


Characteristics of this binary (from libperl): 
  Compile-time options: HAS_TIMES MULTIPLICITY PERLIO_LAYERS
                        PERL_DONT_CREATE_GVSV PERL_IMPLICIT_CONTEXT
                        PERL_MALLOC_WRAP PERL_PRESERVE_IVUV USE_64_BIT_INT
                        USE_ITHREADS USE_LARGE_FILES USE_LOCALE
                        USE_LOCALE_COLLATE USE_LOCALE_CTYPE
                        USE_LOCALE_NUMERIC USE_LONG_DOUBLE USE_PERLIO
                        USE_PERL_ATOF USE_REENTRANT_API
  Built under linux
  Compiled at Oct 30 2011 11:16:52
  %ENV:
    PERL5LIB="/home/perl5154/.cpan/build/Email-Find-0.10-Z_khMy/blib/arch:/home/perl5154/.cpan/build/Email-Find-0.10-Z_khMy/blib/lib:/home/perl5154/.cpan/build/MailTools-2.08-P9cock/blib/arch:/home/perl5154/.cpan/build/MailTools-2.08-P9cock/blib/lib:/home/perl5154/.cpan/build/Email-Valid-0.185-BmZIYS/blib/arch:/home/perl5154/.cpan/build/Email-Valid-0.185-BmZIYS/blib/lib:/home/perl5154/.cpan/build/Exporter-Lite-0.02-0ZfjNZ/blib/arch:/home/perl5154/.cpan/build/Exporter-Lite-0.02-0ZfjNZ/blib/lib:/home/perl5154/.cpan/build/TimeDate-1.20-618NgP/blib/arch:/home/perl5154/.cpan/build/TimeDate-1.20-618NgP/blib/lib:/home/perl5154/.cpan/build/Template-Toolkit-2.22-wCxlN9/blib/arch:/home/perl5154/.cpan/build/Template-Toolkit-2.22-wCxlN9/blib/lib:/home/perl5154/.cpan/build/AppConfig-1.66-HiVdXC/blib/arch:/home/perl5154/.cpan/build/AppConfig-1.66-HiVdXC/blib/lib:/home/perl5154/.cpan/build/Locale-Maketext-Lexicon-0.91-EGBD0A/blib/arch:/home/perl5154/.cpan/build/Locale-Maketext-Lexicon-0.91-EGBD0A/blib/lib:/home/perl5154/.cpan/build/HTML-FromANSI-2.03-mrR7IW/blib/arch:/home/perl5154/.cpan/build/HTML-FromANSI-2.03-mrR7IW/blib/lib:/home/perl5154/.cpan/build/Term-VT102-Boundless-0.04-sdSz73/blib/arch:/home/perl5154/.cpan/build/Term-VT102-Boundless-0.04-sdSz73/blib/lib:/home/perl5154/.cpan/build/Test-use-ok-0.02-hzCeGF/blib/arch:/home/perl5154/.cpan/build/Test-use-ok-0.02-hzCeGF/blib/lib:/home/perl5154/.cpan/build/Term-VT102-0.91-bNj7uK/blib/arch:/home/perl5154/.cpan/build/Term-VT102-0.91-bNj7uK/blib/lib"
    PERL5OPT=""
    PERL5_CPANPLUS_IS_RUNNING="19130"
    PERL5_CPAN_IS_RUNNING="19130"
    PERL5_CPAN_IS_RUNNING_IN_RECURSION="18082,19130"
    PERL_CR_SMOKER_CURRENT="Slash-OurNet-1.41"
    PERL_EXTUTILS_AUTOINSTALL="--defaultdeps"
    PERL_MM_USE_DEFAULT="1"
  @INC:
    /home/perl5154/.cpan/build/Email-Find-0.10-Z_khMy/blib/arch
    /home/perl5154/.cpan/build/Email-Find-0.10-Z_khMy/blib/lib
    /home/perl5154/.cpan/build/MailTools-2.08-P9cock/blib/arch
    /home/perl5154/.cpan/build/MailTools-2.08-P9cock/blib/lib
    /home/perl5154/.cpan/build/Email-Valid-0.185-BmZIYS/blib/arch
    /home/perl5154/.cpan/build/Email-Valid-0.185-BmZIYS/blib/lib
    /home/perl5154/.cpan/build/Exporter-Lite-0.02-0ZfjNZ/blib/arch
    /home/perl5154/.cpan/build/Exporter-Lite-0.02-0ZfjNZ/blib/lib
    /home/perl5154/.cpan/build/TimeDate-1.20-618NgP/blib/arch
    /home/perl5154/.cpan/build/TimeDate-1.20-618NgP/blib/lib
    /home/perl5154/.cpan/build/Template-Toolkit-2.22-wCxlN9/blib/arch
    /home/perl5154/.cpan/build/Template-Toolkit-2.22-wCxlN9/blib/lib
    /home/perl5154/.cpan/build/AppConfig-1.66-HiVdXC/blib/arch
    /home/perl5154/.cpan/build/AppConfig-1.66-HiVdXC/blib/lib
    /home/perl5154/.cpan/build/Locale-Maketext-Lexicon-0.91-EGBD0A/blib/arch
    /home/perl5154/.cpan/build/Locale-Maketext-Lexicon-0.91-EGBD0A/blib/lib
    /home/perl5154/.cpan/build/HTML-FromANSI-2.03-mrR7IW/blib/arch
    /home/perl5154/.cpan/build/HTML-FromANSI-2.03-mrR7IW/blib/lib
    /home/perl5154/.cpan/build/Term-VT102-Boundless-0.04-sdSz73/blib/arch
    /home/perl5154/.cpan/build/Term-VT102-Boundless-0.04-sdSz73/blib/lib
    /home/perl5154/.cpan/build/Test-use-ok-0.02-hzCeGF/blib/arch
    /home/perl5154/.cpan/build/Test-use-ok-0.02-hzCeGF/blib/lib
    /home/perl5154/.cpan/build/Term-VT102-0.91-bNj7uK/blib/arch
    /home/perl5154/.cpan/build/Term-VT102-0.91-bNj7uK/blib/lib
    /home/perl5154/perl/lib
    /home/perl5154/perl/lib
    .