Report for CatalystX-ExtJS-Direct-2.1.5

Back
From: metabase:user:6b7c0268-6bfa-1014-b492-d6f6123e60b2
Subject: FAIL CatalystX-ExtJS-Direct-2.1.5 v5.18.2 
Date: 2014-01-15T09:27:19Z

This distribution has been tested as part of the CPAN Testers
project, supporting the Perl programming language.  See
http://wiki.cpantesters.org/ for more information or email
questions to cpan-testers-discuss@perl.org


--
Dear Moritz Onken,

This is a computer-generated report for CatalystX-ExtJS-Direct-2.1.5
on perl 5.18.2, created by CPAN-Reporter-1.2010.

Thank you for uploading your work to CPAN.  However, there was a problem
testing your distribution.

If you think this report is invalid, please consult the CPAN Testers Wiki
for suggestions on how to avoid getting FAIL reports for missing library
or binary dependencies, unsupported operating systems, and so on:

http://wiki.cpantesters.org/wiki/CPANAuthorNotes

Sections of this report:

    * Tester comments
    * Program output
    * Prerequisites
    * Environment and other context

------------------------------
TESTER COMMENTS
------------------------------

Additional comments from tester:

this report is from an automated smoke testing program
and was not reviewed by a human for accuracy

------------------------------
PROGRAM OUTPUT
------------------------------

Output from 'C:\smoker\51821x64\perl\bin\perl.exe ./Build test':

# 
# 
# Generated by Dist::Zilla::Plugin::ReportVersions::Tiny v1.10
# perl: 5.018002 (wanted any version) on MSWin32 from C:\smoker\51821x64\perl\bin\perl.exe
# 
# Catalyst::Action::REST                        => 1.14       (want 0.88)   
# Catalyst::Action::RenderView                  => 0.16       (want any version)
# Catalyst::Runtime                             => 5.90053    (want 5.80024)
# JSON                                          => 2.90       (want any version)
# Module::Build                                 => 0.4204     (want 0.3601) 
# Moose                                         => 2.1201     (want 1.21)   
# Test::More                                    => 1.001002   (want 0.88)   
# Try::Tiny                                     => 0.18       (want any version)
# 
# Thanks for using my code.  I hope it works for you.
# If not, please try and include this output in the bug report.
# That will help me reproduce the issue and solve your problem.
# 
t/000-report-versions-tiny.t .. ok
Base class package "Catalyst::View::JSON" is empty.
    (Perhaps you need to 'use' the module which defines that package first,
    or make that module available in @INC (@INC contains: t/lib C:\smoker\51821x64\cpan\build\CatalystX-ExtJS-Direct-2.1.5-SKlAnp\blib\lib C:\smoker\51821x64\cpan\build\CatalystX-ExtJS-Direct-2.1.5-SKlAnp\blib\arch C:/smoker/51821x64/perl/site/lib C:/smoker/51821x64/perl/vendor/lib C:/smoker/51821x64/perl/lib .).
 at t/lib/MyApp/View/JSON.pm line 13.
BEGIN failed--compilation aborted at t/lib/MyApp/View/JSON.pm line 13.
Compilation failed in require at C:/smoker/51821x64/perl/site/lib/Catalyst/Utils.pm line 308.
Compilation failed in require at C:/smoker/51821x64/perl/site/lib/Test/WWW/Mechanize/Catalyst.pm line 245.
	Test::WWW::Mechanize::Catalyst::import("Test::WWW::Mechanize::Catalyst", "MyApp") called at t/api.t line 11
	main::BEGIN() called at t/api.t line 11
	eval {...} called at t/api.t line 11
BEGIN failed--compilation aborted at t/api.t line 11.
t/api.t ....................... 
Dubious, test returned 2 (wstat 512, 0x200)
No subtests run 
Base class package "Catalyst::View::JSON" is empty.
    (Perhaps you need to 'use' the module which defines that package first,
    or make that module available in @INC (@INC contains: t/lib C:\smoker\51821x64\cpan\build\CatalystX-ExtJS-Direct-2.1.5-SKlAnp\blib\lib C:\smoker\51821x64\cpan\build\CatalystX-ExtJS-Direct-2.1.5-SKlAnp\blib\arch C:/smoker/51821x64/perl/site/lib C:/smoker/51821x64/perl/vendor/lib C:/smoker/51821x64/perl/lib .).
 at t/lib/MyApp/View/JSON.pm line 13.
BEGIN failed--compilation aborted at t/lib/MyApp/View/JSON.pm line 13.
Compilation failed in require at C:/smoker/51821x64/perl/site/lib/Catalyst/Utils.pm line 308.
Compilation failed in require at C:/smoker/51821x64/perl/site/lib/Test/WWW/Mechanize/Catalyst.pm line 245.
	Test::WWW::Mechanize::Catalyst::import("Test::WWW::Mechanize::Catalyst", "MyApp") called at t/exception.t line 11
	main::BEGIN() called at t/exception.t line 11
	eval {...} called at t/exception.t line 11
BEGIN failed--compilation aborted at t/exception.t line 11.
t/exception.t ................. 
Dubious, test returned 2 (wstat 512, 0x200)
No subtests run 
Base class package "Catalyst::View::JSON" is empty.
    (Perhaps you need to 'use' the module which defines that package first,
    or make that module available in @INC (@INC contains: t/lib C:\smoker\51821x64\cpan\build\CatalystX-ExtJS-Direct-2.1.5-SKlAnp\blib\lib C:\smoker\51821x64\cpan\build\CatalystX-ExtJS-Direct-2.1.5-SKlAnp\blib\arch C:/smoker/51821x64/perl/site/lib C:/smoker/51821x64/perl/vendor/lib C:/smoker/51821x64/perl/lib .).
 at t/lib/MyApp/View/JSON.pm line 13.
BEGIN failed--compilation aborted at t/lib/MyApp/View/JSON.pm line 13.
Compilation failed in require at C:/smoker/51821x64/perl/site/lib/Catalyst/Utils.pm line 308.
Compilation failed in require at C:/smoker/51821x64/perl/site/lib/Test/WWW/Mechanize/Catalyst.pm line 245.
	Test::WWW::Mechanize::Catalyst::import("Test::WWW::Mechanize::Catalyst", "MyApp") called at t/json.t line 11
	main::BEGIN() called at t/json.t line 11
	eval {...} called at t/json.t line 11
BEGIN failed--compilation aborted at t/json.t line 11.
t/json.t ...................... 
Dubious, test returned 2 (wstat 512, 0x200)
No subtests run 
Base class package "Catalyst::View::JSON" is empty.
    (Perhaps you need to 'use' the module which defines that package first,
    or make that module available in @INC (@INC contains: t/lib C:\smoker\51821x64\cpan\build\CatalystX-ExtJS-Direct-2.1.5-SKlAnp\blib\lib C:\smoker\51821x64\cpan\build\CatalystX-ExtJS-Direct-2.1.5-SKlAnp\blib\arch C:/smoker/51821x64/perl/site/lib C:/smoker/51821x64/perl/vendor/lib C:/smoker/51821x64/perl/lib .).
 at t/lib/MyApp/View/JSON.pm line 13.
BEGIN failed--compilation aborted at t/lib/MyApp/View/JSON.pm line 13.
Compilation failed in require at C:/smoker/51821x64/perl/site/lib/Catalyst/Utils.pm line 308.
Compilation failed in require at C:/smoker/51821x64/perl/site/lib/Test/WWW/Mechanize/Catalyst.pm line 245.
	Test::WWW::Mechanize::Catalyst::import("Test::WWW::Mechanize::Catalyst", "MyApp") called at t/router.t line 11
	main::BEGIN() called at t/router.t line 11
	eval {...} called at t/router.t line 11
BEGIN failed--compilation aborted at t/router.t line 11.
t/router.t .................... 
Dubious, test returned 2 (wstat 512, 0x200)
No subtests run 
Base class package "Catalyst::View::JSON" is empty.
    (Perhaps you need to 'use' the module which defines that package first,
    or make that module available in @INC (@INC contains: t/lib C:\smoker\51821x64\cpan\build\CatalystX-ExtJS-Direct-2.1.5-SKlAnp\blib\lib C:\smoker\51821x64\cpan\build\CatalystX-ExtJS-Direct-2.1.5-SKlAnp\blib\arch C:/smoker/51821x64/perl/site/lib C:/smoker/51821x64/perl/vendor/lib C:/smoker/51821x64/perl/lib .).
 at t/lib/MyApp/View/JSON.pm line 13.
BEGIN failed--compilation aborted at t/lib/MyApp/View/JSON.pm line 13.
Compilation failed in require at C:/smoker/51821x64/perl/site/lib/Catalyst/Utils.pm line 308.
Compilation failed in require at C:/smoker/51821x64/perl/site/lib/Test/WWW/Mechanize/Catalyst.pm line 245.
	Test::WWW::Mechanize::Catalyst::import("Test::WWW::Mechanize::Catalyst", "MyApp") called at t/synopsis.t line 11
	main::BEGIN() called at t/synopsis.t line 11
	eval {...} called at t/synopsis.t line 11
BEGIN failed--compilation aborted at t/synopsis.t line 11.
t/synopsis.t .................. 
Dubious, test returned 2 (wstat 512, 0x200)
No subtests run 

Test Summary Report
-------------------
t/api.t                     (Wstat: 512 Tests: 0 Failed: 0)
  Non-zero exit status: 2
  Parse errors: No plan found in TAP output
t/exception.t               (Wstat: 512 Tests: 0 Failed: 0)
  Non-zero exit status: 2
  Parse errors: No plan found in TAP output
t/json.t                    (Wstat: 512 Tests: 0 Failed: 0)
  Non-zero exit status: 2
  Parse errors: No plan found in TAP output
t/router.t                  (Wstat: 512 Tests: 0 Failed: 0)
  Non-zero exit status: 2
  Parse errors: No plan found in TAP output
t/synopsis.t                (Wstat: 512 Tests: 0 Failed: 0)
  Non-zero exit status: 2
  Parse errors: No plan found in TAP output
Files=6, Tests=1, 18 wallclock secs ( 0.19 usr +  0.02 sys =  0.20 CPU)
Result: FAIL
Failed 5/6 test programs. 0/1 subtests failed.

------------------------------
PREREQUISITES
------------------------------

Prerequisite modules loaded:

requires:

    Module                       Need    Have    
    ---------------------------- ------- --------
    Catalyst::Action::RenderView 0       0.16    
    Catalyst::Action::REST       0.88    1.14    
    Catalyst::Runtime            5.80024 5.90053 
    JSON                         0       2.90    
    Moose                        1.21    2.1201  
    Try::Tiny                    0       0.18    

build_requires:

    Module                       Need    Have    
    ---------------------------- ------- --------
    Module::Build                0.3601  0.4204  
    Test::More                   0.88    1.001002

configure_requires:

    Module                       Need    Have    
    ---------------------------- ------- --------
    Module::Build                0.3601  0.4204  


------------------------------
ENVIRONMENT AND OTHER CONTEXT
------------------------------

Environment variables:

    AUTOMATED_TESTING = 1
    COMSPEC = C:\Windows\system32\cmd.exe
    NUMBER_OF_PROCESSORS = 3
    PATH = C:\smoker\51821x64\perl\site\bin;C:\smoker\51821x64\perl\bin;C:\smoker\51821x64\c\bin;C:\Windows\system32;C:\Windows;C:\Windows\System32\Wbem
    PERL5LIB = 
    PERL5OPT = 
    PERL5_CPANPLUS_IS_RUNNING = 3848
    PERL5_CPAN_IS_RUNNING = 3848
    PERL5_CPAN_IS_RUNNING_IN_RECURSION = 2328,3848
    PERL_CR_SMOKER_CURRENT = CatalystX-ExtJS-Direct-2.1.5
    PERL_EXTUTILS_AUTOINSTALL = --defaultdeps
    PERL_MM_USE_DEFAULT = 1
    PROCESSOR_IDENTIFIER = Intel64 Family 6 Model 13 Stepping 3, GenuineIntel
    TEMP = C:\Users\smoker\AppData\Local\Temp\2

Perl special variables (and OS-specific diagnostics, for MSWin32):

    $^X = C:\smoker\51821x64\perl\bin\perl.exe
    $UID/$EUID = 0 / 0
    $GID = 0
    $EGID = 0
    Win32::GetOSName = Win2012
    Win32::GetOSVersion = , 6, 2, 9200, 2, 0, 0, 400, 3
    Win32::FsType = NTFS
    Win32::IsAdminUser = 0

Perl module toolchain versions installed:

    Module              Have    
    ------------------- --------
    CPAN                2.00    
    CPAN::Meta          2.133380
    Cwd                 3.40    
    ExtUtils::CBuilder  0.280212
    ExtUtils::Command   1.18    
    ExtUtils::Install   1.59    
    ExtUtils::MakeMaker 6.87_01 
    ExtUtils::Manifest  1.63    
    ExtUtils::ParseXS   3.22    
    File::Spec          3.40    
    JSON                2.90    
    JSON::PP            2.27203 
    Module::Build       0.4204  
    Module::Signature   n/a     
    Parse::CPAN::Meta   1.4409  
    Test::Harness       3.30    
    Test::More          1.001002
    YAML                0.88    
    YAML::Syck          n/a     
    version             0.9904  


--

Summary of my perl5 (revision 5 version 18 subversion 2) configuration:
   
  Platform:
    osname=MSWin32, osvers=6.2, archname=MSWin32-x64-multi-thread
    uname='Win32 strawberry-perl 5.18.2.1 #1 Tue Jan  7 22:32:35 2014 x64'
    config_args='undef'
    hint=recommended, useposix=true, d_sigaction=undef
    useithreads=define, usemultiplicity=define
    useperlio=define, d_sfio=undef, uselargefiles=define, usesocks=undef
    use64bitint=define, use64bitall=undef, uselongdouble=undef
    usemymalloc=n, bincompat5005=undef
  Compiler:
    cc='gcc', ccflags =' -s -O2 -DWIN32 -DWIN64 -DCONSERVATIVE  -DPERL_TEXTMODE_SCRIPTS -DPERL_IMPLICIT_CONTEXT -DPERL_IMPLICIT_SYS -DUSE_PERLIO -fno-strict-aliasing -mms-bitfields',
    optimize='-s -O2',
    cppflags='-DWIN32'
    ccversion='', gccversion='4.7.3', gccosandvers=''
    intsize=4, longsize=4, ptrsize=8, doublesize=8, byteorder=12345678
    d_longlong=define, longlongsize=8, d_longdbl=define, longdblsize=12
    ivtype='long long', ivsize=8, nvtype='double', nvsize=8, Off_t='long long', lseeksize=8
    alignbytes=8, prototype=define
  Linker and Libraries:
    ld='g++', ldflags ='-s -L"C:\smoker\51821x64\perl\lib\CORE" -L"C:\smoker\51821x64\c\lib"'
    libpth=C:\smoker\51821x64\c\lib C:\smoker\51821x64\c\x86_64-w64-mingw32\lib C:\smoker\51821x64\c\lib\gcc\x86_64-w64-mingw32\4.7.3
    libs=-lmoldname -lkernel32 -luser32 -lgdi32 -lwinspool -lcomdlg32 -ladvapi32 -lshell32 -lole32 -loleaut32 -lnetapi32 -luuid -lws2_32 -lmpr -lwinmm -lversion -lodbc32 -lodbccp32 -lcomctl32
    perllibs=-lmoldname -lkernel32 -luser32 -lgdi32 -lwinspool -lcomdlg32 -ladvapi32 -lshell32 -lole32 -loleaut32 -lnetapi32 -luuid -lws2_32 -lmpr -lwinmm -lversion -lodbc32 -lodbccp32 -lcomctl32
    libc=, so=dll, useshrplib=true, libperl=libperl518.a
    gnulibc_version=''
  Dynamic Linking:
    dlsrc=dl_win32.xs, dlext=dll, d_dlsymun=undef, ccdlflags=' '
    cccdlflags=' ', lddlflags='-mdll -s -L"C:\smoker\51821x64\perl\lib\CORE" -L"C:\smoker\51821x64\c\lib"'


Characteristics of this binary (from libperl): 
  Compile-time options: HAS_TIMES HAVE_INTERP_INTERN MULTIPLICITY
                        PERLIO_LAYERS PERL_DONT_CREATE_GVSV
                        PERL_HASH_FUNC_ONE_AT_A_TIME_HARD
                        PERL_IMPLICIT_CONTEXT PERL_IMPLICIT_SYS
                        PERL_MALLOC_WRAP PERL_PRESERVE_IVUV PERL_SAWAMPERSAND
                        USE_64_BIT_INT USE_ITHREADS USE_LARGE_FILES
                        USE_LOCALE USE_LOCALE_COLLATE USE_LOCALE_CTYPE
                        USE_LOCALE_NUMERIC USE_PERLIO USE_PERL_ATOF
  Built under MSWin32
  Compiled at Jan  7 2014 22:40:30
  %ENV:
    PERL5_CPANPLUS_IS_RUNNING="3848"
    PERL5_CPAN_IS_RUNNING="3848"
    PERL5_CPAN_IS_RUNNING_IN_RECURSION="2328,3848"
    PERL_CR_SMOKER_CURRENT="CatalystX-ExtJS-Direct-2.1.5"
    PERL_EXTUTILS_AUTOINSTALL="--defaultdeps"
    PERL_MM_USE_DEFAULT="1"
  @INC:
    C:/smoker/51821x64/perl/site/lib
    C:/smoker/51821x64/perl/vendor/lib
    C:/smoker/51821x64/perl/lib
    .