Mojolicious-Plugin-ConfigAny v0.1.3 Perl 5 v5.22.2 x86_64-linux-thread-multi

Status
Fail
From
Slaven Rezić (SREZIC)
Dist
Mojolicious-Plugin-ConfigAny v0.1.3
Platform
Perl 5 v5.22.2 x86_64-linux-thread-multi
Date
2018-11-04 05:03:16
ID
f06d4396-dfee-11e8-b59c-dd3fe13bcb7c
This distribution has been tested as part of the CPAN Testers
project, supporting the Perl programming language.  See
http://wiki.cpantesters.org/ for more information or email
questions to cpan-testers-discuss@perl.org


--
Dear Huo Linhe,

This is a computer-generated report for Mojolicious-Plugin-ConfigAny-0.1.3
on perl 5.22.2, created by CPAN-Reporter-1.2018.

Thank you for uploading your work to CPAN.  However, there was a problem
testing your distribution.

If you think this report is invalid, please consult the CPAN Testers Wiki
for suggestions on how to avoid getting FAIL reports for missing library
or binary dependencies, unsupported operating systems, and so on:

http://wiki.cpantesters.org/wiki/CPANAuthorNotes

Sections of this report:

    * Tester comments
    * Program output
    * Prerequisites
    * Environment and other context

------------------------------
TESTER COMMENTS
------------------------------

Additional comments from tester:

none provided

------------------------------
PROGRAM OUTPUT
------------------------------

Output from './Build test':

t/01-podsyntax.t ..................... ok
t/02-podcoverage.t ................... ok

#   Failed test 'Got config dirs'
#   at t/90-mojolicious-plugin-configany.t line 13.
#          got: '2'
#     expected: '1'

#   Failed test 'Got config files'
#   at t/90-mojolicious-plugin-configany.t line 17.
#          got: '4'
#     expected: '2'
# Looks like you failed 2 tests of 4.
t/90-mojolicious-plugin-configany.t .. 
Dubious, test returned 2 (wstat 512, 0x200)
Failed 2/4 subtests 

Test Summary Report
-------------------
t/90-mojolicious-plugin-configany.t (Wstat: 512 Tests: 4 Failed: 2)
  Failed tests:  2-3
  Non-zero exit status: 2
Files=3, Tests=6,  0 wallclock secs ( 0.01 usr  0.02 sys +  0.30 cusr  0.06 csys =  0.39 CPU)
Result: FAIL
Failed 1/3 test programs. 2/6 subtests failed.

------------------------------
PREREQUISITES
------------------------------

Prerequisite modules loaded:

requires:

    Module              Need Have      
    ------------------- ---- ----------
    Config::Any         0    0.32      
    File::ConfigDir     0    0.021     
    IO::All             0    0.86      
    Mojo::Base          0    0         

build_requires:

    Module              Need Have      
    ------------------- ---- ----------
    Config::Any         0    0.32      
    Modern::Perl        0    1.20181021
    Module::Build       0.28 0.4224    
    Mojolicious::Lite   0    0         
    Test::Mojo          0    0         
    Test::More          0    1.302086  
    Test::Pod           0    1.51      
    Test::Pod::Coverage 1.00 1.10      
    YAML                0    1.23      

configure_requires:

    Module              Need Have      
    ------------------- ---- ----------
    Module::Build       0.28 0.4224    


------------------------------
ENVIRONMENT AND OTHER CONTEXT
------------------------------

Environment variables:

    LANG = en_US.UTF-8
    PATH = /usr/local/bin:/usr/bin:/bin:/usr/local/sbin:/usr/sbin:/sbin:/home/cpansand/bin/linux-gnu:/home/cpansand/bin/sh:/home/cpansand/bin:/usr/games:/home/cpansand/devel:/home/eserte/src/srezic-misc/scripts
    PERL5LIB = /home/cpansand/.cpan/build/2018110405/List-MoreUtils-XS-0.428-VfllsK/blib/arch:/home/cpansand/.cpan/build/2018110405/List-MoreUtils-XS-0.428-VfllsK/blib/lib:/home/cpansand/.cpan/build/2018110405/XSLoader-0.24-cSBQGn/blib/arch:/home/cpansand/.cpan/build/2018110405/XSLoader-0.24-cSBQGn/blib/lib:/home/cpansand/.cpan/build/2018110405/File-ConfigDir-0.021-0zs2wJ/blib/arch:/home/cpansand/.cpan/build/2018110405/File-ConfigDir-0.021-0zs2wJ/blib/lib:/home/cpansand/.cpan/build/2018110405/Modern-Perl-1.20181021-SPuWTb/blib/arch:/home/cpansand/.cpan/build/2018110405/Modern-Perl-1.20181021-SPuWTb/blib/lib
    PERL5OPT = 
    PERL5_CPANPLUS_IS_RUNNING = 20337
    PERL5_CPAN_IS_RUNNING = 20337
    PERL5_CPAN_IS_RUNNING_IN_RECURSION = 3716,20337
    PERLDOC = -MPod::Perldoc::ToTextOverstrike
    PERL_BATCH = yes
    PERL_CANARY_STABILITY_NOPROMPT = 1
    PERL_CPAN_REPORTER_CONFIG = /var/tmp/cpansmoker-1023/2018110316/cpanreporter_000_config.ini
    PERL_EXTUTILS_AUTOINSTALL = --defaultdeps
    SHELL = /usr/bin/zsh
    TERM = screen
    TMPDIR = /var/tmp/cpansmoker-1023/2018110316

Perl special variables (and OS-specific diagnostics, for MSWin32):

    $^X = /opt/perl-5.22.2t/bin/perl
    $UID/$EUID = 1023 / 1023
    $GID = 1023 1023
    $EGID = 1023 1023

Perl module toolchain versions installed:

    Module              Have    
    ------------------- --------
    CPAN                2.11    
    CPAN::Meta          2.150001
    Cwd                 3.56_01 
    ExtUtils::CBuilder  0.280221
    ExtUtils::Command   1.20    
    ExtUtils::Install   2.04    
    ExtUtils::MakeMaker 7.04_01 
    ExtUtils::Manifest  1.70    
    ExtUtils::ParseXS   3.28    
    File::Spec          3.56_01 
    JSON                2.94    
    JSON::PP            2.27300 
    Module::Build       0.4224  
    Module::Signature   0.81    
    Parse::CPAN::Meta   1.4414  
    Test::Harness       3.35    
    Test::More          1.302086
    YAML                1.23    
    YAML::Syck          1.30    
    version             0.9909  


--

Summary of my perl5 (revision 5 version 22 subversion 2) configuration:
   
  Platform:
    osname=linux, osvers=4.4.0-81-generic, archname=x86_64-linux-thread-multi
    uname='linux ubuntu16 4.4.0-81-generic #104-ubuntu smp wed jun 14 08:17:06 utc 2017 x86_64 x86_64 x86_64 gnulinux '
    config_args='-ds -e -Dprefix=/opt/perl-5.22.2t -Dusethreads -Dcf_email=srezic@cpan.org'
    hint=recommended, useposix=true, d_sigaction=define
    useithreads=define, usemultiplicity=define
    use64bitint=define, use64bitall=define, uselongdouble=undef
    usemymalloc=n, bincompat5005=undef
  Compiler:
    cc='cc', ccflags ='-D_REENTRANT -D_GNU_SOURCE -fwrapv -fno-strict-aliasing -pipe -fstack-protector-strong -I/usr/local/include -D_LARGEFILE_SOURCE -D_FILE_OFFSET_BITS=64',
    optimize='-O2',
    cppflags='-D_REENTRANT -D_GNU_SOURCE -fwrapv -fno-strict-aliasing -pipe -fstack-protector-strong -I/usr/local/include'
    ccversion='', gccversion='5.4.0 20160609', gccosandvers=''
    intsize=4, longsize=8, ptrsize=8, doublesize=8, byteorder=12345678, doublekind=3
    d_longlong=define, longlongsize=8, d_longdbl=define, longdblsize=16, longdblkind=3
    ivtype='long', ivsize=8, nvtype='double', nvsize=8, Off_t='off_t', lseeksize=8
    alignbytes=8, prototype=define
  Linker and Libraries:
    ld='cc', ldflags =' -fstack-protector-strong -L/usr/local/lib'
    libpth=/usr/local/lib /usr/lib/gcc/x86_64-linux-gnu/5/include-fixed /usr/include/x86_64-linux-gnu /usr/lib /lib/x86_64-linux-gnu /lib/../lib /usr/lib/x86_64-linux-gnu /usr/lib/../lib /lib
    libs=-lpthread -lnsl -lgdbm -ldb -ldl -lm -lcrypt -lutil -lc -lgdbm_compat
    perllibs=-lpthread -lnsl -ldl -lm -lcrypt -lutil -lc
    libc=libc-2.23.so, so=so, useshrplib=false, libperl=libperl.a
    gnulibc_version='2.23'
  Dynamic Linking:
    dlsrc=dl_dlopen.xs, dlext=so, d_dlsymun=undef, ccdlflags='-Wl,-E'
    cccdlflags='-fPIC', lddlflags='-shared -O2 -L/usr/local/lib -fstack-protector-strong'


Characteristics of this binary (from libperl): 
  Compile-time options: HAS_TIMES MULTIPLICITY PERLIO_LAYERS
                        PERL_DONT_CREATE_GVSV
                        PERL_HASH_FUNC_ONE_AT_A_TIME_HARD
                        PERL_IMPLICIT_CONTEXT PERL_MALLOC_WRAP
                        PERL_NEW_COPY_ON_WRITE PERL_PRESERVE_IVUV
                        USE_64_BIT_ALL USE_64_BIT_INT USE_ITHREADS
                        USE_LARGE_FILES USE_LOCALE USE_LOCALE_COLLATE
                        USE_LOCALE_CTYPE USE_LOCALE_NUMERIC USE_LOCALE_TIME
                        USE_PERLIO USE_PERL_ATOF USE_REENTRANT_API
  Built under linux
  Compiled at Jun 27 2017 20:04:14
  %ENV:
    PERL5LIB="/home/cpansand/.cpan/build/2018110405/List-MoreUtils-XS-0.428-VfllsK/blib/arch:/home/cpansand/.cpan/build/2018110405/List-MoreUtils-XS-0.428-VfllsK/blib/lib:/home/cpansand/.cpan/build/2018110405/XSLoader-0.24-cSBQGn/blib/arch:/home/cpansand/.cpan/build/2018110405/XSLoader-0.24-cSBQGn/blib/lib:/home/cpansand/.cpan/build/2018110405/File-ConfigDir-0.021-0zs2wJ/blib/arch:/home/cpansand/.cpan/build/2018110405/File-ConfigDir-0.021-0zs2wJ/blib/lib:/home/cpansand/.cpan/build/2018110405/Modern-Perl-1.20181021-SPuWTb/blib/arch:/home/cpansand/.cpan/build/2018110405/Modern-Perl-1.20181021-SPuWTb/blib/lib"
    PERL5OPT=""
    PERL5_CPANPLUS_IS_RUNNING="20337"
    PERL5_CPAN_IS_RUNNING="20337"
    PERL5_CPAN_IS_RUNNING_IN_RECURSION="3716,20337"
    PERLDOC="-MPod::Perldoc::ToTextOverstrike"
    PERL_BATCH="yes"
    PERL_CANARY_STABILITY_NOPROMPT="1"
    PERL_CPAN_REPORTER_CONFIG="/var/tmp/cpansmoker-1023/2018110316/cpanreporter_000_config.ini"
    PERL_EXTUTILS_AUTOINSTALL="--defaultdeps"
  @INC:
    /home/cpansand/.cpan/build/2018110405/List-MoreUtils-XS-0.428-VfllsK/blib/arch
    /home/cpansand/.cpan/build/2018110405/List-MoreUtils-XS-0.428-VfllsK/blib/lib
    /home/cpansand/.cpan/build/2018110405/XSLoader-0.24-cSBQGn/blib/arch
    /home/cpansand/.cpan/build/2018110405/XSLoader-0.24-cSBQGn/blib/lib
    /home/cpansand/.cpan/build/2018110405/File-ConfigDir-0.021-0zs2wJ/blib/arch
    /home/cpansand/.cpan/build/2018110405/File-ConfigDir-0.021-0zs2wJ/blib/lib
    /home/cpansand/.cpan/build/2018110405/Modern-Perl-1.20181021-SPuWTb/blib/arch
    /home/cpansand/.cpan/build/2018110405/Modern-Perl-1.20181021-SPuWTb/blib/lib
    /opt/perl-5.22.2t/lib/site_perl/5.22.2/x86_64-linux-thread-multi
    /opt/perl-5.22.2t/lib/site_perl/5.22.2
    /opt/perl-5.22.2t/lib/5.22.2/x86_64-linux-thread-multi
    /opt/perl-5.22.2t/lib/5.22.2
    .